INSERT INTO `activity_log` (`id`, `log_name`, `description`, `subject_type`, `subject_id`, `event`, `causer_type`, `causer_id`, `properties`, `batch_uuid`, `created_at`, `updated_at`) VALUES
(619, 'lunar', 'updated', 'Lunar\\Models\\Product', 13, 'updated', NULL, NULL, '{\"old\": {\"id\": null, \"views\": null, \"status\": null, \"brand_id\": null, \"created_at\": null, \"deleted_at\": null, \"attribute_data\": null, \"product_type_id\": null}, \"attributes\": {\"id\": 13, \"views\": 31, \"status\": \"published\", \"brand_id\": 1, \"created_at\": \"2023-08-02T18:03:19.000000Z\", \"deleted_at\": null, \"attribute_data\": {\"name\": {\"en\": \"Atikessi\", \"fr\": \"Atikessi\"}, \"composition\": {\"en\": \"<p>Dried plants and flowers of Securinega Cassia alata, Lippia Multifora, Curcuma longa.</p>\", \"fr\": \"<p><span style=\\\"color: rgb(74, 61, 54);\\\">Plantes et fleurs séchées de Securinega Cassia alata, Lippia Multifora, Curcuma longa.</span></p>\"}, \"description\": {\"en\": \"<p>Cardboard cartridge of 20 sachets/2.5g.</p>\", \"fr\": \"<p><span style=\\\"color: rgb(74, 61, 54);\\\">Cartouche cartonnée de 20 sachets/2,5g.</span></p>\"}, \"other_details\": {\"en\": \"<p><strong>Pharmacological properties:</strong></p><p>- Inhibits the development of plasmodium falciparum;</p><p>- Antipyretic;</p><p>- Antimicrobial (staphylococcus aureus intestinal germ).</p><p><strong>Instructions for use and dosage:</strong></p><p>Put 01 sachet in a glass of hot water (250 ml).</p><p>Leave to infuse for 10 to 15 minutes then taste morning, noon and evening, until the total disappearance of the symptoms.</p><p><strong>Directions</strong></p><p>Malaria, Fever. Indicated to effectively treat malaria in children and the elderly.</p>\", \"fr\": \"<p><strong style=\\\"color: rgb(54, 54, 54);\\\">Propriétés pharmacologiques :</strong></p><p><span style=\\\"color: rgb(74, 61, 54);\\\">- Inhibe le développement du plasmodium falciparum ;</span></p><p><span style=\\\"color: rgb(74, 61, 54);\\\">- Antipyrétique ;</span></p><p><span style=\\\"color: rgb(74, 61, 54);\\\">- Antimicrobien (germe intestinal staphylocoque doré).</span></p><p><strong style=\\\"color: rgb(54, 54, 54);\\\">Mode d\'emploi et posologie :</strong></p><p><span style=\\\"color: rgb(74, 61, 54);\\\">Mettre 01 sachet dans un verre d\'eau chaude (250 ml).&nbsp;</span></p><p><span style=\\\"color: rgb(74, 61, 54);\\\">Laissez infuser pendant 10 à 15 minutes puis déguster matin, midi et soir, jusqu\'à la disparition totale des symptômes.</span></p><p><strong style=\\\"color: rgb(74, 61, 54);\\\">Indications</strong></p><p><span style=\\\"color: rgb(74, 61, 54);\\\"><span class=\\\"ql-cursor\\\">﻿</span>Paludisme, Fièvre. Indiqué pour traiter efficacement le paludisme chez les enfants et les personnes âgées.</span></p>\"}}, \"product_type_id\": 5}}', NULL, '2023-10-05 09:22:55', '2023-10-05 09:22:55'),
(620, 'lunar', 'updated', 'Lunar\\Models\\Transaction', 20, 'updated', 'App\\Models\\User', 65, '{\"old\": {\"id\": 20, \"meta\": [], \"type\": \"capture\", \"notes\": \"Paiement de votre commande\", \"amount\": {\"value\": 110000, \"unitQty\": 1, \"currency\": {\"id\": 1, \"code\": \"USD\", \"name\": \"US Dollar\", \"default\": 1, \"enabled\": 1, \"created_at\": \"2023-07-31T12:03:14.000000Z\", \"updated_at\": \"2023-08-01T20:45:48.000000Z\", \"exchange_rate\": \"1.0000\", \"decimal_places\": 0}}, \"driver\": \"fedapay\", \"status\": \"pending\", \"success\": 0, \"user_id\": 65, \"order_id\": null, \"card_type\": \"94578925\", \"last_four\": null, \"reference\": \"trx_IMQ_1696506449751\", \"created_at\": \"2023-10-05T11:47:30.000000Z\", \"approved_at\": null, \"canceled_at\": null, \"captured_at\": null, \"declined_at\": null, \"transferred_at\": null, \"driver_transaction_id\": \"94578925\", \"parent_transaction_id\": null}, \"attributes\": {\"id\": 20, \"meta\": [], \"type\": \"capture\", \"notes\": \"Paiement de votre commande\", \"amount\": {\"value\": 110000, \"unitQty\": 1, \"currency\": {\"id\": 1, \"code\": \"USD\", \"name\": \"US Dollar\", \"default\": 1, \"enabled\": 1, \"created_at\": \"2023-07-31T12:03:14.000000Z\", \"updated_at\": \"2023-08-01T20:45:48.000000Z\", \"exchange_rate\": \"1.0000\", \"decimal_places\": 0}}, \"driver\": \"fedapay\", \"status\": \"pending\", \"success\": 0, \"user_id\": 65, \"order_id\": null, \"card_type\": \"94578925\", \"last_four\": null, \"reference\": \"trx_IMQ_1696506449751\", \"created_at\": \"2023-10-05T11:47:30.000000Z\", \"approved_at\": null, \"canceled_at\": null, \"captured_at\": null, \"declined_at\": \"2023-10-05 11:49:12\", \"transferred_at\": null, \"driver_transaction_id\": \"94578925\", \"parent_transaction_id\": null}}', NULL, '2023-10-05 11:49:12', '2023-10-05 11:49:12'),
(621, 'lunar', 'updated', 'Lunar\\Models\\Product', 14, 'updated', NULL, NULL, '{\"old\": {\"id\": 14, \"views\": 27, \"status\": \"published\", \"brand_id\": 1, \"created_at\": \"2023-08-02T18:10:11.000000Z\", \"deleted_at\": null, \"attribute_data\": {\"name\": {\"en\": \"water ionizer\", \"fr\": \"Ioniseur d\'eau\"}, \"composition\": {\"en\": \"<p>Appareil faitt à base d\'équipements électroniques</p>\", \"fr\": \"<p>Device made from electronic equipment</p>\"}, \"description\": {\"en\": \"<p>The water ionizer is a household appliance that is installed in the kitchen at home or in the office. It first filters tap water and transforms it through electrolysis into two categories of water, one acidic and the other alkaline.</p>\", \"fr\": \"<p><span style=\\\"color: rgb(74, 61, 54);\\\">L’ioniseur d’eau est un appareil électroménager qu’on installe à la cuisine à la maison ou au bureau. IL permet d’abord de filtrer l’eau du robinet et la transforme par l’électrolyse en deux catégories d’eau, l’une acide et l’autre alcaline.</span></p>\"}, \"other_details\": {\"en\": \"<p><strong>Acid water</strong></p><p>It contains a significant overload of positive H+ ions which makes it oxidizing and acidic substances such as sulphur, phosphate, etc. Acidic water is for external use and even serves as a lotion for body beauty. It is also used for the maintenance of surfaces; it is a disinfectant.</p><p><strong>Alkaline Ionized Water</strong></p><p>The basis of good health is the acid-base balance of the body and alkaline water helps maintain this balance. Water is said to be ionized alkaline when it contains alkaline minerals such as calcium, magnesium, potassium and is saturated with oxygen.</p>\", \"fr\": \"<p><strong style=\\\"color: rgb(54, 54, 54);\\\">L’eau Acide</strong></p><p>Elle contient une surcharge importante d’ions positifs H+ qui la rend oxydant et des substances acides tel le soufre, le phosphate, etc. L’eau acide est à l’usage externe et sert même de lotion pour la beauté corporelle. On l’utilise également pour l’entretien des surfaces ; c’est un désinfectant.</p><p><strong style=\\\"color: rgb(54, 54, 54);\\\">L’eau Alcaline Ionisée</strong></p><p>La base d’une bonne santé repose sur l’équilibre acido-basique du corps et l’eau alcaline permet de maintenir cet équilibre. Une eau est dite alcaline ionisée quand elle contient des minéraux alcalins comme le calcium, le magnésium, le potassium et est saturée en oxygène.</p><p><span style=\\\"color: rgb(74, 61, 54);\\\">Boire de l’eau alcaline permet de : </span></p><ul><li><span style=\\\"color: rgb(74, 61, 54);\\\">Combattre l’acidité Lutter contre l’acidose </span></li><li><span style=\\\"color: rgb(74, 61, 54);\\\">Lutter contre les radicaux libres </span></li><li><span style=\\\"color: rgb(74, 61, 54);\\\">Lutter contre beaucoup de maladies </span></li><li><span style=\\\"color: rgb(74, 61, 54);\\\">Hydrater le corps</span></li><li><span style=\\\"color: rgb(74, 61, 54);\\\">Équilibre le poids corporel. </span></li></ul><p><span style=\\\"color: rgb(74, 61, 54);\\\">En un mot, une eau alcaline ionisée, est une eau anti-oxydante: source de bien-être.</span></p><p><br></p>\"}}, \"product_type_id\": 6}, \"attributes\": {\"id\": 14, \"views\": 28, \"status\": \"published\", \"brand_id\": 1, \"created_at\": \"2023-08-02T18:10:11.000000Z\", \"deleted_at\": null, \"attribute_data\": {\"name\": {\"en\": \"water ionizer\", \"fr\": \"Ioniseur d\'eau\"}, \"composition\": {\"en\": \"<p>Appareil faitt à base d\'équipements électroniques</p>\", \"fr\": \"<p>Device made from electronic equipment</p>\"}, \"description\": {\"en\": \"<p>The water ionizer is a household appliance that is installed in the kitchen at home or in the office. It first filters tap water and transforms it through electrolysis into two categories of water, one acidic and the other alkaline.</p>\", \"fr\": \"<p><span style=\\\"color: rgb(74, 61, 54);\\\">L’ioniseur d’eau est un appareil électroménager qu’on installe à la cuisine à la maison ou au bureau. IL permet d’abord de filtrer l’eau du robinet et la transforme par l’électrolyse en deux catégories d’eau, l’une acide et l’autre alcaline.</span></p>\"}, \"other_details\": {\"en\": \"<p><strong>Acid water</strong></p><p>It contains a significant overload of positive H+ ions which makes it oxidizing and acidic substances such as sulphur, phosphate, etc. Acidic water is for external use and even serves as a lotion for body beauty. It is also used for the maintenance of surfaces; it is a disinfectant.</p><p><strong>Alkaline Ionized Water</strong></p><p>The basis of good health is the acid-base balance of the body and alkaline water helps maintain this balance. Water is said to be ionized alkaline when it contains alkaline minerals such as calcium, magnesium, potassium and is saturated with oxygen.</p>\", \"fr\": \"<p><strong style=\\\"color: rgb(54, 54, 54);\\\">L’eau Acide</strong></p><p>Elle contient une surcharge importante d’ions positifs H+ qui la rend oxydant et des substances acides tel le soufre, le phosphate, etc. L’eau acide est à l’usage externe et sert même de lotion pour la beauté corporelle. On l’utilise également pour l’entretien des surfaces ; c’est un désinfectant.</p><p><strong style=\\\"color: rgb(54, 54, 54);\\\">L’eau Alcaline Ionisée</strong></p><p>La base d’une bonne santé repose sur l’équilibre acido-basique du corps et l’eau alcaline permet de maintenir cet équilibre. Une eau est dite alcaline ionisée quand elle contient des minéraux alcalins comme le calcium, le magnésium, le potassium et est saturée en oxygène.</p><p><span style=\\\"color: rgb(74, 61, 54);\\\">Boire de l’eau alcaline permet de : </span></p><ul><li><span style=\\\"color: rgb(74, 61, 54);\\\">Combattre l’acidité Lutter contre l’acidose </span></li><li><span style=\\\"color: rgb(74, 61, 54);\\\">Lutter contre les radicaux libres </span></li><li><span style=\\\"color: rgb(74, 61, 54);\\\">Lutter contre beaucoup de maladies </span></li><li><span style=\\\"color: rgb(74, 61, 54);\\\">Hydrater le corps</span></li><li><span style=\\\"color: rgb(74, 61, 54);\\\">Équilibre le poids corporel. </span></li></ul><p><span style=\\\"color: rgb(74, 61, 54);\\\">En un mot, une eau alcaline ionisée, est une eau anti-oxydante: source de bien-être.</span></p><p><br></p>\"}}, \"product_type_id\": 6}}', NULL, '2023-10-05 12:11:28', '2023-10-05 12:11:28'),
(622, 'lunar', 'updated', 'Lunar\\Models\\Product', 14, 'updated', NULL, NULL, '{\"old\": {\"id\": null, \"views\": null, \"status\": null, \"brand_id\": null, \"created_at\": null, \"deleted_at\": null, \"attribute_data\": null, \"product_type_id\": null}, \"attributes\": {\"id\": 14, \"views\": 28, \"status\": \"published\", \"brand_id\": 1, \"created_at\": \"2023-08-02T18:10:11.000000Z\", \"deleted_at\": null, \"attribute_data\": {\"name\": {\"en\": \"water ionizer\", \"fr\": \"Ioniseur d\'eau\"}, \"composition\": {\"en\": \"<p>Appareil faitt à base d\'équipements électroniques</p>\", \"fr\": \"<p>Device made from electronic equipment</p>\"}, \"description\": {\"en\": \"<p>The water ionizer is a household appliance that is installed in the kitchen at home or in the office. It first filters tap water and transforms it through electrolysis into two categories of water, one acidic and the other alkaline.</p>\", \"fr\": \"<p><span style=\\\"color: rgb(74, 61, 54);\\\">L’ioniseur d’eau est un appareil électroménager qu’on installe à la cuisine à la maison ou au bureau. IL permet d’abord de filtrer l’eau du robinet et la transforme par l’électrolyse en deux catégories d’eau, l’une acide et l’autre alcaline.</span></p>\"}, \"other_details\": {\"en\": \"<p><strong>Acid water</strong></p><p>It contains a significant overload of positive H+ ions which makes it oxidizing and acidic substances such as sulphur, phosphate, etc. Acidic water is for external use and even serves as a lotion for body beauty. It is also used for the maintenance of surfaces; it is a disinfectant.</p><p><strong>Alkaline Ionized Water</strong></p><p>The basis of good health is the acid-base balance of the body and alkaline water helps maintain this balance. Water is said to be ionized alkaline when it contains alkaline minerals such as calcium, magnesium, potassium and is saturated with oxygen.</p>\", \"fr\": \"<p><strong style=\\\"color: rgb(54, 54, 54);\\\">L’eau Acide</strong></p><p>Elle contient une surcharge importante d’ions positifs H+ qui la rend oxydant et des substances acides tel le soufre, le phosphate, etc. L’eau acide est à l’usage externe et sert même de lotion pour la beauté corporelle. On l’utilise également pour l’entretien des surfaces ; c’est un désinfectant.</p><p><strong style=\\\"color: rgb(54, 54, 54);\\\">L’eau Alcaline Ionisée</strong></p><p>La base d’une bonne santé repose sur l’équilibre acido-basique du corps et l’eau alcaline permet de maintenir cet équilibre. Une eau est dite alcaline ionisée quand elle contient des minéraux alcalins comme le calcium, le magnésium, le potassium et est saturée en oxygène.</p><p><span style=\\\"color: rgb(74, 61, 54);\\\">Boire de l’eau alcaline permet de : </span></p><ul><li><span style=\\\"color: rgb(74, 61, 54);\\\">Combattre l’acidité Lutter contre l’acidose </span></li><li><span style=\\\"color: rgb(74, 61, 54);\\\">Lutter contre les radicaux libres </span></li><li><span style=\\\"color: rgb(74, 61, 54);\\\">Lutter contre beaucoup de maladies </span></li><li><span style=\\\"color: rgb(74, 61, 54);\\\">Hydrater le corps</span></li><li><span style=\\\"color: rgb(74, 61, 54);\\\">Équilibre le poids corporel. </span></li></ul><p><span style=\\\"color: rgb(74, 61, 54);\\\">En un mot, une eau alcaline ionisée, est une eau anti-oxydante: source de bien-être.</span></p><p><br></p>\"}}, \"product_type_id\": 6}}', NULL, '2023-10-05 12:11:28', '2023-10-05 12:11:28'),
(623, 'lunar', 'created', 'Lunar\\Models\\Cart', 18, 'created', NULL, NULL, '{\"attributes\": {\"id\": 18, \"meta\": null, \"user_id\": null, \"order_id\": null, \"merged_id\": null, \"channel_id\": 1, \"created_at\": \"2023-10-05T12:11:41.000000Z\", \"coupon_code\": null, \"currency_id\": 1, \"customer_id\": null, \"completed_at\": null}}', NULL, '2023-10-05 12:11:41', '2023-10-05 12:11:41'),
(624, 'lunar', 'created', 'Lunar\\Models\\CartLine', 77, 'created', NULL, NULL, '{\"attributes\": {\"id\": 77, \"meta\": [], \"cart_id\": 18, \"quantity\": 1, \"created_at\": \"2023-10-05T12:11:41.000000Z\", \"purchasable_id\": 14, \"purchasable_type\": \"Lunar\\\\Models\\\\ProductVariant\"}}', NULL, '2023-10-05 12:11:41', '2023-10-05 12:11:41'),
(625, 'lunar', 'deleted', 'Lunar\\Models\\CartLine', 77, 'deleted', NULL, NULL, '{\"old\": {\"id\": 77, \"meta\": [], \"cart_id\": 18, \"quantity\": 1, \"created_at\": \"2023-10-05T12:11:41.000000Z\", \"purchasable_id\": 14, \"purchasable_type\": \"Lunar\\\\Models\\\\ProductVariant\"}}', NULL, '2023-10-05 12:13:13', '2023-10-05 12:13:13'),
(626, 'lunar', 'updated', 'Lunar\\Models\\Product', 11, 'updated', NULL, NULL, '{\"old\": {\"id\": 11, \"views\": 29, \"status\": \"published\", \"brand_id\": 1, \"created_at\": \"2023-08-02T17:54:13.000000Z\", \"deleted_at\": null, \"attribute_data\": {\"name\": {\"en\": \"Phyto Biotique\", \"fr\": \"Phyto Biotique\"}, \"composition\": {\"en\": \"<p>Caessalpina Pulcherrima, Lapacho, Dryopteridaceae.</p>\", \"fr\": \"<p><span style=\\\"color: rgb(74, 61, 54);\\\">Caessalpina Pulcherrima, Lapacho, Dryoptéridacées.</span></p>\"}, \"description\": {\"en\": \"<p>Cartridge of 15 tea bags of 2.5g</p>\", \"fr\": \"<p><span style=\\\"color: rgb(74, 61, 54);\\\">Cartouche de 15 sachets de thé de 2,5g</span></p>\"}, \"other_details\": {\"en\": \"<p>Pharmacological properties:</p><ul><li>Antibiotic;</li><li>Antibacterial.</li></ul><p><br></p><p>Instructions for use and dosage:</p><p>Infuse 01 sachet in a cup of hot water (250 ml) for 10 to 15 minutes and drink early in the morning in case of prevention.</p><p>Drink the infusion 3 times a day until the total disappearance of the symptoms in case of treatment.</p>\", \"fr\": \"<p><strong style=\\\"color: rgb(54, 54, 54);\\\">Propriétés pharmacologiques :</strong></p><ul><li><span style=\\\"color: rgb(74, 61, 54);\\\"> Antibiotique ;</span></li><li><span style=\\\"color: rgb(74, 61, 54);\\\">Antibactérien.</span></li></ul><p><br></p><p><strong style=\\\"color: rgb(54, 54, 54);\\\">Mode d\'emploi et posologie :</strong></p><p><span style=\\\"color: rgb(74, 61, 54);\\\">Infuser 01 sachet dans une tasse d\'eau chaude (250 ml) pendant 10 à 15 minutes et déguster à jeune le matin en cas de prévention.&nbsp;</span></p><p><span style=\\\"color: rgb(74, 61, 54);\\\">Boire l\'infusion 3 fois par jour jusqu\'à la disparition totale des symptômes en cas de traitement.</span></p>\"}}, \"product_type_id\": 5}, \"attributes\": {\"id\": 11, \"views\": 30, \"status\": \"published\", \"brand_id\": 1, \"created_at\": \"2023-08-02T17:54:13.000000Z\", \"deleted_at\": null, \"attribute_data\": {\"name\": {\"en\": \"Phyto Biotique\", \"fr\": \"Phyto Biotique\"}, \"composition\": {\"en\": \"<p>Caessalpina Pulcherrima, Lapacho, Dryopteridaceae.</p>\", \"fr\": \"<p><span style=\\\"color: rgb(74, 61, 54);\\\">Caessalpina Pulcherrima, Lapacho, Dryoptéridacées.</span></p>\"}, \"description\": {\"en\": \"<p>Cartridge of 15 tea bags of 2.5g</p>\", \"fr\": \"<p><span style=\\\"color: rgb(74, 61, 54);\\\">Cartouche de 15 sachets de thé de 2,5g</span></p>\"}, \"other_details\": {\"en\": \"<p>Pharmacological properties:</p><ul><li>Antibiotic;</li><li>Antibacterial.</li></ul><p><br></p><p>Instructions for use and dosage:</p><p>Infuse 01 sachet in a cup of hot water (250 ml) for 10 to 15 minutes and drink early in the morning in case of prevention.</p><p>Drink the infusion 3 times a day until the total disappearance of the symptoms in case of treatment.</p>\", \"fr\": \"<p><strong style=\\\"color: rgb(54, 54, 54);\\\">Propriétés pharmacologiques :</strong></p><ul><li><span style=\\\"color: rgb(74, 61, 54);\\\"> Antibiotique ;</span></li><li><span style=\\\"color: rgb(74, 61, 54);\\\">Antibactérien.</span></li></ul><p><br></p><p><strong style=\\\"color: rgb(54, 54, 54);\\\">Mode d\'emploi et posologie :</strong></p><p><span style=\\\"color: rgb(74, 61, 54);\\\">Infuser 01 sachet dans une tasse d\'eau chaude (250 ml) pendant 10 à 15 minutes et déguster à jeune le matin en cas de prévention.&nbsp;</span></p><p><span style=\\\"color: rgb(74, 61, 54);\\\">Boire l\'infusion 3 fois par jour jusqu\'à la disparition totale des symptômes en cas de traitement.</span></p>\"}}, \"product_type_id\": 5}}', NULL, '2023-10-05 14:00:01', '2023-10-05 14:00:01'),
(627, 'lunar', 'updated', 'Lunar\\Models\\Product', 11, 'updated', NULL, NULL, '{\"old\": {\"id\": null, \"views\": null, \"status\": null, \"brand_id\": null, \"created_at\": null, \"deleted_at\": null, \"attribute_data\": null, \"product_type_id\": null}, \"attributes\": {\"id\": 11, \"views\": 30, \"status\": \"published\", \"brand_id\": 1, \"created_at\": \"2023-08-02T17:54:13.000000Z\", \"deleted_at\": null, \"attribute_data\": {\"name\": {\"en\": \"Phyto Biotique\", \"fr\": \"Phyto Biotique\"}, \"composition\": {\"en\": \"<p>Caessalpina Pulcherrima, Lapacho, Dryopteridaceae.</p>\", \"fr\": \"<p><span style=\\\"color: rgb(74, 61, 54);\\\">Caessalpina Pulcherrima, Lapacho, Dryoptéridacées.</span></p>\"}, \"description\": {\"en\": \"<p>Cartridge of 15 tea bags of 2.5g</p>\", \"fr\": \"<p><span style=\\\"color: rgb(74, 61, 54);\\\">Cartouche de 15 sachets de thé de 2,5g</span></p>\"}, \"other_details\": {\"en\": \"<p>Pharmacological properties:</p><ul><li>Antibiotic;</li><li>Antibacterial.</li></ul><p><br></p><p>Instructions for use and dosage:</p><p>Infuse 01 sachet in a cup of hot water (250 ml) for 10 to 15 minutes and drink early in the morning in case of prevention.</p><p>Drink the infusion 3 times a day until the total disappearance of the symptoms in case of treatment.</p>\", \"fr\": \"<p><strong style=\\\"color: rgb(54, 54, 54);\\\">Propriétés pharmacologiques :</strong></p><ul><li><span style=\\\"color: rgb(74, 61, 54);\\\"> Antibiotique ;</span></li><li><span style=\\\"color: rgb(74, 61, 54);\\\">Antibactérien.</span></li></ul><p><br></p><p><strong style=\\\"color: rgb(54, 54, 54);\\\">Mode d\'emploi et posologie :</strong></p><p><span style=\\\"color: rgb(74, 61, 54);\\\">Infuser 01 sachet dans une tasse d\'eau chaude (250 ml) pendant 10 à 15 minutes et déguster à jeune le matin en cas de prévention.&nbsp;</span></p><p><span style=\\\"color: rgb(74, 61, 54);\\\">Boire l\'infusion 3 fois par jour jusqu\'à la disparition totale des symptômes en cas de traitement.</span></p>\"}}, \"product_type_id\": 5}}', NULL, '2023-10-05 14:00:01', '2023-10-05 14:00:01'),
(628, 'lunar', 'updated', 'Lunar\\Models\\Product', 13, 'updated', NULL, NULL, '{\"old\": {\"id\": 13, \"views\": 31, \"status\": \"published\", \"brand_id\": 1, \"created_at\": \"2023-08-02T18:03:19.000000Z\", \"deleted_at\": null, \"attribute_data\": {\"name\": {\"en\": \"Atikessi\", \"fr\": \"Atikessi\"}, \"composition\": {\"en\": \"<p>Dried plants and flowers of Securinega Cassia alata, Lippia Multifora, Curcuma longa.</p>\", \"fr\": \"<p><span style=\\\"color: rgb(74, 61, 54);\\\">Plantes et fleurs séchées de Securinega Cassia alata, Lippia Multifora, Curcuma longa.</span></p>\"}, \"description\": {\"en\": \"<p>Cardboard cartridge of 20 sachets/2.5g.</p>\", \"fr\": \"<p><span style=\\\"color: rgb(74, 61, 54);\\\">Cartouche cartonnée de 20 sachets/2,5g.</span></p>\"}, \"other_details\": {\"en\": \"<p><strong>Pharmacological properties:</strong></p><p>- Inhibits the development of plasmodium falciparum;</p><p>- Antipyretic;</p><p>- Antimicrobial (staphylococcus aureus intestinal germ).</p><p><strong>Instructions for use and dosage:</strong></p><p>Put 01 sachet in a glass of hot water (250 ml).</p><p>Leave to infuse for 10 to 15 minutes then taste morning, noon and evening, until the total disappearance of the symptoms.</p><p><strong>Directions</strong></p><p>Malaria, Fever. Indicated to effectively treat malaria in children and the elderly.</p>\", \"fr\": \"<p><strong style=\\\"color: rgb(54, 54, 54);\\\">Propriétés pharmacologiques :</strong></p><p><span style=\\\"color: rgb(74, 61, 54);\\\">- Inhibe le développement du plasmodium falciparum ;</span></p><p><span style=\\\"color: rgb(74, 61, 54);\\\">- Antipyrétique ;</span></p><p><span style=\\\"color: rgb(74, 61, 54);\\\">- Antimicrobien (germe intestinal staphylocoque doré).</span></p><p><strong style=\\\"color: rgb(54, 54, 54);\\\">Mode d\'emploi et posologie :</strong></p><p><span style=\\\"color: rgb(74, 61, 54);\\\">Mettre 01 sachet dans un verre d\'eau chaude (250 ml).&nbsp;</span></p><p><span style=\\\"color: rgb(74, 61, 54);\\\">Laissez infuser pendant 10 à 15 minutes puis déguster matin, midi et soir, jusqu\'à la disparition totale des symptômes.</span></p><p><strong style=\\\"color: rgb(74, 61, 54);\\\">Indications</strong></p><p><span style=\\\"color: rgb(74, 61, 54);\\\"><span class=\\\"ql-cursor\\\">﻿</span>Paludisme, Fièvre. Indiqué pour traiter efficacement le paludisme chez les enfants et les personnes âgées.</span></p>\"}}, \"product_type_id\": 5}, \"attributes\": {\"id\": 13, \"views\": 32, \"status\": \"published\", \"brand_id\": 1, \"created_at\": \"2023-08-02T18:03:19.000000Z\", \"deleted_at\": null, \"attribute_data\": {\"name\": {\"en\": \"Atikessi\", \"fr\": \"Atikessi\"}, \"composition\": {\"en\": \"<p>Dried plants and flowers of Securinega Cassia alata, Lippia Multifora, Curcuma longa.</p>\", \"fr\": \"<p><span style=\\\"color: rgb(74, 61, 54);\\\">Plantes et fleurs séchées de Securinega Cassia alata, Lippia Multifora, Curcuma longa.</span></p>\"}, \"description\": {\"en\": \"<p>Cardboard cartridge of 20 sachets/2.5g.</p>\", \"fr\": \"<p><span style=\\\"color: rgb(74, 61, 54);\\\">Cartouche cartonnée de 20 sachets/2,5g.</span></p>\"}, \"other_details\": {\"en\": \"<p><strong>Pharmacological properties:</strong></p><p>- Inhibits the development of plasmodium falciparum;</p><p>- Antipyretic;</p><p>- Antimicrobial (staphylococcus aureus intestinal germ).</p><p><strong>Instructions for use and dosage:</strong></p><p>Put 01 sachet in a glass of hot water (250 ml).</p><p>Leave to infuse for 10 to 15 minutes then taste morning, noon and evening, until the total disappearance of the symptoms.</p><p><strong>Directions</strong></p><p>Malaria, Fever. Indicated to effectively treat malaria in children and the elderly.</p>\", \"fr\": \"<p><strong style=\\\"color: rgb(54, 54, 54);\\\">Propriétés pharmacologiques :</strong></p><p><span style=\\\"color: rgb(74, 61, 54);\\\">- Inhibe le développement du plasmodium falciparum ;</span></p><p><span style=\\\"color: rgb(74, 61, 54);\\\">- Antipyrétique ;</span></p><p><span style=\\\"color: rgb(74, 61, 54);\\\">- Antimicrobien (germe intestinal staphylocoque doré).</span></p><p><strong style=\\\"color: rgb(54, 54, 54);\\\">Mode d\'emploi et posologie :</strong></p><p><span style=\\\"color: rgb(74, 61, 54);\\\">Mettre 01 sachet dans un verre d\'eau chaude (250 ml).&nbsp;</span></p><p><span style=\\\"color: rgb(74, 61, 54);\\\">Laissez infuser pendant 10 à 15 minutes puis déguster matin, midi et soir, jusqu\'à la disparition totale des symptômes.</span></p><p><strong style=\\\"color: rgb(74, 61, 54);\\\">Indications</strong></p><p><span style=\\\"color: rgb(74, 61, 54);\\\"><span class=\\\"ql-cursor\\\">﻿</span>Paludisme, Fièvre. Indiqué pour traiter efficacement le paludisme chez les enfants et les personnes âgées.</span></p>\"}}, \"product_type_id\": 5}}', NULL, '2023-10-05 15:46:30', '2023-10-05 15:46:30'),
(629, 'lunar', 'updated', 'Lunar\\Models\\Product', 13, 'updated', NULL, NULL, '{\"old\": {\"id\": null, \"views\": null, \"status\": null, \"brand_id\": null, \"created_at\": null, \"deleted_at\": null, \"attribute_data\": null, \"product_type_id\": null}, \"attributes\": {\"id\": 13, \"views\": 32, \"status\": \"published\", \"brand_id\": 1, \"created_at\": \"2023-08-02T18:03:19.000000Z\", \"deleted_at\": null, \"attribute_data\": {\"name\": {\"en\": \"Atikessi\", \"fr\": \"Atikessi\"}, \"composition\": {\"en\": \"<p>Dried plants and flowers of Securinega Cassia alata, Lippia Multifora, Curcuma longa.</p>\", \"fr\": \"<p><span style=\\\"color: rgb(74, 61, 54);\\\">Plantes et fleurs séchées de Securinega Cassia alata, Lippia Multifora, Curcuma longa.</span></p>\"}, \"description\": {\"en\": \"<p>Cardboard cartridge of 20 sachets/2.5g.</p>\", \"fr\": \"<p><span style=\\\"color: rgb(74, 61, 54);\\\">Cartouche cartonnée de 20 sachets/2,5g.</span></p>\"}, \"other_details\": {\"en\": \"<p><strong>Pharmacological properties:</strong></p><p>- Inhibits the development of plasmodium falciparum;</p><p>- Antipyretic;</p><p>- Antimicrobial (staphylococcus aureus intestinal germ).</p><p><strong>Instructions for use and dosage:</strong></p><p>Put 01 sachet in a glass of hot water (250 ml).</p><p>Leave to infuse for 10 to 15 minutes then taste morning, noon and evening, until the total disappearance of the symptoms.</p><p><strong>Directions</strong></p><p>Malaria, Fever. Indicated to effectively treat malaria in children and the elderly.</p>\", \"fr\": \"<p><strong style=\\\"color: rgb(54, 54, 54);\\\">Propriétés pharmacologiques :</strong></p><p><span style=\\\"color: rgb(74, 61, 54);\\\">- Inhibe le développement du plasmodium falciparum ;</span></p><p><span style=\\\"color: rgb(74, 61, 54);\\\">- Antipyrétique ;</span></p><p><span style=\\\"color: rgb(74, 61, 54);\\\">- Antimicrobien (germe intestinal staphylocoque doré).</span></p><p><strong style=\\\"color: rgb(54, 54, 54);\\\">Mode d\'emploi et posologie :</strong></p><p><span style=\\\"color: rgb(74, 61, 54);\\\">Mettre 01 sachet dans un verre d\'eau chaude (250 ml).&nbsp;</span></p><p><span style=\\\"color: rgb(74, 61, 54);\\\">Laissez infuser pendant 10 à 15 minutes puis déguster matin, midi et soir, jusqu\'à la disparition totale des symptômes.</span></p><p><strong style=\\\"color: rgb(74, 61, 54);\\\">Indications</strong></p><p><span style=\\\"color: rgb(74, 61, 54);\\\"><span class=\\\"ql-cursor\\\">﻿</span>Paludisme, Fièvre. Indiqué pour traiter efficacement le paludisme chez les enfants et les personnes âgées.</span></p>\"}}, \"product_type_id\": 5}}', NULL, '2023-10-05 15:46:30', '2023-10-05 15:46:30'),
(630, 'lunar', 'updated', 'Lunar\\Models\\Transaction', 22, 'updated', 'App\\Models\\User', 65, '{\"old\": {\"id\": 22, \"meta\": [], \"type\": \"capture\", \"notes\": \"Paiement de votre commande\", \"amount\": {\"value\": 1, \"unitQty\": 1, \"currency\": {\"id\": 1, \"code\": \"USD\", \"name\": \"US Dollar\", \"default\": 1, \"enabled\": 1, \"created_at\": \"2023-07-31T12:03:14.000000Z\", \"updated_at\": \"2023-08-01T20:45:48.000000Z\", \"exchange_rate\": \"1.0000\", \"decimal_places\": 0}}, \"driver\": \"fedapay\", \"status\": \"pending\", \"success\": 0, \"user_id\": 65, \"order_id\": null, \"card_type\": \"94583847\", \"last_four\": null, \"reference\": \"trx_WEA_1696523787325\", \"created_at\": \"2023-10-05T16:36:27.000000Z\", \"approved_at\": null, \"canceled_at\": null, \"captured_at\": null, \"declined_at\": null, \"transferred_at\": null, \"driver_transaction_id\": \"94583847\", \"parent_transaction_id\": null}, \"attributes\": {\"id\": 22, \"meta\": {\"paid_customer\": {\"id\": 2198042, \"email\": \"louis@conceptic.io\", \"lastname\": \"BRANDERS\", \"firstname\": \"NURIA\", \"account_id\": 31678, \"created_at\": \"2023-10-04T12:37:24.500Z\", \"deleted_at\": null, \"updated_at\": \"2023-10-05T16:35:03.861Z\", \"phone_number_id\": 95462664}, \"transfer_schedule_jobid\": \"9db7bd678d4ab147da3df099\"}, \"type\": \"capture\", \"notes\": \"Paiement de votre commande\", \"amount\": {\"value\": 1, \"unitQty\": 1, \"currency\": {\"id\": 1, \"code\": \"USD\", \"name\": \"US Dollar\", \"default\": 1, \"enabled\": 1, \"created_at\": \"2023-07-31T12:03:14.000000Z\", \"updated_at\": \"2023-08-01T20:45:48.000000Z\", \"exchange_rate\": \"1.0000\", \"decimal_places\": 0}}, \"driver\": \"fedapay\", \"status\": \"approved\", \"success\": 1, \"user_id\": 65, \"order_id\": null, \"card_type\": \"moov\", \"last_four\": null, \"reference\": \"trx_WEA_1696523787325\", \"created_at\": \"2023-10-05T16:36:27.000000Z\", \"approved_at\": \"2023-10-05 16:36:56\", \"canceled_at\": null, \"captured_at\": \"2023-10-05 16:36:56\", \"declined_at\": null, \"transferred_at\": null, \"driver_transaction_id\": \"94583847\", \"parent_transaction_id\": null}}', NULL, '2023-10-05 16:37:00', '2023-10-05 16:37:00'),
(631, 'lunar', 'updated', 'Lunar\\Models\\Transaction', 23, 'updated', 'App\\Models\\User', 66, '{\"old\": {\"id\": 23, \"meta\": [], \"type\": \"capture\", \"notes\": \"Paiement de votre commande\", \"amount\": {\"value\": 1, \"unitQty\": 1, \"currency\": {\"id\": 1, \"code\": \"USD\", \"name\": \"US Dollar\", \"default\": 1, \"enabled\": 1, \"created_at\": \"2023-07-31T12:03:14.000000Z\", \"updated_at\": \"2023-08-01T20:45:48.000000Z\", \"exchange_rate\": \"1.0000\", \"decimal_places\": 0}}, \"driver\": \"fedapay\", \"status\": \"pending\", \"success\": 0, \"user_id\": 66, \"order_id\": null, \"card_type\": \"94584019\", \"last_four\": null, \"reference\": \"trx_nFk_1696524330236\", \"created_at\": \"2023-10-05T16:45:30.000000Z\", \"approved_at\": null, \"canceled_at\": null, \"captured_at\": null, \"declined_at\": null, \"transferred_at\": null, \"driver_transaction_id\": \"94584019\", \"parent_transaction_id\": null}, \"attributes\": {\"id\": 23, \"meta\": [], \"type\": \"capture\", \"notes\": \"Paiement de votre commande\", \"amount\": {\"value\": 1, \"unitQty\": 1, \"currency\": {\"id\": 1, \"code\": \"USD\", \"name\": \"US Dollar\", \"default\": 1, \"enabled\": 1, \"created_at\": \"2023-07-31T12:03:14.000000Z\", \"updated_at\": \"2023-08-01T20:45:48.000000Z\", \"exchange_rate\": \"1.0000\", \"decimal_places\": 0}}, \"driver\": \"fedapay\", \"status\": \"pending\", \"success\": 0, \"user_id\": 66, \"order_id\": null, \"card_type\": \"94584019\", \"last_four\": null, \"reference\": \"trx_nFk_1696524330236\", \"created_at\": \"2023-10-05T16:45:30.000000Z\", \"approved_at\": null, \"canceled_at\": null, \"captured_at\": null, \"declined_at\": \"2023-10-05 16:48:33\", \"transferred_at\": null, \"driver_transaction_id\": \"94584019\", \"parent_transaction_id\": null}}', NULL, '2023-10-05 16:48:33', '2023-10-05 16:48:33'),
(632, 'lunar', 'updated', 'Lunar\\Models\\Transaction', 24, 'updated', 'App\\Models\\User', 66, '{\"old\": {\"id\": 24, \"meta\": [], \"type\": \"capture\", \"notes\": \"Paiement de votre commande\", \"amount\": {\"value\": 1, \"unitQty\": 1, \"currency\": {\"id\": 1, \"code\": \"USD\", \"name\": \"US Dollar\", \"default\": 1, \"enabled\": 1, \"created_at\": \"2023-07-31T12:03:14.000000Z\", \"updated_at\": \"2023-08-01T20:45:48.000000Z\", \"exchange_rate\": \"1.0000\", \"decimal_places\": 0}}, \"driver\": \"fedapay\", \"status\": \"pending\", \"success\": 0, \"user_id\": 66, \"order_id\": null, \"card_type\": \"94584074\", \"last_four\": null, \"reference\": \"trx_yJU_1696524525158\", \"created_at\": \"2023-10-05T16:48:45.000000Z\", \"approved_at\": null, \"canceled_at\": null, \"captured_at\": null, \"declined_at\": null, \"transferred_at\": null, \"driver_transaction_id\": \"94584074\", \"parent_transaction_id\": null}, \"attributes\": {\"id\": 24, \"meta\": {\"paid_customer\": {\"id\": 2201309, \"email\": \"paiement@conceptic.io\", \"lastname\": \"ADJADO\", \"firstname\": \"Sandrine\", \"account_id\": 31678, \"created_at\": \"2023-10-05T18:45:30.229+02:00\", \"deleted_at\": null, \"updated_at\": \"2023-10-05T18:45:30.229+02:00\", \"phone_number_id\": 95481336}, \"transfer_schedule_jobid\": \"99c153ca802dbe133e032828\"}, \"type\": \"capture\", \"notes\": \"Paiement de votre commande\", \"amount\": {\"value\": 1, \"unitQty\": 1, \"currency\": {\"id\": 1, \"code\": \"USD\", \"name\": \"US Dollar\", \"default\": 1, \"enabled\": 1, \"created_at\": \"2023-07-31T12:03:14.000000Z\", \"updated_at\": \"2023-08-01T20:45:48.000000Z\", \"exchange_rate\": \"1.0000\", \"decimal_places\": 0}}, \"driver\": \"fedapay\", \"status\": \"approved\", \"success\": 1, \"user_id\": 66, \"order_id\": null, \"card_type\": \"moov\", \"last_four\": null, \"reference\": \"trx_yJU_1696524525158\", \"created_at\": \"2023-10-05T16:48:45.000000Z\", \"approved_at\": \"2023-10-05 16:49:08\", \"canceled_at\": null, \"captured_at\": \"2023-10-05 16:49:08\", \"declined_at\": null, \"transferred_at\": null, \"driver_transaction_id\": \"94584074\", \"parent_transaction_id\": null}}', NULL, '2023-10-05 16:49:12', '2023-10-05 16:49:12'),
(633, 'lunar', 'updated', 'Lunar\\Models\\Transaction', 25, 'updated', 'App\\Models\\User', 67, '{\"old\": {\"id\": 25, \"meta\": [], \"type\": \"capture\", \"notes\": \"Paiement de votre commande\", \"amount\": {\"value\": 1, \"unitQty\": 1, \"currency\": {\"id\": 1, \"code\": \"USD\", \"name\": \"US Dollar\", \"default\": 1, \"enabled\": 1, \"created_at\": \"2023-07-31T12:03:14.000000Z\", \"updated_at\": \"2023-08-01T20:45:48.000000Z\", \"exchange_rate\": \"1.0000\", \"decimal_places\": 0}}, \"driver\": \"fedapay\", \"status\": \"pending\", \"success\": 0, \"user_id\": 67, \"order_id\": null, \"card_type\": \"94584224\", \"last_four\": null, \"reference\": \"trx_VXE_1696524999573\", \"created_at\": \"2023-10-05T16:56:40.000000Z\", \"approved_at\": null, \"canceled_at\": null, \"captured_at\": null, \"declined_at\": null, \"transferred_at\": null, \"driver_transaction_id\": \"94584224\", \"parent_transaction_id\": null}, \"attributes\": {\"id\": 25, \"meta\": [], \"type\": \"capture\", \"notes\": \"Paiement de votre commande\", \"amount\": {\"value\": 1, \"unitQty\": 1, \"currency\": {\"id\": 1, \"code\": \"USD\", \"name\": \"US Dollar\", \"default\": 1, \"enabled\": 1, \"created_at\": \"2023-07-31T12:03:14.000000Z\", \"updated_at\": \"2023-08-01T20:45:48.000000Z\", \"exchange_rate\": \"1.0000\", \"decimal_places\": 0}}, \"driver\": \"fedapay\", \"status\": \"pending\", \"success\": 0, \"user_id\": 67, \"order_id\": null, \"card_type\": \"94584224\", \"last_four\": null, \"reference\": \"trx_VXE_1696524999573\", \"created_at\": \"2023-10-05T16:56:40.000000Z\", \"approved_at\": null, \"canceled_at\": null, \"captured_at\": null, \"declined_at\": \"2023-10-05 16:59:32\", \"transferred_at\": null, \"driver_transaction_id\": \"94584224\", \"parent_transaction_id\": null}}', NULL, '2023-10-05 16:59:32', '2023-10-05 16:59:32'),
(634, 'lunar', 'updated', 'Lunar\\Models\\Transaction', 26, 'updated', 'App\\Models\\User', 67, '{\"old\": {\"id\": 26, \"meta\": [], \"type\": \"capture\", \"notes\": \"Paiement de votre commande\", \"amount\": {\"value\": 1, \"unitQty\": 1, \"currency\": {\"id\": 1, \"code\": \"USD\", \"name\": \"US Dollar\", \"default\": 1, \"enabled\": 1, \"created_at\": \"2023-07-31T12:03:14.000000Z\", \"updated_at\": \"2023-08-01T20:45:48.000000Z\", \"exchange_rate\": \"1.0000\", \"decimal_places\": 0}}, \"driver\": \"fedapay\", \"status\": \"pending\", \"success\": 0, \"user_id\": 67, \"order_id\": null, \"card_type\": \"94584278\", \"last_four\": null, \"reference\": \"trx_nH0_1696525185350\", \"created_at\": \"2023-10-05T16:59:45.000000Z\", \"approved_at\": null, \"canceled_at\": null, \"captured_at\": null, \"declined_at\": null, \"transferred_at\": null, \"driver_transaction_id\": \"94584278\", \"parent_transaction_id\": null}, \"attributes\": {\"id\": 26, \"meta\": {\"paid_customer\": {\"id\": 2201334, \"email\": \"iboffan@conceptic.io\", \"lastname\": \"BILONG\", \"firstname\": \"Espérance\", \"account_id\": 31678, \"created_at\": \"2023-10-05T18:56:39.558+02:00\", \"deleted_at\": null, \"updated_at\": \"2023-10-05T18:56:39.558+02:00\", \"phone_number_id\": 95481597}, \"transfer_schedule_jobid\": \"6453d07837075f559efc84bf\"}, \"type\": \"capture\", \"notes\": \"Paiement de votre commande\", \"amount\": {\"value\": 1, \"unitQty\": 1, \"currency\": {\"id\": 1, \"code\": \"USD\", \"name\": \"US Dollar\", \"default\": 1, \"enabled\": 1, \"created_at\": \"2023-07-31T12:03:14.000000Z\", \"updated_at\": \"2023-08-01T20:45:48.000000Z\", \"exchange_rate\": \"1.0000\", \"decimal_places\": 0}}, \"driver\": \"fedapay\", \"status\": \"approved\", \"success\": 1, \"user_id\": 67, \"order_id\": null, \"card_type\": \"moov\", \"last_four\": null, \"reference\": \"trx_nH0_1696525185350\", \"created_at\": \"2023-10-05T16:59:45.000000Z\", \"approved_at\": \"2023-10-05 17:01:52\", \"canceled_at\": null, \"captured_at\": \"2023-10-05 17:01:52\", \"declined_at\": null, \"transferred_at\": null, \"driver_transaction_id\": \"94584278\", \"parent_transaction_id\": null}}', NULL, '2023-10-05 17:01:56', '2023-10-05 17:01:56'),
(635, 'lunar', 'updated', 'Lunar\\Models\\Product', 7, 'updated', NULL, NULL, '{\"old\": {\"id\": 7, \"views\": 43, \"status\": \"published\", \"brand_id\": 1, \"created_at\": \"2023-08-02T17:30:16.000000Z\", \"deleted_at\": null, \"attribute_data\": {\"name\": {\"en\": \"Collagen\", \"fr\": \"Collagène\"}, \"composition\": {\"en\": \"<p>Composed of marine collagen.</p>\", \"fr\": \"<p><span style=\\\"color: rgb(74, 61, 54);\\\">Composé du Collagène marin.&nbsp;</span></p>\"}, \"description\": {\"en\": \"<p>Nutritional supplement preserved in a bottle of 60 soft capsules of 350 mg.</p>\", \"fr\": \"<p><span style=\\\"color: rgb(74, 61, 54);\\\">Complément nutritionnel conservé dans un flacon de 60 gélules molles de 350 mg.</span></p>\"}, \"other_details\": {\"en\": \"<p><strong>Pharmacological properties</strong></p><p>Marine collagen is one of the proteins within the human body, and plays a key role in it. In this way, collagen contributes in particular to the resistance of the tendons, the elasticity of the skin and the flexibility of the joints. Many studies have confirmed the benefits of marine collagen supplementation to fight against skin aging (effects of age such as wrinkles or fine lines).</p><p><br></p><p><strong>Directions</strong></p><ul><li>Joint and muscle stiffness;</li><li>Appearance of wrinkles and fine lines;</li><li>Lack of tone;</li><li>Aches ;</li><li>Slower wound healing;</li><li>More frequent fatigue.</li></ul>\", \"fr\": \"<p><strong style=\\\"color: rgb(54, 54, 54);\\\">Propriétés pharmacologiques</strong></p><p><span style=\\\"color: rgb(74, 61, 54);\\\">Le collagène marin est l’une des protéines au sein de l’organisme humain, et y joue un rôle clé. De cette façon, le collagène contribue notamment à la résistance des tendons, à l’élasticité de la peau et à la souplesse des articulations. De nombreuses études ont confirmé l’intérêt d’une supplémentation en collagène marin pour lutter contre le vieillissement de la peau (effets de l’âge comme les rides ou ridules).&nbsp;</span></p><p><br></p><p><strong style=\\\"color: rgb(54, 54, 54);\\\">Indications</strong></p><ul><li>Raideurs articulaires et musculaires ;</li><li>Apparition de rides et de ridules ;</li><li>Manque de tonus ;</li><li>Courbatures ;</li><li>Guérison des blessures plus lente ;</li><li>Fatigue plus fréquente.</li></ul><p><br></p>\"}}, \"product_type_id\": 2}, \"attributes\": {\"id\": 7, \"views\": 44, \"status\": \"published\", \"brand_id\": 1, \"created_at\": \"2023-08-02T17:30:16.000000Z\", \"deleted_at\": null, \"attribute_data\": {\"name\": {\"en\": \"Collagen\", \"fr\": \"Collagène\"}, \"composition\": {\"en\": \"<p>Composed of marine collagen.</p>\", \"fr\": \"<p><span style=\\\"color: rgb(74, 61, 54);\\\">Composé du Collagène marin.&nbsp;</span></p>\"}, \"description\": {\"en\": \"<p>Nutritional supplement preserved in a bottle of 60 soft capsules of 350 mg.</p>\", \"fr\": \"<p><span style=\\\"color: rgb(74, 61, 54);\\\">Complément nutritionnel conservé dans un flacon de 60 gélules molles de 350 mg.</span></p>\"}, \"other_details\": {\"en\": \"<p><strong>Pharmacological properties</strong></p><p>Marine collagen is one of the proteins within the human body, and plays a key role in it. In this way, collagen contributes in particular to the resistance of the tendons, the elasticity of the skin and the flexibility of the joints. Many studies have confirmed the benefits of marine collagen supplementation to fight against skin aging (effects of age such as wrinkles or fine lines).</p><p><br></p><p><strong>Directions</strong></p><ul><li>Joint and muscle stiffness;</li><li>Appearance of wrinkles and fine lines;</li><li>Lack of tone;</li><li>Aches ;</li><li>Slower wound healing;</li><li>More frequent fatigue.</li></ul>\", \"fr\": \"<p><strong style=\\\"color: rgb(54, 54, 54);\\\">Propriétés pharmacologiques</strong></p><p><span style=\\\"color: rgb(74, 61, 54);\\\">Le collagène marin est l’une des protéines au sein de l’organisme humain, et y joue un rôle clé. De cette façon, le collagène contribue notamment à la résistance des tendons, à l’élasticité de la peau et à la souplesse des articulations. De nombreuses études ont confirmé l’intérêt d’une supplémentation en collagène marin pour lutter contre le vieillissement de la peau (effets de l’âge comme les rides ou ridules).&nbsp;</span></p><p><br></p><p><strong style=\\\"color: rgb(54, 54, 54);\\\">Indications</strong></p><ul><li>Raideurs articulaires et musculaires ;</li><li>Apparition de rides et de ridules ;</li><li>Manque de tonus ;</li><li>Courbatures ;</li><li>Guérison des blessures plus lente ;</li><li>Fatigue plus fréquente.</li></ul><p><br></p>\"}}, \"product_type_id\": 2}}', NULL, '2023-10-05 17:34:29', '2023-10-05 17:34:29'),
(636, 'lunar', 'updated', 'Lunar\\Models\\Product', 7, 'updated', NULL, NULL, '{\"old\": {\"id\": null, \"views\": null, \"status\": null, \"brand_id\": null, \"created_at\": null, \"deleted_at\": null, \"attribute_data\": null, \"product_type_id\": null}, \"attributes\": {\"id\": 7, \"views\": 44, \"status\": \"published\", \"brand_id\": 1, \"created_at\": \"2023-08-02T17:30:16.000000Z\", \"deleted_at\": null, \"attribute_data\": {\"name\": {\"en\": \"Collagen\", \"fr\": \"Collagène\"}, \"composition\": {\"en\": \"<p>Composed of marine collagen.</p>\", \"fr\": \"<p><span style=\\\"color: rgb(74, 61, 54);\\\">Composé du Collagène marin.&nbsp;</span></p>\"}, \"description\": {\"en\": \"<p>Nutritional supplement preserved in a bottle of 60 soft capsules of 350 mg.</p>\", \"fr\": \"<p><span style=\\\"color: rgb(74, 61, 54);\\\">Complément nutritionnel conservé dans un flacon de 60 gélules molles de 350 mg.</span></p>\"}, \"other_details\": {\"en\": \"<p><strong>Pharmacological properties</strong></p><p>Marine collagen is one of the proteins within the human body, and plays a key role in it. In this way, collagen contributes in particular to the resistance of the tendons, the elasticity of the skin and the flexibility of the joints. Many studies have confirmed the benefits of marine collagen supplementation to fight against skin aging (effects of age such as wrinkles or fine lines).</p><p><br></p><p><strong>Directions</strong></p><ul><li>Joint and muscle stiffness;</li><li>Appearance of wrinkles and fine lines;</li><li>Lack of tone;</li><li>Aches ;</li><li>Slower wound healing;</li><li>More frequent fatigue.</li></ul>\", \"fr\": \"<p><strong style=\\\"color: rgb(54, 54, 54);\\\">Propriétés pharmacologiques</strong></p><p><span style=\\\"color: rgb(74, 61, 54);\\\">Le collagène marin est l’une des protéines au sein de l’organisme humain, et y joue un rôle clé. De cette façon, le collagène contribue notamment à la résistance des tendons, à l’élasticité de la peau et à la souplesse des articulations. De nombreuses études ont confirmé l’intérêt d’une supplémentation en collagène marin pour lutter contre le vieillissement de la peau (effets de l’âge comme les rides ou ridules).&nbsp;</span></p><p><br></p><p><strong style=\\\"color: rgb(54, 54, 54);\\\">Indications</strong></p><ul><li>Raideurs articulaires et musculaires ;</li><li>Apparition de rides et de ridules ;</li><li>Manque de tonus ;</li><li>Courbatures ;</li><li>Guérison des blessures plus lente ;</li><li>Fatigue plus fréquente.</li></ul><p><br></p>\"}}, \"product_type_id\": 2}}', NULL, '2023-10-05 17:34:29', '2023-10-05 17:34:29'),
(637, 'lunar', 'created', 'Lunar\\Models\\Cart', 19, 'created', NULL, NULL, '{\"attributes\": {\"id\": 19, \"meta\": null, \"user_id\": null, \"order_id\": null, \"merged_id\": null, \"channel_id\": 1, \"created_at\": \"2023-10-05T17:35:11.000000Z\", \"coupon_code\": null, \"currency_id\": 1, \"customer_id\": null, \"completed_at\": null}}', NULL, '2023-10-05 17:35:11', '2023-10-05 17:35:11'),
(638, 'lunar', 'created', 'Lunar\\Models\\CartLine', 78, 'created', NULL, NULL, '{\"attributes\": {\"id\": 78, \"meta\": [], \"cart_id\": 19, \"quantity\": 1, \"created_at\": \"2023-10-05T17:35:11.000000Z\", \"purchasable_id\": 1, \"purchasable_type\": \"Lunar\\\\Models\\\\ProductVariant\"}}', NULL, '2023-10-05 17:35:11', '2023-10-05 17:35:11'),
(639, 'lunar', 'created', 'Lunar\\Models\\CartAddress', 23, 'created', NULL, NULL, '{\"attributes\": {\"id\": 23, \"city\": \"Cotonou\", \"meta\": null, \"type\": \"shipping\", \"state\": null, \"title\": null, \"cart_id\": 19, \"line_one\": \"Godomey97081012\", \"line_two\": null, \"postcode\": \"0\", \"last_name\": \"LOKO\", \"country_id\": 24, \"created_at\": \"2023-10-05T17:35:33.000000Z\", \"first_name\": \"Prudencia\", \"line_three\": null, \"company_name\": null, \"contact_email\": null, \"contact_phone\": null, \"shipping_option\": null, \"delivery_instructions\": null}}', NULL, '2023-10-05 17:35:33', '2023-10-05 17:35:33'),
(640, 'lunar', 'created', 'Lunar\\Models\\CartAddress', 24, 'created', NULL, NULL, '{\"attributes\": {\"id\": 24, \"city\": \"Cotonou\", \"meta\": null, \"type\": \"billing\", \"state\": null, \"title\": null, \"cart_id\": 19, \"line_one\": \"Godomey97081012\", \"line_two\": null, \"postcode\": \"0\", \"last_name\": \"LOKO\", \"country_id\": 24, \"created_at\": \"2023-10-05T17:35:33.000000Z\", \"first_name\": \"Prudencia\", \"line_three\": null, \"company_name\": null, \"contact_email\": null, \"contact_phone\": null, \"shipping_option\": null, \"delivery_instructions\": null}}', NULL, '2023-10-05 17:35:33', '2023-10-05 17:35:33');
INSERT INTO `activity_log` (`id`, `log_name`, `description`, `subject_type`, `subject_id`, `event`, `causer_type`, `causer_id`, `properties`, `batch_uuid`, `created_at`, `updated_at`) VALUES
(641, 'lunar', 'updated', 'Lunar\\Models\\CartAddress', 23, 'updated', NULL, NULL, '{\"old\": {\"id\": 23, \"city\": \"Cotonou\", \"meta\": null, \"type\": \"shipping\", \"state\": null, \"title\": null, \"cart_id\": 19, \"line_one\": \"Godomey97081012\", \"line_two\": null, \"postcode\": \"0\", \"last_name\": \"LOKO\", \"country_id\": 24, \"created_at\": \"2023-10-05T17:35:33.000000Z\", \"first_name\": \"Prudencia\", \"line_three\": null, \"company_name\": null, \"contact_email\": null, \"contact_phone\": null, \"shipping_option\": null, \"delivery_instructions\": null}, \"attributes\": {\"id\": 23, \"city\": \"Cotonou\", \"meta\": null, \"type\": \"shipping\", \"state\": null, \"title\": null, \"cart_id\": 19, \"line_one\": \"Godomey97081012\", \"line_two\": null, \"postcode\": \"0\", \"last_name\": \"LOKO\", \"country_id\": 24, \"created_at\": \"2023-10-05T17:35:33.000000Z\", \"first_name\": \"Prudencia\", \"line_three\": null, \"company_name\": null, \"contact_email\": null, \"contact_phone\": null, \"shipping_option\": \"LIVDOM\", \"delivery_instructions\": null}}', NULL, '2023-10-05 17:35:33', '2023-10-05 17:35:33'),
(642, 'lunar', 'created', 'Lunar\\Models\\Order', 8, 'created', NULL, NULL, '{\"attributes\": {\"id\": 8, \"meta\": null, \"notes\": null, \"total\": {\"value\": 20, \"unitQty\": 1, \"currency\": {\"id\": 1, \"code\": \"USD\", \"name\": \"US Dollar\", \"default\": 1, \"enabled\": 1, \"created_at\": \"2023-07-31T12:03:14.000000Z\", \"updated_at\": \"2023-08-01T20:45:48.000000Z\", \"exchange_rate\": \"1.0000\", \"decimal_places\": 0}}, \"status\": \"awaiting-payment\", \"cart_id\": 19, \"user_id\": null, \"placed_at\": null, \"reference\": null, \"sub_total\": {\"value\": 16, \"unitQty\": 1, \"currency\": {\"id\": 1, \"code\": \"USD\", \"name\": \"US Dollar\", \"default\": 1, \"enabled\": 1, \"created_at\": \"2023-07-31T12:03:14.000000Z\", \"updated_at\": \"2023-08-01T20:45:48.000000Z\", \"exchange_rate\": \"1.0000\", \"decimal_places\": 0}}, \"tax_total\": {\"value\": 0, \"unitQty\": 1, \"currency\": {\"id\": 1, \"code\": \"USD\", \"name\": \"US Dollar\", \"default\": 1, \"enabled\": 1, \"created_at\": \"2023-07-31T12:03:14.000000Z\", \"updated_at\": \"2023-08-01T20:45:48.000000Z\", \"exchange_rate\": \"1.0000\", \"decimal_places\": 0}}, \"channel_id\": 1, \"created_at\": \"2023-10-05T17:35:33.000000Z\", \"customer_id\": null, \"new_customer\": false, \"currency_code\": \"USD\", \"exchange_rate\": \"1.0000\", \"tax_breakdown\": [{\"total\": 0, \"identifier\": \"tax_rate_1\", \"percentage\": 0, \"description\": \"tax\"}], \"discount_total\": {\"value\": 0, \"unitQty\": 1, \"currency\": {\"id\": 1, \"code\": \"USD\", \"name\": \"US Dollar\", \"default\": 1, \"enabled\": 1, \"created_at\": \"2023-07-31T12:03:14.000000Z\", \"updated_at\": \"2023-08-01T20:45:48.000000Z\", \"exchange_rate\": \"1.0000\", \"decimal_places\": 0}}, \"shipping_total\": {\"value\": 4, \"unitQty\": 1, \"currency\": {\"id\": 1, \"code\": \"USD\", \"name\": \"US Dollar\", \"default\": 1, \"enabled\": 1, \"created_at\": \"2023-07-31T12:03:14.000000Z\", \"updated_at\": \"2023-08-01T20:45:48.000000Z\", \"exchange_rate\": \"1.0000\", \"decimal_places\": 0}}, \"customer_reference\": null, \"discount_breakdown\": [], \"shipping_breakdown\": [], \"compare_currency_code\": \"USD\"}}', NULL, '2023-10-05 17:35:33', '2023-10-05 17:35:33'),
(643, 'lunar', 'updated', 'Lunar\\Models\\Order', 8, 'updated', NULL, NULL, '{\"old\": {\"id\": 8, \"meta\": null, \"notes\": null, \"total\": {\"value\": 20, \"unitQty\": 1, \"currency\": {\"id\": 1, \"code\": \"USD\", \"name\": \"US Dollar\", \"default\": 1, \"enabled\": 1, \"created_at\": \"2023-07-31T12:03:14.000000Z\", \"updated_at\": \"2023-08-01T20:45:48.000000Z\", \"exchange_rate\": \"1.0000\", \"decimal_places\": 0}}, \"status\": \"awaiting-payment\", \"cart_id\": 19, \"user_id\": null, \"placed_at\": null, \"reference\": null, \"sub_total\": {\"value\": 16, \"unitQty\": 1, \"currency\": {\"id\": 1, \"code\": \"USD\", \"name\": \"US Dollar\", \"default\": 1, \"enabled\": 1, \"created_at\": \"2023-07-31T12:03:14.000000Z\", \"updated_at\": \"2023-08-01T20:45:48.000000Z\", \"exchange_rate\": \"1.0000\", \"decimal_places\": 0}}, \"tax_total\": {\"value\": 0, \"unitQty\": 1, \"currency\": {\"id\": 1, \"code\": \"USD\", \"name\": \"US Dollar\", \"default\": 1, \"enabled\": 1, \"created_at\": \"2023-07-31T12:03:14.000000Z\", \"updated_at\": \"2023-08-01T20:45:48.000000Z\", \"exchange_rate\": \"1.0000\", \"decimal_places\": 0}}, \"channel_id\": 1, \"created_at\": \"2023-10-05T17:35:33.000000Z\", \"customer_id\": null, \"new_customer\": null, \"currency_code\": \"USD\", \"exchange_rate\": \"1.0000\", \"tax_breakdown\": [{\"total\": 0, \"identifier\": \"tax_rate_1\", \"percentage\": 0, \"description\": \"tax\"}], \"discount_total\": {\"value\": 0, \"unitQty\": 1, \"currency\": {\"id\": 1, \"code\": \"USD\", \"name\": \"US Dollar\", \"default\": 1, \"enabled\": 1, \"created_at\": \"2023-07-31T12:03:14.000000Z\", \"updated_at\": \"2023-08-01T20:45:48.000000Z\", \"exchange_rate\": \"1.0000\", \"decimal_places\": 0}}, \"shipping_total\": {\"value\": 4, \"unitQty\": 1, \"currency\": {\"id\": 1, \"code\": \"USD\", \"name\": \"US Dollar\", \"default\": 1, \"enabled\": 1, \"created_at\": \"2023-07-31T12:03:14.000000Z\", \"updated_at\": \"2023-08-01T20:45:48.000000Z\", \"exchange_rate\": \"1.0000\", \"decimal_places\": 0}}, \"customer_reference\": null, \"discount_breakdown\": [], \"shipping_breakdown\": null, \"compare_currency_code\": \"USD\"}, \"attributes\": {\"id\": 8, \"meta\": null, \"notes\": null, \"total\": {\"value\": 20, \"unitQty\": 1, \"currency\": {\"id\": 1, \"code\": \"USD\", \"name\": \"US Dollar\", \"default\": 1, \"enabled\": 1, \"created_at\": \"2023-07-31T12:03:14.000000Z\", \"updated_at\": \"2023-08-01T20:45:48.000000Z\", \"exchange_rate\": \"1.0000\", \"decimal_places\": 0}}, \"status\": \"awaiting-payment\", \"cart_id\": 19, \"user_id\": null, \"placed_at\": null, \"reference\": \"2023-10-0002\", \"sub_total\": {\"value\": 16, \"unitQty\": 1, \"currency\": {\"id\": 1, \"code\": \"USD\", \"name\": \"US Dollar\", \"default\": 1, \"enabled\": 1, \"created_at\": \"2023-07-31T12:03:14.000000Z\", \"updated_at\": \"2023-08-01T20:45:48.000000Z\", \"exchange_rate\": \"1.0000\", \"decimal_places\": 0}}, \"tax_total\": {\"value\": 0, \"unitQty\": 1, \"currency\": {\"id\": 1, \"code\": \"USD\", \"name\": \"US Dollar\", \"default\": 1, \"enabled\": 1, \"created_at\": \"2023-07-31T12:03:14.000000Z\", \"updated_at\": \"2023-08-01T20:45:48.000000Z\", \"exchange_rate\": \"1.0000\", \"decimal_places\": 0}}, \"channel_id\": 1, \"created_at\": \"2023-10-05T17:35:33.000000Z\", \"customer_id\": null, \"new_customer\": false, \"currency_code\": \"USD\", \"exchange_rate\": \"1.0000\", \"tax_breakdown\": [{\"total\": 0, \"identifier\": \"tax_rate_1\", \"percentage\": 0, \"description\": \"tax\"}], \"discount_total\": {\"value\": 0, \"unitQty\": 1, \"currency\": {\"id\": 1, \"code\": \"USD\", \"name\": \"US Dollar\", \"default\": 1, \"enabled\": 1, \"created_at\": \"2023-07-31T12:03:14.000000Z\", \"updated_at\": \"2023-08-01T20:45:48.000000Z\", \"exchange_rate\": \"1.0000\", \"decimal_places\": 0}}, \"shipping_total\": {\"value\": 4, \"unitQty\": 1, \"currency\": {\"id\": 1, \"code\": \"USD\", \"name\": \"US Dollar\", \"default\": 1, \"enabled\": 1, \"created_at\": \"2023-07-31T12:03:14.000000Z\", \"updated_at\": \"2023-08-01T20:45:48.000000Z\", \"exchange_rate\": \"1.0000\", \"decimal_places\": 0}}, \"customer_reference\": null, \"discount_breakdown\": [], \"shipping_breakdown\": [], \"compare_currency_code\": \"USD\"}}', NULL, '2023-10-05 17:35:33', '2023-10-05 17:35:33'),
(644, 'lunar', 'created', 'Lunar\\Models\\OrderLine', 27, 'created', NULL, NULL, '{\"attributes\": {\"id\": 27, \"meta\": [], \"type\": \"physical\", \"notes\": null, \"total\": {\"value\": 16, \"unitQty\": 1, \"currency\": {\"id\": 1, \"code\": \"USD\", \"name\": \"US Dollar\", \"default\": 1, \"enabled\": 1, \"created_at\": \"2023-07-31T12:03:14.000000Z\", \"updated_at\": \"2023-08-01T20:45:48.000000Z\", \"exchange_rate\": \"1.0000\", \"decimal_places\": 0, \"laravel_through_key\": 8}}, \"option\": \"\", \"order_id\": 8, \"quantity\": 1, \"sub_total\": {\"value\": 16, \"unitQty\": 1, \"currency\": {\"id\": 1, \"code\": \"USD\", \"name\": \"US Dollar\", \"default\": 1, \"enabled\": 1, \"created_at\": \"2023-07-31T12:03:14.000000Z\", \"updated_at\": \"2023-08-01T20:45:48.000000Z\", \"exchange_rate\": \"1.0000\", \"decimal_places\": 0, \"laravel_through_key\": 8}}, \"tax_total\": {\"value\": 0, \"unitQty\": 1, \"currency\": {\"id\": 1, \"code\": \"USD\", \"name\": \"US Dollar\", \"default\": 1, \"enabled\": 1, \"created_at\": \"2023-07-31T12:03:14.000000Z\", \"updated_at\": \"2023-08-01T20:45:48.000000Z\", \"exchange_rate\": \"1.0000\", \"decimal_places\": 0, \"laravel_through_key\": 8}}, \"created_at\": \"2023-10-05T17:35:33.000000Z\", \"identifier\": \"articu\", \"unit_price\": {\"value\": 16, \"unitQty\": 1, \"currency\": {\"id\": 1, \"code\": \"USD\", \"name\": \"US Dollar\", \"default\": 1, \"enabled\": 1, \"created_at\": \"2023-07-31T12:03:14.000000Z\", \"updated_at\": \"2023-08-01T20:45:48.000000Z\", \"exchange_rate\": \"1.0000\", \"decimal_places\": 0, \"laravel_through_key\": 8}}, \"description\": \"Articu\", \"tax_breakdown\": [{\"total\": 0, \"identifier\": \"tax_rate_1\", \"percentage\": 0, \"description\": \"tax\"}], \"unit_quantity\": 1, \"discount_total\": {\"value\": 0, \"unitQty\": 1, \"currency\": {\"id\": 1, \"code\": \"USD\", \"name\": \"US Dollar\", \"default\": 1, \"enabled\": 1, \"created_at\": \"2023-07-31T12:03:14.000000Z\", \"updated_at\": \"2023-08-01T20:45:48.000000Z\", \"exchange_rate\": \"1.0000\", \"decimal_places\": 0, \"laravel_through_key\": 8}}, \"purchasable_id\": 1, \"purchasable_type\": \"Lunar\\\\Models\\\\ProductVariant\"}}', NULL, '2023-10-05 17:35:33', '2023-10-05 17:35:33'),
(645, 'lunar', 'created', 'Lunar\\Models\\OrderAddress', 15, 'created', NULL, NULL, '{\"attributes\": {\"id\": 15, \"city\": \"Cotonou\", \"meta\": null, \"type\": \"shipping\", \"state\": null, \"title\": null, \"line_one\": \"Godomey97081012\", \"line_two\": null, \"order_id\": 8, \"postcode\": \"0\", \"last_name\": \"LOKO\", \"country_id\": 24, \"created_at\": \"2023-10-05T17:35:33.000000Z\", \"first_name\": \"Prudencia\", \"line_three\": null, \"company_name\": null, \"contact_email\": null, \"contact_phone\": null, \"shipping_option\": null, \"delivery_instructions\": null}}', NULL, '2023-10-05 17:35:33', '2023-10-05 17:35:33'),
(646, 'lunar', 'created', 'Lunar\\Models\\OrderAddress', 16, 'created', NULL, NULL, '{\"attributes\": {\"id\": 16, \"city\": \"Cotonou\", \"meta\": null, \"type\": \"billing\", \"state\": null, \"title\": null, \"line_one\": \"Godomey97081012\", \"line_two\": null, \"order_id\": 8, \"postcode\": \"0\", \"last_name\": \"LOKO\", \"country_id\": 24, \"created_at\": \"2023-10-05T17:35:33.000000Z\", \"first_name\": \"Prudencia\", \"line_three\": null, \"company_name\": null, \"contact_email\": null, \"contact_phone\": null, \"shipping_option\": null, \"delivery_instructions\": null}}', NULL, '2023-10-05 17:35:33', '2023-10-05 17:35:33'),
(647, 'lunar', 'created', 'Lunar\\Models\\OrderLine', 28, 'created', NULL, NULL, '{\"attributes\": {\"id\": 28, \"meta\": [], \"type\": \"shipping\", \"notes\": null, \"total\": {\"value\": 4, \"unitQty\": 1, \"currency\": {\"id\": 1, \"code\": \"USD\", \"name\": \"US Dollar\", \"default\": 1, \"enabled\": 1, \"created_at\": \"2023-07-31T12:03:14.000000Z\", \"updated_at\": \"2023-08-01T20:45:48.000000Z\", \"exchange_rate\": \"1.0000\", \"decimal_places\": 0, \"laravel_through_key\": 8}}, \"option\": null, \"order_id\": 8, \"quantity\": 1, \"sub_total\": {\"value\": 4, \"unitQty\": 1, \"currency\": {\"id\": 1, \"code\": \"USD\", \"name\": \"US Dollar\", \"default\": 1, \"enabled\": 1, \"created_at\": \"2023-07-31T12:03:14.000000Z\", \"updated_at\": \"2023-08-01T20:45:48.000000Z\", \"exchange_rate\": \"1.0000\", \"decimal_places\": 0, \"laravel_through_key\": 8}}, \"tax_total\": {\"value\": 0, \"unitQty\": 1, \"currency\": {\"id\": 1, \"code\": \"USD\", \"name\": \"US Dollar\", \"default\": 1, \"enabled\": 1, \"created_at\": \"2023-07-31T12:03:14.000000Z\", \"updated_at\": \"2023-08-01T20:45:48.000000Z\", \"exchange_rate\": \"1.0000\", \"decimal_places\": 0, \"laravel_through_key\": 8}}, \"created_at\": \"2023-10-05T17:35:33.000000Z\", \"identifier\": \"LIVDOM\", \"unit_price\": {\"value\": 4, \"unitQty\": 1, \"currency\": {\"id\": 1, \"code\": \"USD\", \"name\": \"US Dollar\", \"default\": 1, \"enabled\": 1, \"created_at\": \"2023-07-31T12:03:14.000000Z\", \"updated_at\": \"2023-08-01T20:45:48.000000Z\", \"exchange_rate\": \"1.0000\", \"decimal_places\": 0, \"laravel_through_key\": 8}}, \"description\": \"Home delivery\", \"tax_breakdown\": [{\"total\": 0, \"identifier\": \"tax_rate_1\", \"percentage\": 0, \"description\": \"tax\"}], \"unit_quantity\": 1, \"discount_total\": {\"value\": 0, \"unitQty\": 1, \"currency\": {\"id\": 1, \"code\": \"USD\", \"name\": \"US Dollar\", \"default\": 1, \"enabled\": 1, \"created_at\": \"2023-07-31T12:03:14.000000Z\", \"updated_at\": \"2023-08-01T20:45:48.000000Z\", \"exchange_rate\": \"1.0000\", \"decimal_places\": 0, \"laravel_through_key\": 8}}, \"purchasable_id\": 1, \"purchasable_type\": \"Lunar\\\\DataTypes\\\\ShippingOption\"}}', NULL, '2023-10-05 17:35:33', '2023-10-05 17:35:33'),
(648, 'lunar', 'updated', 'Lunar\\Models\\Order', 8, 'updated', NULL, NULL, '{\"old\": {\"id\": 8, \"meta\": null, \"notes\": null, \"total\": {\"value\": 20, \"unitQty\": 1, \"currency\": {\"id\": 1, \"code\": \"USD\", \"name\": \"US Dollar\", \"default\": 1, \"enabled\": 1, \"created_at\": \"2023-07-31T12:03:14.000000Z\", \"updated_at\": \"2023-08-01T20:45:48.000000Z\", \"exchange_rate\": \"1.0000\", \"decimal_places\": 0}}, \"status\": \"awaiting-payment\", \"cart_id\": 19, \"user_id\": null, \"placed_at\": null, \"reference\": \"2023-10-0002\", \"sub_total\": {\"value\": 16, \"unitQty\": 1, \"currency\": {\"id\": 1, \"code\": \"USD\", \"name\": \"US Dollar\", \"default\": 1, \"enabled\": 1, \"created_at\": \"2023-07-31T12:03:14.000000Z\", \"updated_at\": \"2023-08-01T20:45:48.000000Z\", \"exchange_rate\": \"1.0000\", \"decimal_places\": 0}}, \"tax_total\": {\"value\": 0, \"unitQty\": 1, \"currency\": {\"id\": 1, \"code\": \"USD\", \"name\": \"US Dollar\", \"default\": 1, \"enabled\": 1, \"created_at\": \"2023-07-31T12:03:14.000000Z\", \"updated_at\": \"2023-08-01T20:45:48.000000Z\", \"exchange_rate\": \"1.0000\", \"decimal_places\": 0}}, \"channel_id\": 1, \"created_at\": \"2023-10-05T17:35:33.000000Z\", \"customer_id\": null, \"new_customer\": true, \"currency_code\": \"USD\", \"exchange_rate\": \"1.0000\", \"tax_breakdown\": [{\"total\": 0, \"identifier\": \"tax_rate_1\", \"percentage\": 0, \"description\": \"tax\"}], \"discount_total\": {\"value\": 0, \"unitQty\": 1, \"currency\": {\"id\": 1, \"code\": \"USD\", \"name\": \"US Dollar\", \"default\": 1, \"enabled\": 1, \"created_at\": \"2023-07-31T12:03:14.000000Z\", \"updated_at\": \"2023-08-01T20:45:48.000000Z\", \"exchange_rate\": \"1.0000\", \"decimal_places\": 0}}, \"shipping_total\": {\"value\": 4, \"unitQty\": 1, \"currency\": {\"id\": 1, \"code\": \"USD\", \"name\": \"US Dollar\", \"default\": 1, \"enabled\": 1, \"created_at\": \"2023-07-31T12:03:14.000000Z\", \"updated_at\": \"2023-08-01T20:45:48.000000Z\", \"exchange_rate\": \"1.0000\", \"decimal_places\": 0}}, \"customer_reference\": null, \"discount_breakdown\": [], \"shipping_breakdown\": [], \"compare_currency_code\": \"USD\"}, \"attributes\": {\"id\": 8, \"meta\": null, \"notes\": null, \"total\": {\"value\": 20, \"unitQty\": 1, \"currency\": {\"id\": 1, \"code\": \"USD\", \"name\": \"US Dollar\", \"default\": 1, \"enabled\": 1, \"created_at\": \"2023-07-31T12:03:14.000000Z\", \"updated_at\": \"2023-08-01T20:45:48.000000Z\", \"exchange_rate\": \"1.0000\", \"decimal_places\": 0}}, \"status\": \"awaiting-payment\", \"cart_id\": 19, \"user_id\": null, \"placed_at\": null, \"reference\": \"2023-10-0002\", \"sub_total\": {\"value\": 16, \"unitQty\": 1, \"currency\": {\"id\": 1, \"code\": \"USD\", \"name\": \"US Dollar\", \"default\": 1, \"enabled\": 1, \"created_at\": \"2023-07-31T12:03:14.000000Z\", \"updated_at\": \"2023-08-01T20:45:48.000000Z\", \"exchange_rate\": \"1.0000\", \"decimal_places\": 0}}, \"tax_total\": {\"value\": 0, \"unitQty\": 1, \"currency\": {\"id\": 1, \"code\": \"USD\", \"name\": \"US Dollar\", \"default\": 1, \"enabled\": 1, \"created_at\": \"2023-07-31T12:03:14.000000Z\", \"updated_at\": \"2023-08-01T20:45:48.000000Z\", \"exchange_rate\": \"1.0000\", \"decimal_places\": 0}}, \"channel_id\": 1, \"created_at\": \"2023-10-05T17:35:33.000000Z\", \"customer_id\": 68, \"new_customer\": true, \"currency_code\": \"USD\", \"exchange_rate\": \"1.0000\", \"tax_breakdown\": [{\"total\": 0, \"identifier\": \"tax_rate_1\", \"percentage\": 0, \"description\": \"tax\"}], \"discount_total\": {\"value\": 0, \"unitQty\": 1, \"currency\": {\"id\": 1, \"code\": \"USD\", \"name\": \"US Dollar\", \"default\": 1, \"enabled\": 1, \"created_at\": \"2023-07-31T12:03:14.000000Z\", \"updated_at\": \"2023-08-01T20:45:48.000000Z\", \"exchange_rate\": \"1.0000\", \"decimal_places\": 0}}, \"shipping_total\": {\"value\": 4, \"unitQty\": 1, \"currency\": {\"id\": 1, \"code\": \"USD\", \"name\": \"US Dollar\", \"default\": 1, \"enabled\": 1, \"created_at\": \"2023-07-31T12:03:14.000000Z\", \"updated_at\": \"2023-08-01T20:45:48.000000Z\", \"exchange_rate\": \"1.0000\", \"decimal_places\": 0}}, \"customer_reference\": null, \"discount_breakdown\": [], \"shipping_breakdown\": [], \"compare_currency_code\": \"USD\"}}', NULL, '2023-10-05 17:35:33', '2023-10-05 17:35:33'),
(649, 'lunar', 'updated', 'Lunar\\Models\\OrderAddress', 15, 'updated', NULL, NULL, '{\"old\": {\"id\": 15, \"city\": \"Cotonou\", \"meta\": null, \"type\": \"shipping\", \"state\": null, \"title\": null, \"line_one\": \"Godomey97081012\", \"line_two\": null, \"order_id\": 8, \"postcode\": \"0\", \"last_name\": \"LOKO\", \"country_id\": 24, \"created_at\": \"2023-10-05T17:35:33.000000Z\", \"first_name\": \"Prudencia\", \"line_three\": null, \"company_name\": null, \"contact_email\": null, \"contact_phone\": null, \"shipping_option\": null, \"delivery_instructions\": null}, \"attributes\": {\"id\": 15, \"city\": \"Cotonou\", \"meta\": null, \"type\": \"shipping\", \"state\": null, \"title\": null, \"line_one\": \"Godomey97081012\", \"line_two\": null, \"order_id\": 8, \"postcode\": \"0\", \"last_name\": \"LOKO\", \"country_id\": 24, \"created_at\": \"2023-10-05T17:35:33.000000Z\", \"first_name\": \"Prudencia\", \"line_three\": null, \"company_name\": null, \"contact_email\": null, \"contact_phone\": null, \"shipping_option\": \"Home delivery\", \"delivery_instructions\": null}}', NULL, '2023-10-05 17:35:33', '2023-10-05 17:35:33'),
(650, 'lunar', 'created', 'Lunar\\Models\\Cart', 20, 'created', NULL, NULL, '{\"attributes\": {\"id\": 20, \"meta\": null, \"user_id\": null, \"order_id\": null, \"merged_id\": null, \"channel_id\": 1, \"created_at\": \"2023-10-05T17:36:23.000000Z\", \"coupon_code\": null, \"currency_id\": 1, \"customer_id\": null, \"completed_at\": null}}', NULL, '2023-10-05 17:36:23', '2023-10-05 17:36:23'),
(651, 'lunar', 'created', 'Lunar\\Models\\CartLine', 79, 'created', NULL, NULL, '{\"attributes\": {\"id\": 79, \"meta\": [], \"cart_id\": 20, \"quantity\": 1, \"created_at\": \"2023-10-05T17:36:23.000000Z\", \"purchasable_id\": 3, \"purchasable_type\": \"Lunar\\\\Models\\\\ProductVariant\"}}', NULL, '2023-10-05 17:36:23', '2023-10-05 17:36:23'),
(652, 'lunar', 'deleted', 'Lunar\\Models\\CartLine', 79, 'deleted', NULL, NULL, '{\"old\": {\"id\": 79, \"meta\": [], \"cart_id\": 20, \"quantity\": 1, \"created_at\": \"2023-10-05T17:36:23.000000Z\", \"purchasable_id\": 3, \"purchasable_type\": \"Lunar\\\\Models\\\\ProductVariant\"}}', NULL, '2023-10-05 17:37:06', '2023-10-05 17:37:06'),
(653, 'lunar', 'updated', 'Lunar\\Models\\Product', 11, 'updated', NULL, NULL, '{\"old\": {\"id\": 11, \"views\": 30, \"status\": \"published\", \"brand_id\": 1, \"created_at\": \"2023-08-02T17:54:13.000000Z\", \"deleted_at\": null, \"attribute_data\": {\"name\": {\"en\": \"Phyto Biotique\", \"fr\": \"Phyto Biotique\"}, \"composition\": {\"en\": \"<p>Caessalpina Pulcherrima, Lapacho, Dryopteridaceae.</p>\", \"fr\": \"<p><span style=\\\"color: rgb(74, 61, 54);\\\">Caessalpina Pulcherrima, Lapacho, Dryoptéridacées.</span></p>\"}, \"description\": {\"en\": \"<p>Cartridge of 15 tea bags of 2.5g</p>\", \"fr\": \"<p><span style=\\\"color: rgb(74, 61, 54);\\\">Cartouche de 15 sachets de thé de 2,5g</span></p>\"}, \"other_details\": {\"en\": \"<p>Pharmacological properties:</p><ul><li>Antibiotic;</li><li>Antibacterial.</li></ul><p><br></p><p>Instructions for use and dosage:</p><p>Infuse 01 sachet in a cup of hot water (250 ml) for 10 to 15 minutes and drink early in the morning in case of prevention.</p><p>Drink the infusion 3 times a day until the total disappearance of the symptoms in case of treatment.</p>\", \"fr\": \"<p><strong style=\\\"color: rgb(54, 54, 54);\\\">Propriétés pharmacologiques :</strong></p><ul><li><span style=\\\"color: rgb(74, 61, 54);\\\"> Antibiotique ;</span></li><li><span style=\\\"color: rgb(74, 61, 54);\\\">Antibactérien.</span></li></ul><p><br></p><p><strong style=\\\"color: rgb(54, 54, 54);\\\">Mode d\'emploi et posologie :</strong></p><p><span style=\\\"color: rgb(74, 61, 54);\\\">Infuser 01 sachet dans une tasse d\'eau chaude (250 ml) pendant 10 à 15 minutes et déguster à jeune le matin en cas de prévention.&nbsp;</span></p><p><span style=\\\"color: rgb(74, 61, 54);\\\">Boire l\'infusion 3 fois par jour jusqu\'à la disparition totale des symptômes en cas de traitement.</span></p>\"}}, \"product_type_id\": 5}, \"attributes\": {\"id\": 11, \"views\": 31, \"status\": \"published\", \"brand_id\": 1, \"created_at\": \"2023-08-02T17:54:13.000000Z\", \"deleted_at\": null, \"attribute_data\": {\"name\": {\"en\": \"Phyto Biotique\", \"fr\": \"Phyto Biotique\"}, \"composition\": {\"en\": \"<p>Caessalpina Pulcherrima, Lapacho, Dryopteridaceae.</p>\", \"fr\": \"<p><span style=\\\"color: rgb(74, 61, 54);\\\">Caessalpina Pulcherrima, Lapacho, Dryoptéridacées.</span></p>\"}, \"description\": {\"en\": \"<p>Cartridge of 15 tea bags of 2.5g</p>\", \"fr\": \"<p><span style=\\\"color: rgb(74, 61, 54);\\\">Cartouche de 15 sachets de thé de 2,5g</span></p>\"}, \"other_details\": {\"en\": \"<p>Pharmacological properties:</p><ul><li>Antibiotic;</li><li>Antibacterial.</li></ul><p><br></p><p>Instructions for use and dosage:</p><p>Infuse 01 sachet in a cup of hot water (250 ml) for 10 to 15 minutes and drink early in the morning in case of prevention.</p><p>Drink the infusion 3 times a day until the total disappearance of the symptoms in case of treatment.</p>\", \"fr\": \"<p><strong style=\\\"color: rgb(54, 54, 54);\\\">Propriétés pharmacologiques :</strong></p><ul><li><span style=\\\"color: rgb(74, 61, 54);\\\"> Antibiotique ;</span></li><li><span style=\\\"color: rgb(74, 61, 54);\\\">Antibactérien.</span></li></ul><p><br></p><p><strong style=\\\"color: rgb(54, 54, 54);\\\">Mode d\'emploi et posologie :</strong></p><p><span style=\\\"color: rgb(74, 61, 54);\\\">Infuser 01 sachet dans une tasse d\'eau chaude (250 ml) pendant 10 à 15 minutes et déguster à jeune le matin en cas de prévention.&nbsp;</span></p><p><span style=\\\"color: rgb(74, 61, 54);\\\">Boire l\'infusion 3 fois par jour jusqu\'à la disparition totale des symptômes en cas de traitement.</span></p>\"}}, \"product_type_id\": 5}}', NULL, '2023-10-05 18:26:47', '2023-10-05 18:26:47'),
(654, 'lunar', 'updated', 'Lunar\\Models\\Product', 11, 'updated', NULL, NULL, '{\"old\": {\"id\": null, \"views\": null, \"status\": null, \"brand_id\": null, \"created_at\": null, \"deleted_at\": null, \"attribute_data\": null, \"product_type_id\": null}, \"attributes\": {\"id\": 11, \"views\": 31, \"status\": \"published\", \"brand_id\": 1, \"created_at\": \"2023-08-02T17:54:13.000000Z\", \"deleted_at\": null, \"attribute_data\": {\"name\": {\"en\": \"Phyto Biotique\", \"fr\": \"Phyto Biotique\"}, \"composition\": {\"en\": \"<p>Caessalpina Pulcherrima, Lapacho, Dryopteridaceae.</p>\", \"fr\": \"<p><span style=\\\"color: rgb(74, 61, 54);\\\">Caessalpina Pulcherrima, Lapacho, Dryoptéridacées.</span></p>\"}, \"description\": {\"en\": \"<p>Cartridge of 15 tea bags of 2.5g</p>\", \"fr\": \"<p><span style=\\\"color: rgb(74, 61, 54);\\\">Cartouche de 15 sachets de thé de 2,5g</span></p>\"}, \"other_details\": {\"en\": \"<p>Pharmacological properties:</p><ul><li>Antibiotic;</li><li>Antibacterial.</li></ul><p><br></p><p>Instructions for use and dosage:</p><p>Infuse 01 sachet in a cup of hot water (250 ml) for 10 to 15 minutes and drink early in the morning in case of prevention.</p><p>Drink the infusion 3 times a day until the total disappearance of the symptoms in case of treatment.</p>\", \"fr\": \"<p><strong style=\\\"color: rgb(54, 54, 54);\\\">Propriétés pharmacologiques :</strong></p><ul><li><span style=\\\"color: rgb(74, 61, 54);\\\"> Antibiotique ;</span></li><li><span style=\\\"color: rgb(74, 61, 54);\\\">Antibactérien.</span></li></ul><p><br></p><p><strong style=\\\"color: rgb(54, 54, 54);\\\">Mode d\'emploi et posologie :</strong></p><p><span style=\\\"color: rgb(74, 61, 54);\\\">Infuser 01 sachet dans une tasse d\'eau chaude (250 ml) pendant 10 à 15 minutes et déguster à jeune le matin en cas de prévention.&nbsp;</span></p><p><span style=\\\"color: rgb(74, 61, 54);\\\">Boire l\'infusion 3 fois par jour jusqu\'à la disparition totale des symptômes en cas de traitement.</span></p>\"}}, \"product_type_id\": 5}}', NULL, '2023-10-05 18:26:47', '2023-10-05 18:26:47'),
(655, 'lunar', 'updated', 'Lunar\\Models\\Product', 14, 'updated', NULL, NULL, '{\"old\": {\"id\": 14, \"views\": 28, \"status\": \"published\", \"brand_id\": 1, \"created_at\": \"2023-08-02T18:10:11.000000Z\", \"deleted_at\": null, \"attribute_data\": {\"name\": {\"en\": \"water ionizer\", \"fr\": \"Ioniseur d\'eau\"}, \"composition\": {\"en\": \"<p>Appareil faitt à base d\'équipements électroniques</p>\", \"fr\": \"<p>Device made from electronic equipment</p>\"}, \"description\": {\"en\": \"<p>The water ionizer is a household appliance that is installed in the kitchen at home or in the office. It first filters tap water and transforms it through electrolysis into two categories of water, one acidic and the other alkaline.</p>\", \"fr\": \"<p><span style=\\\"color: rgb(74, 61, 54);\\\">L’ioniseur d’eau est un appareil électroménager qu’on installe à la cuisine à la maison ou au bureau. IL permet d’abord de filtrer l’eau du robinet et la transforme par l’électrolyse en deux catégories d’eau, l’une acide et l’autre alcaline.</span></p>\"}, \"other_details\": {\"en\": \"<p><strong>Acid water</strong></p><p>It contains a significant overload of positive H+ ions which makes it oxidizing and acidic substances such as sulphur, phosphate, etc. Acidic water is for external use and even serves as a lotion for body beauty. It is also used for the maintenance of surfaces; it is a disinfectant.</p><p><strong>Alkaline Ionized Water</strong></p><p>The basis of good health is the acid-base balance of the body and alkaline water helps maintain this balance. Water is said to be ionized alkaline when it contains alkaline minerals such as calcium, magnesium, potassium and is saturated with oxygen.</p>\", \"fr\": \"<p><strong style=\\\"color: rgb(54, 54, 54);\\\">L’eau Acide</strong></p><p>Elle contient une surcharge importante d’ions positifs H+ qui la rend oxydant et des substances acides tel le soufre, le phosphate, etc. L’eau acide est à l’usage externe et sert même de lotion pour la beauté corporelle. On l’utilise également pour l’entretien des surfaces ; c’est un désinfectant.</p><p><strong style=\\\"color: rgb(54, 54, 54);\\\">L’eau Alcaline Ionisée</strong></p><p>La base d’une bonne santé repose sur l’équilibre acido-basique du corps et l’eau alcaline permet de maintenir cet équilibre. Une eau est dite alcaline ionisée quand elle contient des minéraux alcalins comme le calcium, le magnésium, le potassium et est saturée en oxygène.</p><p><span style=\\\"color: rgb(74, 61, 54);\\\">Boire de l’eau alcaline permet de : </span></p><ul><li><span style=\\\"color: rgb(74, 61, 54);\\\">Combattre l’acidité Lutter contre l’acidose </span></li><li><span style=\\\"color: rgb(74, 61, 54);\\\">Lutter contre les radicaux libres </span></li><li><span style=\\\"color: rgb(74, 61, 54);\\\">Lutter contre beaucoup de maladies </span></li><li><span style=\\\"color: rgb(74, 61, 54);\\\">Hydrater le corps</span></li><li><span style=\\\"color: rgb(74, 61, 54);\\\">Équilibre le poids corporel. </span></li></ul><p><span style=\\\"color: rgb(74, 61, 54);\\\">En un mot, une eau alcaline ionisée, est une eau anti-oxydante: source de bien-être.</span></p><p><br></p>\"}}, \"product_type_id\": 6}, \"attributes\": {\"id\": 14, \"views\": 29, \"status\": \"published\", \"brand_id\": 1, \"created_at\": \"2023-08-02T18:10:11.000000Z\", \"deleted_at\": null, \"attribute_data\": {\"name\": {\"en\": \"water ionizer\", \"fr\": \"Ioniseur d\'eau\"}, \"composition\": {\"en\": \"<p>Appareil faitt à base d\'équipements électroniques</p>\", \"fr\": \"<p>Device made from electronic equipment</p>\"}, \"description\": {\"en\": \"<p>The water ionizer is a household appliance that is installed in the kitchen at home or in the office. It first filters tap water and transforms it through electrolysis into two categories of water, one acidic and the other alkaline.</p>\", \"fr\": \"<p><span style=\\\"color: rgb(74, 61, 54);\\\">L’ioniseur d’eau est un appareil électroménager qu’on installe à la cuisine à la maison ou au bureau. IL permet d’abord de filtrer l’eau du robinet et la transforme par l’électrolyse en deux catégories d’eau, l’une acide et l’autre alcaline.</span></p>\"}, \"other_details\": {\"en\": \"<p><strong>Acid water</strong></p><p>It contains a significant overload of positive H+ ions which makes it oxidizing and acidic substances such as sulphur, phosphate, etc. Acidic water is for external use and even serves as a lotion for body beauty. It is also used for the maintenance of surfaces; it is a disinfectant.</p><p><strong>Alkaline Ionized Water</strong></p><p>The basis of good health is the acid-base balance of the body and alkaline water helps maintain this balance. Water is said to be ionized alkaline when it contains alkaline minerals such as calcium, magnesium, potassium and is saturated with oxygen.</p>\", \"fr\": \"<p><strong style=\\\"color: rgb(54, 54, 54);\\\">L’eau Acide</strong></p><p>Elle contient une surcharge importante d’ions positifs H+ qui la rend oxydant et des substances acides tel le soufre, le phosphate, etc. L’eau acide est à l’usage externe et sert même de lotion pour la beauté corporelle. On l’utilise également pour l’entretien des surfaces ; c’est un désinfectant.</p><p><strong style=\\\"color: rgb(54, 54, 54);\\\">L’eau Alcaline Ionisée</strong></p><p>La base d’une bonne santé repose sur l’équilibre acido-basique du corps et l’eau alcaline permet de maintenir cet équilibre. Une eau est dite alcaline ionisée quand elle contient des minéraux alcalins comme le calcium, le magnésium, le potassium et est saturée en oxygène.</p><p><span style=\\\"color: rgb(74, 61, 54);\\\">Boire de l’eau alcaline permet de : </span></p><ul><li><span style=\\\"color: rgb(74, 61, 54);\\\">Combattre l’acidité Lutter contre l’acidose </span></li><li><span style=\\\"color: rgb(74, 61, 54);\\\">Lutter contre les radicaux libres </span></li><li><span style=\\\"color: rgb(74, 61, 54);\\\">Lutter contre beaucoup de maladies </span></li><li><span style=\\\"color: rgb(74, 61, 54);\\\">Hydrater le corps</span></li><li><span style=\\\"color: rgb(74, 61, 54);\\\">Équilibre le poids corporel. </span></li></ul><p><span style=\\\"color: rgb(74, 61, 54);\\\">En un mot, une eau alcaline ionisée, est une eau anti-oxydante: source de bien-être.</span></p><p><br></p>\"}}, \"product_type_id\": 6}}', NULL, '2023-10-06 12:42:12', '2023-10-06 12:42:12'),
(656, 'lunar', 'updated', 'Lunar\\Models\\Product', 14, 'updated', NULL, NULL, '{\"old\": {\"id\": null, \"views\": null, \"status\": null, \"brand_id\": null, \"created_at\": null, \"deleted_at\": null, \"attribute_data\": null, \"product_type_id\": null}, \"attributes\": {\"id\": 14, \"views\": 29, \"status\": \"published\", \"brand_id\": 1, \"created_at\": \"2023-08-02T18:10:11.000000Z\", \"deleted_at\": null, \"attribute_data\": {\"name\": {\"en\": \"water ionizer\", \"fr\": \"Ioniseur d\'eau\"}, \"composition\": {\"en\": \"<p>Appareil faitt à base d\'équipements électroniques</p>\", \"fr\": \"<p>Device made from electronic equipment</p>\"}, \"description\": {\"en\": \"<p>The water ionizer is a household appliance that is installed in the kitchen at home or in the office. It first filters tap water and transforms it through electrolysis into two categories of water, one acidic and the other alkaline.</p>\", \"fr\": \"<p><span style=\\\"color: rgb(74, 61, 54);\\\">L’ioniseur d’eau est un appareil électroménager qu’on installe à la cuisine à la maison ou au bureau. IL permet d’abord de filtrer l’eau du robinet et la transforme par l’électrolyse en deux catégories d’eau, l’une acide et l’autre alcaline.</span></p>\"}, \"other_details\": {\"en\": \"<p><strong>Acid water</strong></p><p>It contains a significant overload of positive H+ ions which makes it oxidizing and acidic substances such as sulphur, phosphate, etc. Acidic water is for external use and even serves as a lotion for body beauty. It is also used for the maintenance of surfaces; it is a disinfectant.</p><p><strong>Alkaline Ionized Water</strong></p><p>The basis of good health is the acid-base balance of the body and alkaline water helps maintain this balance. Water is said to be ionized alkaline when it contains alkaline minerals such as calcium, magnesium, potassium and is saturated with oxygen.</p>\", \"fr\": \"<p><strong style=\\\"color: rgb(54, 54, 54);\\\">L’eau Acide</strong></p><p>Elle contient une surcharge importante d’ions positifs H+ qui la rend oxydant et des substances acides tel le soufre, le phosphate, etc. L’eau acide est à l’usage externe et sert même de lotion pour la beauté corporelle. On l’utilise également pour l’entretien des surfaces ; c’est un désinfectant.</p><p><strong style=\\\"color: rgb(54, 54, 54);\\\">L’eau Alcaline Ionisée</strong></p><p>La base d’une bonne santé repose sur l’équilibre acido-basique du corps et l’eau alcaline permet de maintenir cet équilibre. Une eau est dite alcaline ionisée quand elle contient des minéraux alcalins comme le calcium, le magnésium, le potassium et est saturée en oxygène.</p><p><span style=\\\"color: rgb(74, 61, 54);\\\">Boire de l’eau alcaline permet de : </span></p><ul><li><span style=\\\"color: rgb(74, 61, 54);\\\">Combattre l’acidité Lutter contre l’acidose </span></li><li><span style=\\\"color: rgb(74, 61, 54);\\\">Lutter contre les radicaux libres </span></li><li><span style=\\\"color: rgb(74, 61, 54);\\\">Lutter contre beaucoup de maladies </span></li><li><span style=\\\"color: rgb(74, 61, 54);\\\">Hydrater le corps</span></li><li><span style=\\\"color: rgb(74, 61, 54);\\\">Équilibre le poids corporel. </span></li></ul><p><span style=\\\"color: rgb(74, 61, 54);\\\">En un mot, une eau alcaline ionisée, est une eau anti-oxydante: source de bien-être.</span></p><p><br></p>\"}}, \"product_type_id\": 6}}', NULL, '2023-10-06 12:42:12', '2023-10-06 12:42:12'),
(657, 'lunar', 'updated', 'Lunar\\Models\\Product', 10, 'updated', NULL, NULL, '{\"old\": {\"id\": 10, \"views\": 51, \"status\": \"published\", \"brand_id\": 1, \"created_at\": \"2023-08-02T17:48:40.000000Z\", \"deleted_at\": null, \"attribute_data\": {\"name\": {\"en\": \"Bio Herbs Coffee\", \"fr\": \"Bio Herbs Coffee\"}, \"composition\": {\"en\": \"<p><span style=\\\"color: rgb(74, 61, 54);\\\">It is a mixture of medicinal herbs and</span></p><p><span style=\\\"color: rgb(74, 61, 54);\\\">coffee nuts which has exceptional virtues on male health.</span></p>\", \"fr\": \"<p>C\'est un mélange d\'herbes médicinales et noix de café qui a des vertus exceptionnelles sur la santé masculine.</p>\"}, \"description\": {\"en\": \"<p><span style=\\\"color: rgb(74, 61, 54);\\\">Box of 8 sachets of 15 g each.</span></p>\", \"fr\": \"<p>Boîte de 8 sachets de 15 g chacun.</p>\"}, \"other_details\": {\"en\": \"<p><strong style=\\\"color: rgb(54, 54, 54);\\\">Pharmacological properties:</strong></p><p><span style=\\\"color: rgb(74, 61, 54);\\\">BIO HERBS COFFEE is a food supplement specially designed for men who have sexual dysfunctions. It strengthens the body in general, restores immunity, consolidates health, cleanses and strengthens the kidneys, restoring the secretion of its vital hormones. It optimizes the functioning of the reproductive endocrine system and regulates sexual dysfunctions.</span></p><p><strong style=\\\"color: rgb(54, 54, 54);\\\">Instructions for use and dosage</strong><span style=\\\"color: rgb(74, 61, 54);\\\">&nbsp;:&nbsp;</span></p><ul><li><span style=\\\"color: rgb(74, 61, 54);\\\">For a curative treatment: take 1 sachet per day for 15 consecutive days.</span></li><li>To enhance libido, take 1 sachet every 3 days.</li></ul><p><strong>Directions</strong></p><p><span class=\\\"ql-cursor\\\">﻿</span>BIO HERBS COFFEE maintains the optimal functioning of the kidneys, while carrying out a total rejuvenation of the human body. Also, it prevents benign prostatic hypertrophy.</p><p><br></p>\", \"fr\": \"<p><strong>Propriétés pharmacologiques :</strong></p><p>BIO HERBS COFFEE est un complément alimentaire spécialement conçu pour les hommes ayant des dysfonctions sexuelles. Il renforce le corps en général, restaure l\'immunité, consolide la santé, nettoie et renforce les reins, rétablissant la sécrétion de ses hormones vitales. Il optimise le fonctionnement du système endocrinien reproducteur et régule les dysfonctionnements sexuels.</p><p><strong>Mode d\'emploi et posologie :</strong></p><p>- Pour un traitement curatif : prendre 1 sachet par jour pendant 15 jours consécutifs.</p><p><span style=\\\"color: rgb(74, 61, 54);\\\">- Pour renforcer la libido, prendre 1 sachet tous les 3 jours.</span></p><p><strong style=\\\"color: rgb(74, 61, 54);\\\">Indications</strong></p><p><span style=\\\"color: rgb(74, 61, 54);\\\"><span class=\\\"ql-cursor\\\">﻿</span>BIO HERBS COFFEE maintient le fonctionnement optimal des reins, tout en procédant à un total rajeunissement du corps humain. Aussi, il prévient l’hypertrophie bénigne de la prostate.</span></p>\"}}, \"product_type_id\": 4}, \"attributes\": {\"id\": 10, \"views\": 52, \"status\": \"published\", \"brand_id\": 1, \"created_at\": \"2023-08-02T17:48:40.000000Z\", \"deleted_at\": null, \"attribute_data\": {\"name\": {\"en\": \"Bio Herbs Coffee\", \"fr\": \"Bio Herbs Coffee\"}, \"composition\": {\"en\": \"<p><span style=\\\"color: rgb(74, 61, 54);\\\">It is a mixture of medicinal herbs and</span></p><p><span style=\\\"color: rgb(74, 61, 54);\\\">coffee nuts which has exceptional virtues on male health.</span></p>\", \"fr\": \"<p>C\'est un mélange d\'herbes médicinales et noix de café qui a des vertus exceptionnelles sur la santé masculine.</p>\"}, \"description\": {\"en\": \"<p><span style=\\\"color: rgb(74, 61, 54);\\\">Box of 8 sachets of 15 g each.</span></p>\", \"fr\": \"<p>Boîte de 8 sachets de 15 g chacun.</p>\"}, \"other_details\": {\"en\": \"<p><strong style=\\\"color: rgb(54, 54, 54);\\\">Pharmacological properties:</strong></p><p><span style=\\\"color: rgb(74, 61, 54);\\\">BIO HERBS COFFEE is a food supplement specially designed for men who have sexual dysfunctions. It strengthens the body in general, restores immunity, consolidates health, cleanses and strengthens the kidneys, restoring the secretion of its vital hormones. It optimizes the functioning of the reproductive endocrine system and regulates sexual dysfunctions.</span></p><p><strong style=\\\"color: rgb(54, 54, 54);\\\">Instructions for use and dosage</strong><span style=\\\"color: rgb(74, 61, 54);\\\">&nbsp;:&nbsp;</span></p><ul><li><span style=\\\"color: rgb(74, 61, 54);\\\">For a curative treatment: take 1 sachet per day for 15 consecutive days.</span></li><li>To enhance libido, take 1 sachet every 3 days.</li></ul><p><strong>Directions</strong></p><p><span class=\\\"ql-cursor\\\">﻿</span>BIO HERBS COFFEE maintains the optimal functioning of the kidneys, while carrying out a total rejuvenation of the human body. Also, it prevents benign prostatic hypertrophy.</p><p><br></p>\", \"fr\": \"<p><strong>Propriétés pharmacologiques :</strong></p><p>BIO HERBS COFFEE est un complément alimentaire spécialement conçu pour les hommes ayant des dysfonctions sexuelles. Il renforce le corps en général, restaure l\'immunité, consolide la santé, nettoie et renforce les reins, rétablissant la sécrétion de ses hormones vitales. Il optimise le fonctionnement du système endocrinien reproducteur et régule les dysfonctionnements sexuels.</p><p><strong>Mode d\'emploi et posologie :</strong></p><p>- Pour un traitement curatif : prendre 1 sachet par jour pendant 15 jours consécutifs.</p><p><span style=\\\"color: rgb(74, 61, 54);\\\">- Pour renforcer la libido, prendre 1 sachet tous les 3 jours.</span></p><p><strong style=\\\"color: rgb(74, 61, 54);\\\">Indications</strong></p><p><span style=\\\"color: rgb(74, 61, 54);\\\"><span class=\\\"ql-cursor\\\">﻿</span>BIO HERBS COFFEE maintient le fonctionnement optimal des reins, tout en procédant à un total rajeunissement du corps humain. Aussi, il prévient l’hypertrophie bénigne de la prostate.</span></p>\"}}, \"product_type_id\": 4}}', NULL, '2023-10-06 16:41:24', '2023-10-06 16:41:24'),
(658, 'lunar', 'updated', 'Lunar\\Models\\Product', 10, 'updated', NULL, NULL, '{\"old\": {\"id\": null, \"views\": null, \"status\": null, \"brand_id\": null, \"created_at\": null, \"deleted_at\": null, \"attribute_data\": null, \"product_type_id\": null}, \"attributes\": {\"id\": 10, \"views\": 52, \"status\": \"published\", \"brand_id\": 1, \"created_at\": \"2023-08-02T17:48:40.000000Z\", \"deleted_at\": null, \"attribute_data\": {\"name\": {\"en\": \"Bio Herbs Coffee\", \"fr\": \"Bio Herbs Coffee\"}, \"composition\": {\"en\": \"<p><span style=\\\"color: rgb(74, 61, 54);\\\">It is a mixture of medicinal herbs and</span></p><p><span style=\\\"color: rgb(74, 61, 54);\\\">coffee nuts which has exceptional virtues on male health.</span></p>\", \"fr\": \"<p>C\'est un mélange d\'herbes médicinales et noix de café qui a des vertus exceptionnelles sur la santé masculine.</p>\"}, \"description\": {\"en\": \"<p><span style=\\\"color: rgb(74, 61, 54);\\\">Box of 8 sachets of 15 g each.</span></p>\", \"fr\": \"<p>Boîte de 8 sachets de 15 g chacun.</p>\"}, \"other_details\": {\"en\": \"<p><strong style=\\\"color: rgb(54, 54, 54);\\\">Pharmacological properties:</strong></p><p><span style=\\\"color: rgb(74, 61, 54);\\\">BIO HERBS COFFEE is a food supplement specially designed for men who have sexual dysfunctions. It strengthens the body in general, restores immunity, consolidates health, cleanses and strengthens the kidneys, restoring the secretion of its vital hormones. It optimizes the functioning of the reproductive endocrine system and regulates sexual dysfunctions.</span></p><p><strong style=\\\"color: rgb(54, 54, 54);\\\">Instructions for use and dosage</strong><span style=\\\"color: rgb(74, 61, 54);\\\">&nbsp;:&nbsp;</span></p><ul><li><span style=\\\"color: rgb(74, 61, 54);\\\">For a curative treatment: take 1 sachet per day for 15 consecutive days.</span></li><li>To enhance libido, take 1 sachet every 3 days.</li></ul><p><strong>Directions</strong></p><p><span class=\\\"ql-cursor\\\">﻿</span>BIO HERBS COFFEE maintains the optimal functioning of the kidneys, while carrying out a total rejuvenation of the human body. Also, it prevents benign prostatic hypertrophy.</p><p><br></p>\", \"fr\": \"<p><strong>Propriétés pharmacologiques :</strong></p><p>BIO HERBS COFFEE est un complément alimentaire spécialement conçu pour les hommes ayant des dysfonctions sexuelles. Il renforce le corps en général, restaure l\'immunité, consolide la santé, nettoie et renforce les reins, rétablissant la sécrétion de ses hormones vitales. Il optimise le fonctionnement du système endocrinien reproducteur et régule les dysfonctionnements sexuels.</p><p><strong>Mode d\'emploi et posologie :</strong></p><p>- Pour un traitement curatif : prendre 1 sachet par jour pendant 15 jours consécutifs.</p><p><span style=\\\"color: rgb(74, 61, 54);\\\">- Pour renforcer la libido, prendre 1 sachet tous les 3 jours.</span></p><p><strong style=\\\"color: rgb(74, 61, 54);\\\">Indications</strong></p><p><span style=\\\"color: rgb(74, 61, 54);\\\"><span class=\\\"ql-cursor\\\">﻿</span>BIO HERBS COFFEE maintient le fonctionnement optimal des reins, tout en procédant à un total rajeunissement du corps humain. Aussi, il prévient l’hypertrophie bénigne de la prostate.</span></p>\"}}, \"product_type_id\": 4}}', NULL, '2023-10-06 16:41:24', '2023-10-06 16:41:24');
INSERT INTO `activity_log` (`id`, `log_name`, `description`, `subject_type`, `subject_id`, `event`, `causer_type`, `causer_id`, `properties`, `batch_uuid`, `created_at`, `updated_at`) VALUES
(659, 'lunar', 'updated', 'Lunar\\Models\\Product', 9, 'updated', NULL, NULL, '{\"old\": {\"id\": 9, \"views\": 32, \"status\": \"published\", \"brand_id\": 1, \"created_at\": \"2023-08-02T17:41:00.000000Z\", \"deleted_at\": null, \"attribute_data\": {\"name\": {\"en\": \"Wum Cleaner\", \"fr\": \"Wum Cleaner\"}, \"composition\": {\"en\": \"<p>Tetrapleura, Tetraptera, Water, Honey.</p>\", \"fr\": \"<p><span style=\\\"color: rgb(74, 61, 54);\\\">Tétrapleura, Tétraptera, Eau, Miel.</span></p>\"}, \"description\": {\"en\": \"<p>Product in 100 cl drink.</p>\", \"fr\": \"<p><span style=\\\"color: rgb(74, 61, 54);\\\">Produit en boisson de 100 cl.</span></p>\"}, \"other_details\": {\"en\": \"<p><strong>Pharmacological properties</strong></p><p><strong>Tetraptera Tetrapleura</strong> or 4 sides works by preventing the action of progesterone on the endometrium and keeping estrogen levels within normal limits. Since a high level of estrogen promotes the appearance and formation of fibroids, cysts or uterine polyps, the action of the plant will quickly cause these tumors to shrink rapidly and reduce your pain.</p><p><br></p><p><strong>Honey</strong> is an excellent antibacterial, antiparasitic and antiviral, and has powerful antioxidants. It is thus a very good fortifier of the immune defenses, taking part in the prevention of diseases of the throat. It also helps in the prevention of tumors, ulcers and abnormal or pathological cell mutation.</p><p>&nbsp;</p><p>Directions</p><p>Wum cleaner is specially designed for women. It deeply cleanses the female genital tract and can be used to prevent and treat diseases that affect women such as fibroids, myomas and ovarian cysts.</p>\", \"fr\": \"<p><strong style=\\\"color: rgb(54, 54, 54);\\\">Propriétés phamacologiques</strong></p><p><span style=\\\"color: rgb(74, 61, 54);\\\">Tétraptera Tétrapleura ou 4 côtés agit en empêchant l’action de la progestérone sur l’endomètre et en conservant les taux d’œstrogène dans les limites normales. Étant donné qu’un taux élevé d’œstrogènes favorise l’apparition et la formation de fibromes, kystes ou polypes utérins l’action de la plante entraînera rapidement un rétrécissement rapide de ces tumeurs et réduira vos douleurs.</span></p><p><br></p><p><strong style=\\\"color: rgb(54, 54, 54);\\\">Le miel&nbsp;</strong><span style=\\\"color: rgb(74, 61, 54);\\\">est un excellent antibactérien, antiparasitaire et antiviral, et possède de puissants antioxydants. C’est ainsi un très bon fortifiant des défenses immunitaires, prenant part à la prévention des maladies de la gorge. Il aide aussi dans la prévention des tumeurs, ulcères et mutation cellulaire anormale ou pathologique.</span></p><p><span style=\\\"color: rgb(74, 61, 54);\\\">&nbsp;</span></p><p><strong style=\\\"color: rgb(54, 54, 54);\\\">Indications</strong></p><p><span style=\\\"color: rgb(74, 61, 54);\\\">Wum cleaner est spécialement conçu pour les femmes. Il nettoie profondément l’appareil génital féminin et peut être utilisé pour prévenir et traiter les maladies qui affectent la gente féminine telles que le fibrome, myome et kyste ovarien.&nbsp;</span></p>\"}}, \"product_type_id\": 3}, \"attributes\": {\"id\": 9, \"views\": 33, \"status\": \"published\", \"brand_id\": 1, \"created_at\": \"2023-08-02T17:41:00.000000Z\", \"deleted_at\": null, \"attribute_data\": {\"name\": {\"en\": \"Wum Cleaner\", \"fr\": \"Wum Cleaner\"}, \"composition\": {\"en\": \"<p>Tetrapleura, Tetraptera, Water, Honey.</p>\", \"fr\": \"<p><span style=\\\"color: rgb(74, 61, 54);\\\">Tétrapleura, Tétraptera, Eau, Miel.</span></p>\"}, \"description\": {\"en\": \"<p>Product in 100 cl drink.</p>\", \"fr\": \"<p><span style=\\\"color: rgb(74, 61, 54);\\\">Produit en boisson de 100 cl.</span></p>\"}, \"other_details\": {\"en\": \"<p><strong>Pharmacological properties</strong></p><p><strong>Tetraptera Tetrapleura</strong> or 4 sides works by preventing the action of progesterone on the endometrium and keeping estrogen levels within normal limits. Since a high level of estrogen promotes the appearance and formation of fibroids, cysts or uterine polyps, the action of the plant will quickly cause these tumors to shrink rapidly and reduce your pain.</p><p><br></p><p><strong>Honey</strong> is an excellent antibacterial, antiparasitic and antiviral, and has powerful antioxidants. It is thus a very good fortifier of the immune defenses, taking part in the prevention of diseases of the throat. It also helps in the prevention of tumors, ulcers and abnormal or pathological cell mutation.</p><p>&nbsp;</p><p>Directions</p><p>Wum cleaner is specially designed for women. It deeply cleanses the female genital tract and can be used to prevent and treat diseases that affect women such as fibroids, myomas and ovarian cysts.</p>\", \"fr\": \"<p><strong style=\\\"color: rgb(54, 54, 54);\\\">Propriétés phamacologiques</strong></p><p><span style=\\\"color: rgb(74, 61, 54);\\\">Tétraptera Tétrapleura ou 4 côtés agit en empêchant l’action de la progestérone sur l’endomètre et en conservant les taux d’œstrogène dans les limites normales. Étant donné qu’un taux élevé d’œstrogènes favorise l’apparition et la formation de fibromes, kystes ou polypes utérins l’action de la plante entraînera rapidement un rétrécissement rapide de ces tumeurs et réduira vos douleurs.</span></p><p><br></p><p><strong style=\\\"color: rgb(54, 54, 54);\\\">Le miel&nbsp;</strong><span style=\\\"color: rgb(74, 61, 54);\\\">est un excellent antibactérien, antiparasitaire et antiviral, et possède de puissants antioxydants. C’est ainsi un très bon fortifiant des défenses immunitaires, prenant part à la prévention des maladies de la gorge. Il aide aussi dans la prévention des tumeurs, ulcères et mutation cellulaire anormale ou pathologique.</span></p><p><span style=\\\"color: rgb(74, 61, 54);\\\">&nbsp;</span></p><p><strong style=\\\"color: rgb(54, 54, 54);\\\">Indications</strong></p><p><span style=\\\"color: rgb(74, 61, 54);\\\">Wum cleaner est spécialement conçu pour les femmes. Il nettoie profondément l’appareil génital féminin et peut être utilisé pour prévenir et traiter les maladies qui affectent la gente féminine telles que le fibrome, myome et kyste ovarien.&nbsp;</span></p>\"}}, \"product_type_id\": 3}}', NULL, '2023-10-06 20:12:16', '2023-10-06 20:12:16'),
(660, 'lunar', 'updated', 'Lunar\\Models\\Product', 9, 'updated', NULL, NULL, '{\"old\": {\"id\": null, \"views\": null, \"status\": null, \"brand_id\": null, \"created_at\": null, \"deleted_at\": null, \"attribute_data\": null, \"product_type_id\": null}, \"attributes\": {\"id\": 9, \"views\": 33, \"status\": \"published\", \"brand_id\": 1, \"created_at\": \"2023-08-02T17:41:00.000000Z\", \"deleted_at\": null, \"attribute_data\": {\"name\": {\"en\": \"Wum Cleaner\", \"fr\": \"Wum Cleaner\"}, \"composition\": {\"en\": \"<p>Tetrapleura, Tetraptera, Water, Honey.</p>\", \"fr\": \"<p><span style=\\\"color: rgb(74, 61, 54);\\\">Tétrapleura, Tétraptera, Eau, Miel.</span></p>\"}, \"description\": {\"en\": \"<p>Product in 100 cl drink.</p>\", \"fr\": \"<p><span style=\\\"color: rgb(74, 61, 54);\\\">Produit en boisson de 100 cl.</span></p>\"}, \"other_details\": {\"en\": \"<p><strong>Pharmacological properties</strong></p><p><strong>Tetraptera Tetrapleura</strong> or 4 sides works by preventing the action of progesterone on the endometrium and keeping estrogen levels within normal limits. Since a high level of estrogen promotes the appearance and formation of fibroids, cysts or uterine polyps, the action of the plant will quickly cause these tumors to shrink rapidly and reduce your pain.</p><p><br></p><p><strong>Honey</strong> is an excellent antibacterial, antiparasitic and antiviral, and has powerful antioxidants. It is thus a very good fortifier of the immune defenses, taking part in the prevention of diseases of the throat. It also helps in the prevention of tumors, ulcers and abnormal or pathological cell mutation.</p><p>&nbsp;</p><p>Directions</p><p>Wum cleaner is specially designed for women. It deeply cleanses the female genital tract and can be used to prevent and treat diseases that affect women such as fibroids, myomas and ovarian cysts.</p>\", \"fr\": \"<p><strong style=\\\"color: rgb(54, 54, 54);\\\">Propriétés phamacologiques</strong></p><p><span style=\\\"color: rgb(74, 61, 54);\\\">Tétraptera Tétrapleura ou 4 côtés agit en empêchant l’action de la progestérone sur l’endomètre et en conservant les taux d’œstrogène dans les limites normales. Étant donné qu’un taux élevé d’œstrogènes favorise l’apparition et la formation de fibromes, kystes ou polypes utérins l’action de la plante entraînera rapidement un rétrécissement rapide de ces tumeurs et réduira vos douleurs.</span></p><p><br></p><p><strong style=\\\"color: rgb(54, 54, 54);\\\">Le miel&nbsp;</strong><span style=\\\"color: rgb(74, 61, 54);\\\">est un excellent antibactérien, antiparasitaire et antiviral, et possède de puissants antioxydants. C’est ainsi un très bon fortifiant des défenses immunitaires, prenant part à la prévention des maladies de la gorge. Il aide aussi dans la prévention des tumeurs, ulcères et mutation cellulaire anormale ou pathologique.</span></p><p><span style=\\\"color: rgb(74, 61, 54);\\\">&nbsp;</span></p><p><strong style=\\\"color: rgb(54, 54, 54);\\\">Indications</strong></p><p><span style=\\\"color: rgb(74, 61, 54);\\\">Wum cleaner est spécialement conçu pour les femmes. Il nettoie profondément l’appareil génital féminin et peut être utilisé pour prévenir et traiter les maladies qui affectent la gente féminine telles que le fibrome, myome et kyste ovarien.&nbsp;</span></p>\"}}, \"product_type_id\": 3}}', NULL, '2023-10-06 20:12:16', '2023-10-06 20:12:16'),
(661, 'lunar', 'updated', 'Lunar\\Models\\Product', 9, 'updated', NULL, NULL, '{\"old\": {\"id\": 9, \"views\": 33, \"status\": \"published\", \"brand_id\": 1, \"created_at\": \"2023-08-02T17:41:00.000000Z\", \"deleted_at\": null, \"attribute_data\": {\"name\": {\"en\": \"Wum Cleaner\", \"fr\": \"Wum Cleaner\"}, \"composition\": {\"en\": \"<p>Tetrapleura, Tetraptera, Water, Honey.</p>\", \"fr\": \"<p><span style=\\\"color: rgb(74, 61, 54);\\\">Tétrapleura, Tétraptera, Eau, Miel.</span></p>\"}, \"description\": {\"en\": \"<p>Product in 100 cl drink.</p>\", \"fr\": \"<p><span style=\\\"color: rgb(74, 61, 54);\\\">Produit en boisson de 100 cl.</span></p>\"}, \"other_details\": {\"en\": \"<p><strong>Pharmacological properties</strong></p><p><strong>Tetraptera Tetrapleura</strong> or 4 sides works by preventing the action of progesterone on the endometrium and keeping estrogen levels within normal limits. Since a high level of estrogen promotes the appearance and formation of fibroids, cysts or uterine polyps, the action of the plant will quickly cause these tumors to shrink rapidly and reduce your pain.</p><p><br></p><p><strong>Honey</strong> is an excellent antibacterial, antiparasitic and antiviral, and has powerful antioxidants. It is thus a very good fortifier of the immune defenses, taking part in the prevention of diseases of the throat. It also helps in the prevention of tumors, ulcers and abnormal or pathological cell mutation.</p><p>&nbsp;</p><p>Directions</p><p>Wum cleaner is specially designed for women. It deeply cleanses the female genital tract and can be used to prevent and treat diseases that affect women such as fibroids, myomas and ovarian cysts.</p>\", \"fr\": \"<p><strong style=\\\"color: rgb(54, 54, 54);\\\">Propriétés phamacologiques</strong></p><p><span style=\\\"color: rgb(74, 61, 54);\\\">Tétraptera Tétrapleura ou 4 côtés agit en empêchant l’action de la progestérone sur l’endomètre et en conservant les taux d’œstrogène dans les limites normales. Étant donné qu’un taux élevé d’œstrogènes favorise l’apparition et la formation de fibromes, kystes ou polypes utérins l’action de la plante entraînera rapidement un rétrécissement rapide de ces tumeurs et réduira vos douleurs.</span></p><p><br></p><p><strong style=\\\"color: rgb(54, 54, 54);\\\">Le miel&nbsp;</strong><span style=\\\"color: rgb(74, 61, 54);\\\">est un excellent antibactérien, antiparasitaire et antiviral, et possède de puissants antioxydants. C’est ainsi un très bon fortifiant des défenses immunitaires, prenant part à la prévention des maladies de la gorge. Il aide aussi dans la prévention des tumeurs, ulcères et mutation cellulaire anormale ou pathologique.</span></p><p><span style=\\\"color: rgb(74, 61, 54);\\\">&nbsp;</span></p><p><strong style=\\\"color: rgb(54, 54, 54);\\\">Indications</strong></p><p><span style=\\\"color: rgb(74, 61, 54);\\\">Wum cleaner est spécialement conçu pour les femmes. Il nettoie profondément l’appareil génital féminin et peut être utilisé pour prévenir et traiter les maladies qui affectent la gente féminine telles que le fibrome, myome et kyste ovarien.&nbsp;</span></p>\"}}, \"product_type_id\": 3}, \"attributes\": {\"id\": 9, \"views\": 34, \"status\": \"published\", \"brand_id\": 1, \"created_at\": \"2023-08-02T17:41:00.000000Z\", \"deleted_at\": null, \"attribute_data\": {\"name\": {\"en\": \"Wum Cleaner\", \"fr\": \"Wum Cleaner\"}, \"composition\": {\"en\": \"<p>Tetrapleura, Tetraptera, Water, Honey.</p>\", \"fr\": \"<p><span style=\\\"color: rgb(74, 61, 54);\\\">Tétrapleura, Tétraptera, Eau, Miel.</span></p>\"}, \"description\": {\"en\": \"<p>Product in 100 cl drink.</p>\", \"fr\": \"<p><span style=\\\"color: rgb(74, 61, 54);\\\">Produit en boisson de 100 cl.</span></p>\"}, \"other_details\": {\"en\": \"<p><strong>Pharmacological properties</strong></p><p><strong>Tetraptera Tetrapleura</strong> or 4 sides works by preventing the action of progesterone on the endometrium and keeping estrogen levels within normal limits. Since a high level of estrogen promotes the appearance and formation of fibroids, cysts or uterine polyps, the action of the plant will quickly cause these tumors to shrink rapidly and reduce your pain.</p><p><br></p><p><strong>Honey</strong> is an excellent antibacterial, antiparasitic and antiviral, and has powerful antioxidants. It is thus a very good fortifier of the immune defenses, taking part in the prevention of diseases of the throat. It also helps in the prevention of tumors, ulcers and abnormal or pathological cell mutation.</p><p>&nbsp;</p><p>Directions</p><p>Wum cleaner is specially designed for women. It deeply cleanses the female genital tract and can be used to prevent and treat diseases that affect women such as fibroids, myomas and ovarian cysts.</p>\", \"fr\": \"<p><strong style=\\\"color: rgb(54, 54, 54);\\\">Propriétés phamacologiques</strong></p><p><span style=\\\"color: rgb(74, 61, 54);\\\">Tétraptera Tétrapleura ou 4 côtés agit en empêchant l’action de la progestérone sur l’endomètre et en conservant les taux d’œstrogène dans les limites normales. Étant donné qu’un taux élevé d’œstrogènes favorise l’apparition et la formation de fibromes, kystes ou polypes utérins l’action de la plante entraînera rapidement un rétrécissement rapide de ces tumeurs et réduira vos douleurs.</span></p><p><br></p><p><strong style=\\\"color: rgb(54, 54, 54);\\\">Le miel&nbsp;</strong><span style=\\\"color: rgb(74, 61, 54);\\\">est un excellent antibactérien, antiparasitaire et antiviral, et possède de puissants antioxydants. C’est ainsi un très bon fortifiant des défenses immunitaires, prenant part à la prévention des maladies de la gorge. Il aide aussi dans la prévention des tumeurs, ulcères et mutation cellulaire anormale ou pathologique.</span></p><p><span style=\\\"color: rgb(74, 61, 54);\\\">&nbsp;</span></p><p><strong style=\\\"color: rgb(54, 54, 54);\\\">Indications</strong></p><p><span style=\\\"color: rgb(74, 61, 54);\\\">Wum cleaner est spécialement conçu pour les femmes. Il nettoie profondément l’appareil génital féminin et peut être utilisé pour prévenir et traiter les maladies qui affectent la gente féminine telles que le fibrome, myome et kyste ovarien.&nbsp;</span></p>\"}}, \"product_type_id\": 3}}', NULL, '2023-10-06 23:03:06', '2023-10-06 23:03:06'),
(662, 'lunar', 'updated', 'Lunar\\Models\\Product', 9, 'updated', NULL, NULL, '{\"old\": {\"id\": null, \"views\": null, \"status\": null, \"brand_id\": null, \"created_at\": null, \"deleted_at\": null, \"attribute_data\": null, \"product_type_id\": null}, \"attributes\": {\"id\": 9, \"views\": 34, \"status\": \"published\", \"brand_id\": 1, \"created_at\": \"2023-08-02T17:41:00.000000Z\", \"deleted_at\": null, \"attribute_data\": {\"name\": {\"en\": \"Wum Cleaner\", \"fr\": \"Wum Cleaner\"}, \"composition\": {\"en\": \"<p>Tetrapleura, Tetraptera, Water, Honey.</p>\", \"fr\": \"<p><span style=\\\"color: rgb(74, 61, 54);\\\">Tétrapleura, Tétraptera, Eau, Miel.</span></p>\"}, \"description\": {\"en\": \"<p>Product in 100 cl drink.</p>\", \"fr\": \"<p><span style=\\\"color: rgb(74, 61, 54);\\\">Produit en boisson de 100 cl.</span></p>\"}, \"other_details\": {\"en\": \"<p><strong>Pharmacological properties</strong></p><p><strong>Tetraptera Tetrapleura</strong> or 4 sides works by preventing the action of progesterone on the endometrium and keeping estrogen levels within normal limits. Since a high level of estrogen promotes the appearance and formation of fibroids, cysts or uterine polyps, the action of the plant will quickly cause these tumors to shrink rapidly and reduce your pain.</p><p><br></p><p><strong>Honey</strong> is an excellent antibacterial, antiparasitic and antiviral, and has powerful antioxidants. It is thus a very good fortifier of the immune defenses, taking part in the prevention of diseases of the throat. It also helps in the prevention of tumors, ulcers and abnormal or pathological cell mutation.</p><p>&nbsp;</p><p>Directions</p><p>Wum cleaner is specially designed for women. It deeply cleanses the female genital tract and can be used to prevent and treat diseases that affect women such as fibroids, myomas and ovarian cysts.</p>\", \"fr\": \"<p><strong style=\\\"color: rgb(54, 54, 54);\\\">Propriétés phamacologiques</strong></p><p><span style=\\\"color: rgb(74, 61, 54);\\\">Tétraptera Tétrapleura ou 4 côtés agit en empêchant l’action de la progestérone sur l’endomètre et en conservant les taux d’œstrogène dans les limites normales. Étant donné qu’un taux élevé d’œstrogènes favorise l’apparition et la formation de fibromes, kystes ou polypes utérins l’action de la plante entraînera rapidement un rétrécissement rapide de ces tumeurs et réduira vos douleurs.</span></p><p><br></p><p><strong style=\\\"color: rgb(54, 54, 54);\\\">Le miel&nbsp;</strong><span style=\\\"color: rgb(74, 61, 54);\\\">est un excellent antibactérien, antiparasitaire et antiviral, et possède de puissants antioxydants. C’est ainsi un très bon fortifiant des défenses immunitaires, prenant part à la prévention des maladies de la gorge. Il aide aussi dans la prévention des tumeurs, ulcères et mutation cellulaire anormale ou pathologique.</span></p><p><span style=\\\"color: rgb(74, 61, 54);\\\">&nbsp;</span></p><p><strong style=\\\"color: rgb(54, 54, 54);\\\">Indications</strong></p><p><span style=\\\"color: rgb(74, 61, 54);\\\">Wum cleaner est spécialement conçu pour les femmes. Il nettoie profondément l’appareil génital féminin et peut être utilisé pour prévenir et traiter les maladies qui affectent la gente féminine telles que le fibrome, myome et kyste ovarien.&nbsp;</span></p>\"}}, \"product_type_id\": 3}}', NULL, '2023-10-06 23:03:06', '2023-10-06 23:03:06'),
(663, 'lunar', 'updated', 'Lunar\\Models\\Product', 14, 'updated', NULL, NULL, '{\"old\": {\"id\": 14, \"views\": 29, \"status\": \"published\", \"brand_id\": 1, \"created_at\": \"2023-08-02T18:10:11.000000Z\", \"deleted_at\": null, \"attribute_data\": {\"name\": {\"en\": \"water ionizer\", \"fr\": \"Ioniseur d\'eau\"}, \"composition\": {\"en\": \"<p>Appareil faitt à base d\'équipements électroniques</p>\", \"fr\": \"<p>Device made from electronic equipment</p>\"}, \"description\": {\"en\": \"<p>The water ionizer is a household appliance that is installed in the kitchen at home or in the office. It first filters tap water and transforms it through electrolysis into two categories of water, one acidic and the other alkaline.</p>\", \"fr\": \"<p><span style=\\\"color: rgb(74, 61, 54);\\\">L’ioniseur d’eau est un appareil électroménager qu’on installe à la cuisine à la maison ou au bureau. IL permet d’abord de filtrer l’eau du robinet et la transforme par l’électrolyse en deux catégories d’eau, l’une acide et l’autre alcaline.</span></p>\"}, \"other_details\": {\"en\": \"<p><strong>Acid water</strong></p><p>It contains a significant overload of positive H+ ions which makes it oxidizing and acidic substances such as sulphur, phosphate, etc. Acidic water is for external use and even serves as a lotion for body beauty. It is also used for the maintenance of surfaces; it is a disinfectant.</p><p><strong>Alkaline Ionized Water</strong></p><p>The basis of good health is the acid-base balance of the body and alkaline water helps maintain this balance. Water is said to be ionized alkaline when it contains alkaline minerals such as calcium, magnesium, potassium and is saturated with oxygen.</p>\", \"fr\": \"<p><strong style=\\\"color: rgb(54, 54, 54);\\\">L’eau Acide</strong></p><p>Elle contient une surcharge importante d’ions positifs H+ qui la rend oxydant et des substances acides tel le soufre, le phosphate, etc. L’eau acide est à l’usage externe et sert même de lotion pour la beauté corporelle. On l’utilise également pour l’entretien des surfaces ; c’est un désinfectant.</p><p><strong style=\\\"color: rgb(54, 54, 54);\\\">L’eau Alcaline Ionisée</strong></p><p>La base d’une bonne santé repose sur l’équilibre acido-basique du corps et l’eau alcaline permet de maintenir cet équilibre. Une eau est dite alcaline ionisée quand elle contient des minéraux alcalins comme le calcium, le magnésium, le potassium et est saturée en oxygène.</p><p><span style=\\\"color: rgb(74, 61, 54);\\\">Boire de l’eau alcaline permet de : </span></p><ul><li><span style=\\\"color: rgb(74, 61, 54);\\\">Combattre l’acidité Lutter contre l’acidose </span></li><li><span style=\\\"color: rgb(74, 61, 54);\\\">Lutter contre les radicaux libres </span></li><li><span style=\\\"color: rgb(74, 61, 54);\\\">Lutter contre beaucoup de maladies </span></li><li><span style=\\\"color: rgb(74, 61, 54);\\\">Hydrater le corps</span></li><li><span style=\\\"color: rgb(74, 61, 54);\\\">Équilibre le poids corporel. </span></li></ul><p><span style=\\\"color: rgb(74, 61, 54);\\\">En un mot, une eau alcaline ionisée, est une eau anti-oxydante: source de bien-être.</span></p><p><br></p>\"}}, \"product_type_id\": 6}, \"attributes\": {\"id\": 14, \"views\": 30, \"status\": \"published\", \"brand_id\": 1, \"created_at\": \"2023-08-02T18:10:11.000000Z\", \"deleted_at\": null, \"attribute_data\": {\"name\": {\"en\": \"water ionizer\", \"fr\": \"Ioniseur d\'eau\"}, \"composition\": {\"en\": \"<p>Appareil faitt à base d\'équipements électroniques</p>\", \"fr\": \"<p>Device made from electronic equipment</p>\"}, \"description\": {\"en\": \"<p>The water ionizer is a household appliance that is installed in the kitchen at home or in the office. It first filters tap water and transforms it through electrolysis into two categories of water, one acidic and the other alkaline.</p>\", \"fr\": \"<p><span style=\\\"color: rgb(74, 61, 54);\\\">L’ioniseur d’eau est un appareil électroménager qu’on installe à la cuisine à la maison ou au bureau. IL permet d’abord de filtrer l’eau du robinet et la transforme par l’électrolyse en deux catégories d’eau, l’une acide et l’autre alcaline.</span></p>\"}, \"other_details\": {\"en\": \"<p><strong>Acid water</strong></p><p>It contains a significant overload of positive H+ ions which makes it oxidizing and acidic substances such as sulphur, phosphate, etc. Acidic water is for external use and even serves as a lotion for body beauty. It is also used for the maintenance of surfaces; it is a disinfectant.</p><p><strong>Alkaline Ionized Water</strong></p><p>The basis of good health is the acid-base balance of the body and alkaline water helps maintain this balance. Water is said to be ionized alkaline when it contains alkaline minerals such as calcium, magnesium, potassium and is saturated with oxygen.</p>\", \"fr\": \"<p><strong style=\\\"color: rgb(54, 54, 54);\\\">L’eau Acide</strong></p><p>Elle contient une surcharge importante d’ions positifs H+ qui la rend oxydant et des substances acides tel le soufre, le phosphate, etc. L’eau acide est à l’usage externe et sert même de lotion pour la beauté corporelle. On l’utilise également pour l’entretien des surfaces ; c’est un désinfectant.</p><p><strong style=\\\"color: rgb(54, 54, 54);\\\">L’eau Alcaline Ionisée</strong></p><p>La base d’une bonne santé repose sur l’équilibre acido-basique du corps et l’eau alcaline permet de maintenir cet équilibre. Une eau est dite alcaline ionisée quand elle contient des minéraux alcalins comme le calcium, le magnésium, le potassium et est saturée en oxygène.</p><p><span style=\\\"color: rgb(74, 61, 54);\\\">Boire de l’eau alcaline permet de : </span></p><ul><li><span style=\\\"color: rgb(74, 61, 54);\\\">Combattre l’acidité Lutter contre l’acidose </span></li><li><span style=\\\"color: rgb(74, 61, 54);\\\">Lutter contre les radicaux libres </span></li><li><span style=\\\"color: rgb(74, 61, 54);\\\">Lutter contre beaucoup de maladies </span></li><li><span style=\\\"color: rgb(74, 61, 54);\\\">Hydrater le corps</span></li><li><span style=\\\"color: rgb(74, 61, 54);\\\">Équilibre le poids corporel. </span></li></ul><p><span style=\\\"color: rgb(74, 61, 54);\\\">En un mot, une eau alcaline ionisée, est une eau anti-oxydante: source de bien-être.</span></p><p><br></p>\"}}, \"product_type_id\": 6}}', NULL, '2023-10-07 03:10:30', '2023-10-07 03:10:30'),
(664, 'lunar', 'updated', 'Lunar\\Models\\Product', 14, 'updated', NULL, NULL, '{\"old\": {\"id\": null, \"views\": null, \"status\": null, \"brand_id\": null, \"created_at\": null, \"deleted_at\": null, \"attribute_data\": null, \"product_type_id\": null}, \"attributes\": {\"id\": 14, \"views\": 30, \"status\": \"published\", \"brand_id\": 1, \"created_at\": \"2023-08-02T18:10:11.000000Z\", \"deleted_at\": null, \"attribute_data\": {\"name\": {\"en\": \"water ionizer\", \"fr\": \"Ioniseur d\'eau\"}, \"composition\": {\"en\": \"<p>Appareil faitt à base d\'équipements électroniques</p>\", \"fr\": \"<p>Device made from electronic equipment</p>\"}, \"description\": {\"en\": \"<p>The water ionizer is a household appliance that is installed in the kitchen at home or in the office. It first filters tap water and transforms it through electrolysis into two categories of water, one acidic and the other alkaline.</p>\", \"fr\": \"<p><span style=\\\"color: rgb(74, 61, 54);\\\">L’ioniseur d’eau est un appareil électroménager qu’on installe à la cuisine à la maison ou au bureau. IL permet d’abord de filtrer l’eau du robinet et la transforme par l’électrolyse en deux catégories d’eau, l’une acide et l’autre alcaline.</span></p>\"}, \"other_details\": {\"en\": \"<p><strong>Acid water</strong></p><p>It contains a significant overload of positive H+ ions which makes it oxidizing and acidic substances such as sulphur, phosphate, etc. Acidic water is for external use and even serves as a lotion for body beauty. It is also used for the maintenance of surfaces; it is a disinfectant.</p><p><strong>Alkaline Ionized Water</strong></p><p>The basis of good health is the acid-base balance of the body and alkaline water helps maintain this balance. Water is said to be ionized alkaline when it contains alkaline minerals such as calcium, magnesium, potassium and is saturated with oxygen.</p>\", \"fr\": \"<p><strong style=\\\"color: rgb(54, 54, 54);\\\">L’eau Acide</strong></p><p>Elle contient une surcharge importante d’ions positifs H+ qui la rend oxydant et des substances acides tel le soufre, le phosphate, etc. L’eau acide est à l’usage externe et sert même de lotion pour la beauté corporelle. On l’utilise également pour l’entretien des surfaces ; c’est un désinfectant.</p><p><strong style=\\\"color: rgb(54, 54, 54);\\\">L’eau Alcaline Ionisée</strong></p><p>La base d’une bonne santé repose sur l’équilibre acido-basique du corps et l’eau alcaline permet de maintenir cet équilibre. Une eau est dite alcaline ionisée quand elle contient des minéraux alcalins comme le calcium, le magnésium, le potassium et est saturée en oxygène.</p><p><span style=\\\"color: rgb(74, 61, 54);\\\">Boire de l’eau alcaline permet de : </span></p><ul><li><span style=\\\"color: rgb(74, 61, 54);\\\">Combattre l’acidité Lutter contre l’acidose </span></li><li><span style=\\\"color: rgb(74, 61, 54);\\\">Lutter contre les radicaux libres </span></li><li><span style=\\\"color: rgb(74, 61, 54);\\\">Lutter contre beaucoup de maladies </span></li><li><span style=\\\"color: rgb(74, 61, 54);\\\">Hydrater le corps</span></li><li><span style=\\\"color: rgb(74, 61, 54);\\\">Équilibre le poids corporel. </span></li></ul><p><span style=\\\"color: rgb(74, 61, 54);\\\">En un mot, une eau alcaline ionisée, est une eau anti-oxydante: source de bien-être.</span></p><p><br></p>\"}}, \"product_type_id\": 6}}', NULL, '2023-10-07 03:10:30', '2023-10-07 03:10:30'),
(665, 'lunar', 'updated', 'Lunar\\Models\\Product', 10, 'updated', NULL, NULL, '{\"old\": {\"id\": 10, \"views\": 52, \"status\": \"published\", \"brand_id\": 1, \"created_at\": \"2023-08-02T17:48:40.000000Z\", \"deleted_at\": null, \"attribute_data\": {\"name\": {\"en\": \"Bio Herbs Coffee\", \"fr\": \"Bio Herbs Coffee\"}, \"composition\": {\"en\": \"<p><span style=\\\"color: rgb(74, 61, 54);\\\">It is a mixture of medicinal herbs and</span></p><p><span style=\\\"color: rgb(74, 61, 54);\\\">coffee nuts which has exceptional virtues on male health.</span></p>\", \"fr\": \"<p>C\'est un mélange d\'herbes médicinales et noix de café qui a des vertus exceptionnelles sur la santé masculine.</p>\"}, \"description\": {\"en\": \"<p><span style=\\\"color: rgb(74, 61, 54);\\\">Box of 8 sachets of 15 g each.</span></p>\", \"fr\": \"<p>Boîte de 8 sachets de 15 g chacun.</p>\"}, \"other_details\": {\"en\": \"<p><strong style=\\\"color: rgb(54, 54, 54);\\\">Pharmacological properties:</strong></p><p><span style=\\\"color: rgb(74, 61, 54);\\\">BIO HERBS COFFEE is a food supplement specially designed for men who have sexual dysfunctions. It strengthens the body in general, restores immunity, consolidates health, cleanses and strengthens the kidneys, restoring the secretion of its vital hormones. It optimizes the functioning of the reproductive endocrine system and regulates sexual dysfunctions.</span></p><p><strong style=\\\"color: rgb(54, 54, 54);\\\">Instructions for use and dosage</strong><span style=\\\"color: rgb(74, 61, 54);\\\">&nbsp;:&nbsp;</span></p><ul><li><span style=\\\"color: rgb(74, 61, 54);\\\">For a curative treatment: take 1 sachet per day for 15 consecutive days.</span></li><li>To enhance libido, take 1 sachet every 3 days.</li></ul><p><strong>Directions</strong></p><p><span class=\\\"ql-cursor\\\">﻿</span>BIO HERBS COFFEE maintains the optimal functioning of the kidneys, while carrying out a total rejuvenation of the human body. Also, it prevents benign prostatic hypertrophy.</p><p><br></p>\", \"fr\": \"<p><strong>Propriétés pharmacologiques :</strong></p><p>BIO HERBS COFFEE est un complément alimentaire spécialement conçu pour les hommes ayant des dysfonctions sexuelles. Il renforce le corps en général, restaure l\'immunité, consolide la santé, nettoie et renforce les reins, rétablissant la sécrétion de ses hormones vitales. Il optimise le fonctionnement du système endocrinien reproducteur et régule les dysfonctionnements sexuels.</p><p><strong>Mode d\'emploi et posologie :</strong></p><p>- Pour un traitement curatif : prendre 1 sachet par jour pendant 15 jours consécutifs.</p><p><span style=\\\"color: rgb(74, 61, 54);\\\">- Pour renforcer la libido, prendre 1 sachet tous les 3 jours.</span></p><p><strong style=\\\"color: rgb(74, 61, 54);\\\">Indications</strong></p><p><span style=\\\"color: rgb(74, 61, 54);\\\"><span class=\\\"ql-cursor\\\">﻿</span>BIO HERBS COFFEE maintient le fonctionnement optimal des reins, tout en procédant à un total rajeunissement du corps humain. Aussi, il prévient l’hypertrophie bénigne de la prostate.</span></p>\"}}, \"product_type_id\": 4}, \"attributes\": {\"id\": 10, \"views\": 53, \"status\": \"published\", \"brand_id\": 1, \"created_at\": \"2023-08-02T17:48:40.000000Z\", \"deleted_at\": null, \"attribute_data\": {\"name\": {\"en\": \"Bio Herbs Coffee\", \"fr\": \"Bio Herbs Coffee\"}, \"composition\": {\"en\": \"<p><span style=\\\"color: rgb(74, 61, 54);\\\">It is a mixture of medicinal herbs and</span></p><p><span style=\\\"color: rgb(74, 61, 54);\\\">coffee nuts which has exceptional virtues on male health.</span></p>\", \"fr\": \"<p>C\'est un mélange d\'herbes médicinales et noix de café qui a des vertus exceptionnelles sur la santé masculine.</p>\"}, \"description\": {\"en\": \"<p><span style=\\\"color: rgb(74, 61, 54);\\\">Box of 8 sachets of 15 g each.</span></p>\", \"fr\": \"<p>Boîte de 8 sachets de 15 g chacun.</p>\"}, \"other_details\": {\"en\": \"<p><strong style=\\\"color: rgb(54, 54, 54);\\\">Pharmacological properties:</strong></p><p><span style=\\\"color: rgb(74, 61, 54);\\\">BIO HERBS COFFEE is a food supplement specially designed for men who have sexual dysfunctions. It strengthens the body in general, restores immunity, consolidates health, cleanses and strengthens the kidneys, restoring the secretion of its vital hormones. It optimizes the functioning of the reproductive endocrine system and regulates sexual dysfunctions.</span></p><p><strong style=\\\"color: rgb(54, 54, 54);\\\">Instructions for use and dosage</strong><span style=\\\"color: rgb(74, 61, 54);\\\">&nbsp;:&nbsp;</span></p><ul><li><span style=\\\"color: rgb(74, 61, 54);\\\">For a curative treatment: take 1 sachet per day for 15 consecutive days.</span></li><li>To enhance libido, take 1 sachet every 3 days.</li></ul><p><strong>Directions</strong></p><p><span class=\\\"ql-cursor\\\">﻿</span>BIO HERBS COFFEE maintains the optimal functioning of the kidneys, while carrying out a total rejuvenation of the human body. Also, it prevents benign prostatic hypertrophy.</p><p><br></p>\", \"fr\": \"<p><strong>Propriétés pharmacologiques :</strong></p><p>BIO HERBS COFFEE est un complément alimentaire spécialement conçu pour les hommes ayant des dysfonctions sexuelles. Il renforce le corps en général, restaure l\'immunité, consolide la santé, nettoie et renforce les reins, rétablissant la sécrétion de ses hormones vitales. Il optimise le fonctionnement du système endocrinien reproducteur et régule les dysfonctionnements sexuels.</p><p><strong>Mode d\'emploi et posologie :</strong></p><p>- Pour un traitement curatif : prendre 1 sachet par jour pendant 15 jours consécutifs.</p><p><span style=\\\"color: rgb(74, 61, 54);\\\">- Pour renforcer la libido, prendre 1 sachet tous les 3 jours.</span></p><p><strong style=\\\"color: rgb(74, 61, 54);\\\">Indications</strong></p><p><span style=\\\"color: rgb(74, 61, 54);\\\"><span class=\\\"ql-cursor\\\">﻿</span>BIO HERBS COFFEE maintient le fonctionnement optimal des reins, tout en procédant à un total rajeunissement du corps humain. Aussi, il prévient l’hypertrophie bénigne de la prostate.</span></p>\"}}, \"product_type_id\": 4}}', NULL, '2023-10-07 08:54:15', '2023-10-07 08:54:15'),
(666, 'lunar', 'updated', 'Lunar\\Models\\Product', 10, 'updated', NULL, NULL, '{\"old\": {\"id\": null, \"views\": null, \"status\": null, \"brand_id\": null, \"created_at\": null, \"deleted_at\": null, \"attribute_data\": null, \"product_type_id\": null}, \"attributes\": {\"id\": 10, \"views\": 53, \"status\": \"published\", \"brand_id\": 1, \"created_at\": \"2023-08-02T17:48:40.000000Z\", \"deleted_at\": null, \"attribute_data\": {\"name\": {\"en\": \"Bio Herbs Coffee\", \"fr\": \"Bio Herbs Coffee\"}, \"composition\": {\"en\": \"<p><span style=\\\"color: rgb(74, 61, 54);\\\">It is a mixture of medicinal herbs and</span></p><p><span style=\\\"color: rgb(74, 61, 54);\\\">coffee nuts which has exceptional virtues on male health.</span></p>\", \"fr\": \"<p>C\'est un mélange d\'herbes médicinales et noix de café qui a des vertus exceptionnelles sur la santé masculine.</p>\"}, \"description\": {\"en\": \"<p><span style=\\\"color: rgb(74, 61, 54);\\\">Box of 8 sachets of 15 g each.</span></p>\", \"fr\": \"<p>Boîte de 8 sachets de 15 g chacun.</p>\"}, \"other_details\": {\"en\": \"<p><strong style=\\\"color: rgb(54, 54, 54);\\\">Pharmacological properties:</strong></p><p><span style=\\\"color: rgb(74, 61, 54);\\\">BIO HERBS COFFEE is a food supplement specially designed for men who have sexual dysfunctions. It strengthens the body in general, restores immunity, consolidates health, cleanses and strengthens the kidneys, restoring the secretion of its vital hormones. It optimizes the functioning of the reproductive endocrine system and regulates sexual dysfunctions.</span></p><p><strong style=\\\"color: rgb(54, 54, 54);\\\">Instructions for use and dosage</strong><span style=\\\"color: rgb(74, 61, 54);\\\">&nbsp;:&nbsp;</span></p><ul><li><span style=\\\"color: rgb(74, 61, 54);\\\">For a curative treatment: take 1 sachet per day for 15 consecutive days.</span></li><li>To enhance libido, take 1 sachet every 3 days.</li></ul><p><strong>Directions</strong></p><p><span class=\\\"ql-cursor\\\">﻿</span>BIO HERBS COFFEE maintains the optimal functioning of the kidneys, while carrying out a total rejuvenation of the human body. Also, it prevents benign prostatic hypertrophy.</p><p><br></p>\", \"fr\": \"<p><strong>Propriétés pharmacologiques :</strong></p><p>BIO HERBS COFFEE est un complément alimentaire spécialement conçu pour les hommes ayant des dysfonctions sexuelles. Il renforce le corps en général, restaure l\'immunité, consolide la santé, nettoie et renforce les reins, rétablissant la sécrétion de ses hormones vitales. Il optimise le fonctionnement du système endocrinien reproducteur et régule les dysfonctionnements sexuels.</p><p><strong>Mode d\'emploi et posologie :</strong></p><p>- Pour un traitement curatif : prendre 1 sachet par jour pendant 15 jours consécutifs.</p><p><span style=\\\"color: rgb(74, 61, 54);\\\">- Pour renforcer la libido, prendre 1 sachet tous les 3 jours.</span></p><p><strong style=\\\"color: rgb(74, 61, 54);\\\">Indications</strong></p><p><span style=\\\"color: rgb(74, 61, 54);\\\"><span class=\\\"ql-cursor\\\">﻿</span>BIO HERBS COFFEE maintient le fonctionnement optimal des reins, tout en procédant à un total rajeunissement du corps humain. Aussi, il prévient l’hypertrophie bénigne de la prostate.</span></p>\"}}, \"product_type_id\": 4}}', NULL, '2023-10-07 08:54:15', '2023-10-07 08:54:15'),
(667, 'lunar', 'updated', 'Lunar\\Models\\Product', 2, 'updated', NULL, NULL, '{\"old\": {\"id\": 2, \"views\": 67, \"status\": \"published\", \"brand_id\": 1, \"created_at\": \"2023-08-02T16:52:40.000000Z\", \"deleted_at\": null, \"attribute_data\": {\"name\": {\"en\": \"Bio-wum\", \"fr\": \"Bio-wum\"}, \"composition\": {\"en\": \"<p><span style=\\\"color: rgb(74, 61, 54);\\\">Composed mainly of sterospermun, Kun thiamine, combretum cassia and certain Beninese medicinal plants.&nbsp;</span></p>\", \"fr\": \"<p>Composé principalement de sterospermun, de Kun thiamine, de combretum cassia et de certaines plantes médicinales béninoises.</p>\"}, \"description\": {\"en\": \"<p><span style=\\\"color: rgb(74, 61, 54);\\\">Nutritional supplement preserved in a bottle of 60 capsules of 350mg&nbsp;</span></p>\", \"fr\": \"<p>Complément nutritionnel conservé dans un flacon de 60 gélules de 350mg</p>\"}, \"other_details\": {\"en\": \"<p><strong style=\\\"color: rgb(54, 54, 54);\\\">Pharmacological properties</strong></p><ul><li>Sterospermun is a powerful diuretic.</li><li>Kun thiamine Thiamine is actually known to help strengthen the body\'s ability to fight against stress. It would also&nbsp;<strong style=\\\"color: rgb(54, 54, 54);\\\">reduce anxiety and depression and improve mood.</strong></li><li><strong style=\\\"color: rgb(54, 54, 54);\\\">Combretum cassia or&nbsp;&nbsp;</strong>&nbsp;kinkéliba, It is known under the scientific name of Combretum micrathum. It has invigorating properties which makes it strongly recommended for the faster&nbsp;<strong style=\\\"color: rgb(54, 54, 54);\\\">.&nbsp;</strong>It is an anti-inflammatory and an anti-bacterial which accelerates the healing of wounds and fights against infectious diarrhoea. It also has choleretic and Cholagogue properties</li></ul><p><strong style=\\\"color: rgb(54, 54, 54);\\\">Indication</strong></p><p>Only women can use this product in the following cases:&nbsp;</p><ul><li>Uterine fibroid or myoma&nbsp;</li><li>Ovarian Cyst&nbsp;</li></ul>\", \"fr\": \"<p><strong>Propriétés pharmacologiques</strong></p><ul><li>Sterospermun est un puissant diurétique.</li><li>Kun thiamine La thiamine est en effet connue pour aider à renforcer la capacité de l\'organisme à lutter contre le stress. Cela réduirait également l\'anxiété et la dépression et améliorerait l\'humeur.</li><li>Combretum cassia ou kinkéliba, Il est connu sous le nom scientifique de Combretum micrathum. Il possède des propriétés tonifiantes qui le rendent fortement recommandé pour les plus rapides. C\'est un anti-inflammatoire et un antibactérien qui accélère la cicatrisation des plaies et lutte contre les diarrhées infectieuses. Il possède également des propriétés cholérétiques et cholagogues</li></ul><p><strong>Indication</strong></p><p>Seules les femmes peuvent utiliser ce produit dans les cas suivants :</p><ul><li>Fibrome utérin ou myome</li><li>Kyste de l\'ovaire</li></ul>\"}}, \"product_type_id\": 2}, \"attributes\": {\"id\": 2, \"views\": 68, \"status\": \"published\", \"brand_id\": 1, \"created_at\": \"2023-08-02T16:52:40.000000Z\", \"deleted_at\": null, \"attribute_data\": {\"name\": {\"en\": \"Bio-wum\", \"fr\": \"Bio-wum\"}, \"composition\": {\"en\": \"<p><span style=\\\"color: rgb(74, 61, 54);\\\">Composed mainly of sterospermun, Kun thiamine, combretum cassia and certain Beninese medicinal plants.&nbsp;</span></p>\", \"fr\": \"<p>Composé principalement de sterospermun, de Kun thiamine, de combretum cassia et de certaines plantes médicinales béninoises.</p>\"}, \"description\": {\"en\": \"<p><span style=\\\"color: rgb(74, 61, 54);\\\">Nutritional supplement preserved in a bottle of 60 capsules of 350mg&nbsp;</span></p>\", \"fr\": \"<p>Complément nutritionnel conservé dans un flacon de 60 gélules de 350mg</p>\"}, \"other_details\": {\"en\": \"<p><strong style=\\\"color: rgb(54, 54, 54);\\\">Pharmacological properties</strong></p><ul><li>Sterospermun is a powerful diuretic.</li><li>Kun thiamine Thiamine is actually known to help strengthen the body\'s ability to fight against stress. It would also&nbsp;<strong style=\\\"color: rgb(54, 54, 54);\\\">reduce anxiety and depression and improve mood.</strong></li><li><strong style=\\\"color: rgb(54, 54, 54);\\\">Combretum cassia or&nbsp;&nbsp;</strong>&nbsp;kinkéliba, It is known under the scientific name of Combretum micrathum. It has invigorating properties which makes it strongly recommended for the faster&nbsp;<strong style=\\\"color: rgb(54, 54, 54);\\\">.&nbsp;</strong>It is an anti-inflammatory and an anti-bacterial which accelerates the healing of wounds and fights against infectious diarrhoea. It also has choleretic and Cholagogue properties</li></ul><p><strong style=\\\"color: rgb(54, 54, 54);\\\">Indication</strong></p><p>Only women can use this product in the following cases:&nbsp;</p><ul><li>Uterine fibroid or myoma&nbsp;</li><li>Ovarian Cyst&nbsp;</li></ul>\", \"fr\": \"<p><strong>Propriétés pharmacologiques</strong></p><ul><li>Sterospermun est un puissant diurétique.</li><li>Kun thiamine La thiamine est en effet connue pour aider à renforcer la capacité de l\'organisme à lutter contre le stress. Cela réduirait également l\'anxiété et la dépression et améliorerait l\'humeur.</li><li>Combretum cassia ou kinkéliba, Il est connu sous le nom scientifique de Combretum micrathum. Il possède des propriétés tonifiantes qui le rendent fortement recommandé pour les plus rapides. C\'est un anti-inflammatoire et un antibactérien qui accélère la cicatrisation des plaies et lutte contre les diarrhées infectieuses. Il possède également des propriétés cholérétiques et cholagogues</li></ul><p><strong>Indication</strong></p><p>Seules les femmes peuvent utiliser ce produit dans les cas suivants :</p><ul><li>Fibrome utérin ou myome</li><li>Kyste de l\'ovaire</li></ul>\"}}, \"product_type_id\": 2}}', NULL, '2023-10-07 12:07:31', '2023-10-07 12:07:31'),
(668, 'lunar', 'updated', 'Lunar\\Models\\Product', 2, 'updated', NULL, NULL, '{\"old\": {\"id\": null, \"views\": null, \"status\": null, \"brand_id\": null, \"created_at\": null, \"deleted_at\": null, \"attribute_data\": null, \"product_type_id\": null}, \"attributes\": {\"id\": 2, \"views\": 68, \"status\": \"published\", \"brand_id\": 1, \"created_at\": \"2023-08-02T16:52:40.000000Z\", \"deleted_at\": null, \"attribute_data\": {\"name\": {\"en\": \"Bio-wum\", \"fr\": \"Bio-wum\"}, \"composition\": {\"en\": \"<p><span style=\\\"color: rgb(74, 61, 54);\\\">Composed mainly of sterospermun, Kun thiamine, combretum cassia and certain Beninese medicinal plants.&nbsp;</span></p>\", \"fr\": \"<p>Composé principalement de sterospermun, de Kun thiamine, de combretum cassia et de certaines plantes médicinales béninoises.</p>\"}, \"description\": {\"en\": \"<p><span style=\\\"color: rgb(74, 61, 54);\\\">Nutritional supplement preserved in a bottle of 60 capsules of 350mg&nbsp;</span></p>\", \"fr\": \"<p>Complément nutritionnel conservé dans un flacon de 60 gélules de 350mg</p>\"}, \"other_details\": {\"en\": \"<p><strong style=\\\"color: rgb(54, 54, 54);\\\">Pharmacological properties</strong></p><ul><li>Sterospermun is a powerful diuretic.</li><li>Kun thiamine Thiamine is actually known to help strengthen the body\'s ability to fight against stress. It would also&nbsp;<strong style=\\\"color: rgb(54, 54, 54);\\\">reduce anxiety and depression and improve mood.</strong></li><li><strong style=\\\"color: rgb(54, 54, 54);\\\">Combretum cassia or&nbsp;&nbsp;</strong>&nbsp;kinkéliba, It is known under the scientific name of Combretum micrathum. It has invigorating properties which makes it strongly recommended for the faster&nbsp;<strong style=\\\"color: rgb(54, 54, 54);\\\">.&nbsp;</strong>It is an anti-inflammatory and an anti-bacterial which accelerates the healing of wounds and fights against infectious diarrhoea. It also has choleretic and Cholagogue properties</li></ul><p><strong style=\\\"color: rgb(54, 54, 54);\\\">Indication</strong></p><p>Only women can use this product in the following cases:&nbsp;</p><ul><li>Uterine fibroid or myoma&nbsp;</li><li>Ovarian Cyst&nbsp;</li></ul>\", \"fr\": \"<p><strong>Propriétés pharmacologiques</strong></p><ul><li>Sterospermun est un puissant diurétique.</li><li>Kun thiamine La thiamine est en effet connue pour aider à renforcer la capacité de l\'organisme à lutter contre le stress. Cela réduirait également l\'anxiété et la dépression et améliorerait l\'humeur.</li><li>Combretum cassia ou kinkéliba, Il est connu sous le nom scientifique de Combretum micrathum. Il possède des propriétés tonifiantes qui le rendent fortement recommandé pour les plus rapides. C\'est un anti-inflammatoire et un antibactérien qui accélère la cicatrisation des plaies et lutte contre les diarrhées infectieuses. Il possède également des propriétés cholérétiques et cholagogues</li></ul><p><strong>Indication</strong></p><p>Seules les femmes peuvent utiliser ce produit dans les cas suivants :</p><ul><li>Fibrome utérin ou myome</li><li>Kyste de l\'ovaire</li></ul>\"}}, \"product_type_id\": 2}}', NULL, '2023-10-07 12:07:31', '2023-10-07 12:07:31');
INSERT INTO `activity_log` (`id`, `log_name`, `description`, `subject_type`, `subject_id`, `event`, `causer_type`, `causer_id`, `properties`, `batch_uuid`, `created_at`, `updated_at`) VALUES
(669, 'lunar', 'updated', 'Lunar\\Models\\Product', 1, 'updated', NULL, NULL, '{\"old\": {\"id\": 1, \"views\": 65, \"status\": \"published\", \"brand_id\": 1, \"created_at\": \"2023-08-01T20:30:13.000000Z\", \"deleted_at\": null, \"attribute_data\": {\"name\": {\"en\": \"Articu\", \"fr\": \"Articu\"}, \"composition\": {\"en\": \"<p>Composed of a mixture of natural plants.</p>\", \"fr\": \"<p><span style=\\\"color: rgb(74, 61, 54);\\\">Composé de Mélange de plantes naturelles.</span></p>\"}, \"description\": {\"en\": \"<p>Nutritional supplement preserved in a bottle of 60 capsules of 350 mg.</p>\", \"fr\": \"<p>Complément nutritionnel conservé dans un flacon de 60 gélules de 350 mg.</p>\"}, \"other_details\": {\"en\": \"<p>Articu is indicated for the relief of joint pain, osteoporosis, rheumatism, arthritis and osteoarthritis.</p><p><strong>Pharmacological properties</strong></p><ul><li>Antioxidants</li><li>Detoxifying</li><li>Neutralizes acidity</li><li>Strengthens the joints</li></ul>\", \"fr\": \"<p>Articu est indiqué pour soulager les douleurs articulaires, l\'ostéoporose, le rhumatisme, l\'arthrite et les arthroses.</p><p><strong>Propriétés pharmacologiques</strong></p><ul><li>Antioxydants</li><li>Désintoxiquant</li><li>Neutralise l’acidité</li><li>Renforce les articulations&nbsp;</li></ul>\"}}, \"product_type_id\": 2}, \"attributes\": {\"id\": 1, \"views\": 66, \"status\": \"published\", \"brand_id\": 1, \"created_at\": \"2023-08-01T20:30:13.000000Z\", \"deleted_at\": null, \"attribute_data\": {\"name\": {\"en\": \"Articu\", \"fr\": \"Articu\"}, \"composition\": {\"en\": \"<p>Composed of a mixture of natural plants.</p>\", \"fr\": \"<p><span style=\\\"color: rgb(74, 61, 54);\\\">Composé de Mélange de plantes naturelles.</span></p>\"}, \"description\": {\"en\": \"<p>Nutritional supplement preserved in a bottle of 60 capsules of 350 mg.</p>\", \"fr\": \"<p>Complément nutritionnel conservé dans un flacon de 60 gélules de 350 mg.</p>\"}, \"other_details\": {\"en\": \"<p>Articu is indicated for the relief of joint pain, osteoporosis, rheumatism, arthritis and osteoarthritis.</p><p><strong>Pharmacological properties</strong></p><ul><li>Antioxidants</li><li>Detoxifying</li><li>Neutralizes acidity</li><li>Strengthens the joints</li></ul>\", \"fr\": \"<p>Articu est indiqué pour soulager les douleurs articulaires, l\'ostéoporose, le rhumatisme, l\'arthrite et les arthroses.</p><p><strong>Propriétés pharmacologiques</strong></p><ul><li>Antioxydants</li><li>Désintoxiquant</li><li>Neutralise l’acidité</li><li>Renforce les articulations&nbsp;</li></ul>\"}}, \"product_type_id\": 2}}', NULL, '2023-10-07 12:15:28', '2023-10-07 12:15:28'),
(670, 'lunar', 'updated', 'Lunar\\Models\\Product', 1, 'updated', NULL, NULL, '{\"old\": {\"id\": null, \"views\": null, \"status\": null, \"brand_id\": null, \"created_at\": null, \"deleted_at\": null, \"attribute_data\": null, \"product_type_id\": null}, \"attributes\": {\"id\": 1, \"views\": 66, \"status\": \"published\", \"brand_id\": 1, \"created_at\": \"2023-08-01T20:30:13.000000Z\", \"deleted_at\": null, \"attribute_data\": {\"name\": {\"en\": \"Articu\", \"fr\": \"Articu\"}, \"composition\": {\"en\": \"<p>Composed of a mixture of natural plants.</p>\", \"fr\": \"<p><span style=\\\"color: rgb(74, 61, 54);\\\">Composé de Mélange de plantes naturelles.</span></p>\"}, \"description\": {\"en\": \"<p>Nutritional supplement preserved in a bottle of 60 capsules of 350 mg.</p>\", \"fr\": \"<p>Complément nutritionnel conservé dans un flacon de 60 gélules de 350 mg.</p>\"}, \"other_details\": {\"en\": \"<p>Articu is indicated for the relief of joint pain, osteoporosis, rheumatism, arthritis and osteoarthritis.</p><p><strong>Pharmacological properties</strong></p><ul><li>Antioxidants</li><li>Detoxifying</li><li>Neutralizes acidity</li><li>Strengthens the joints</li></ul>\", \"fr\": \"<p>Articu est indiqué pour soulager les douleurs articulaires, l\'ostéoporose, le rhumatisme, l\'arthrite et les arthroses.</p><p><strong>Propriétés pharmacologiques</strong></p><ul><li>Antioxydants</li><li>Désintoxiquant</li><li>Neutralise l’acidité</li><li>Renforce les articulations&nbsp;</li></ul>\"}}, \"product_type_id\": 2}}', NULL, '2023-10-07 12:15:28', '2023-10-07 12:15:28'),
(671, 'lunar', 'updated', 'Lunar\\Models\\Product', 6, 'updated', NULL, NULL, '{\"old\": {\"id\": 6, \"views\": 51, \"status\": \"published\", \"brand_id\": 1, \"created_at\": \"2023-08-02T17:24:49.000000Z\", \"deleted_at\": null, \"attribute_data\": {\"name\": {\"en\": \"Ganderma\", \"fr\": \"Ganoderma\"}, \"composition\": {\"en\": \"<p>Composed of Ganoderma Lucidium, amino acids, tritterpene</p>\", \"fr\": \"<p><span style=\\\"color: rgb(74, 61, 54);\\\">Composé de Ganoderma Lucidium, acides aminés, tritterpène</span></p>\"}, \"description\": {\"en\": \"<p>Nutritional supplement preserved in a bottle of 60 soft capsules of 300 mg</p>\", \"fr\": \"<p><span style=\\\"color: rgb(74, 61, 54);\\\">Complément nutritionnel conservé dans un flacon de 60 gélules molles de 300 mg</span></p>\"}, \"other_details\": {\"en\": \"<p><strong>Pharmacological properties</strong></p><p><strong>Ganoderma Lucidium</strong> is a fungus that grows naturally in the woods. It enhances, regulates and activates the body\'s immune system, increases self-defense capacities against tumors and cancers. Promotes the proper functioning of the body, and effectively strengthens the immune system. It is an anticancer and antioxidant.</p><p><strong>Amino acids </strong>are molecules that bind together to form proteins, macronutrients essential for the proper functioning of the body. It is also used to support certain functions such as immunity. Taurine, for example, is one of the amino acids known for its energizing properties.</p><p><strong>Triterpenes</strong> have hormonal and immumodulating potentialities (especially lanostanes, cucurbitanes, oleananes). Some have anti-cancer properties.</p><p><strong>Directions</strong></p><p>Can be used to prevent and treat the following diseases:</p><ul><li>General tiredness;</li><li>Strengthens the hepatic sphere;</li><li>Helps with hepatitis;</li><li>to cirrhosis and difficult digestions.</li></ul>\", \"fr\": \"<p><strong style=\\\"color: rgb(74, 61, 54);\\\">Propriétés pharmacologiques</strong></p><p><strong style=\\\"color: rgb(54, 54, 54);\\\">Le Ganoderma Lucidium</strong><span style=\\\"color: rgb(74, 61, 54);\\\">&nbsp;est un champignon qui pousse naturellement dans les bois. Il rehausse, régularise et active le système immunitaire du corps, accroît les capacités d’autodéfenses contre les tumeurs et les cancers. Favorise le bon fonctionnement de l’organisme, et renforce efficacement le système immunitaire. C’est un anticancéreux et antioxydant.</span></p><p><br></p><p><strong style=\\\"color: rgb(54, 54, 54);\\\">Les Acides aminés&nbsp;</strong><span style=\\\"color: rgb(74, 61, 54);\\\">sont des molécules qui se lient ensemble pour former les protéines, des macronutriments indispensables au bon fonctionnement de l’organisme. Il est également employé pour soutenir certaines fonctions comme l’immunité. La taurine par exemple est une des acides aminés réputée pour ses propriétés énergisantes.</span></p><p><br></p><p><strong style=\\\"color: rgb(54, 54, 54);\\\">Les triterpènes&nbsp;</strong><span style=\\\"color: rgb(74, 61, 54);\\\">sont dotés de potentialités hormonales et immumodulantes (surtout les lanostanes, cucurbitanes, oléananes). Certains possèdent des propriétés anticancéreuses.</span></p><p><br></p><p><strong style=\\\"color: rgb(74, 61, 54);\\\">Indications</strong></p><p>Peut être utilisé pour prévenir et traiter les maladies suivantes : </p><ul><li>Fatigue générale ; </li><li>Renforce la sphère hépatique ; </li><li>Apporte une aide face aux hépatites ; </li><li>à la cirrhose et aux digestions difficiles.</li></ul>\"}}, \"product_type_id\": 2}, \"attributes\": {\"id\": 6, \"views\": 52, \"status\": \"published\", \"brand_id\": 1, \"created_at\": \"2023-08-02T17:24:49.000000Z\", \"deleted_at\": null, \"attribute_data\": {\"name\": {\"en\": \"Ganderma\", \"fr\": \"Ganoderma\"}, \"composition\": {\"en\": \"<p>Composed of Ganoderma Lucidium, amino acids, tritterpene</p>\", \"fr\": \"<p><span style=\\\"color: rgb(74, 61, 54);\\\">Composé de Ganoderma Lucidium, acides aminés, tritterpène</span></p>\"}, \"description\": {\"en\": \"<p>Nutritional supplement preserved in a bottle of 60 soft capsules of 300 mg</p>\", \"fr\": \"<p><span style=\\\"color: rgb(74, 61, 54);\\\">Complément nutritionnel conservé dans un flacon de 60 gélules molles de 300 mg</span></p>\"}, \"other_details\": {\"en\": \"<p><strong>Pharmacological properties</strong></p><p><strong>Ganoderma Lucidium</strong> is a fungus that grows naturally in the woods. It enhances, regulates and activates the body\'s immune system, increases self-defense capacities against tumors and cancers. Promotes the proper functioning of the body, and effectively strengthens the immune system. It is an anticancer and antioxidant.</p><p><strong>Amino acids </strong>are molecules that bind together to form proteins, macronutrients essential for the proper functioning of the body. It is also used to support certain functions such as immunity. Taurine, for example, is one of the amino acids known for its energizing properties.</p><p><strong>Triterpenes</strong> have hormonal and immumodulating potentialities (especially lanostanes, cucurbitanes, oleananes). Some have anti-cancer properties.</p><p><strong>Directions</strong></p><p>Can be used to prevent and treat the following diseases:</p><ul><li>General tiredness;</li><li>Strengthens the hepatic sphere;</li><li>Helps with hepatitis;</li><li>to cirrhosis and difficult digestions.</li></ul>\", \"fr\": \"<p><strong style=\\\"color: rgb(74, 61, 54);\\\">Propriétés pharmacologiques</strong></p><p><strong style=\\\"color: rgb(54, 54, 54);\\\">Le Ganoderma Lucidium</strong><span style=\\\"color: rgb(74, 61, 54);\\\">&nbsp;est un champignon qui pousse naturellement dans les bois. Il rehausse, régularise et active le système immunitaire du corps, accroît les capacités d’autodéfenses contre les tumeurs et les cancers. Favorise le bon fonctionnement de l’organisme, et renforce efficacement le système immunitaire. C’est un anticancéreux et antioxydant.</span></p><p><br></p><p><strong style=\\\"color: rgb(54, 54, 54);\\\">Les Acides aminés&nbsp;</strong><span style=\\\"color: rgb(74, 61, 54);\\\">sont des molécules qui se lient ensemble pour former les protéines, des macronutriments indispensables au bon fonctionnement de l’organisme. Il est également employé pour soutenir certaines fonctions comme l’immunité. La taurine par exemple est une des acides aminés réputée pour ses propriétés énergisantes.</span></p><p><br></p><p><strong style=\\\"color: rgb(54, 54, 54);\\\">Les triterpènes&nbsp;</strong><span style=\\\"color: rgb(74, 61, 54);\\\">sont dotés de potentialités hormonales et immumodulantes (surtout les lanostanes, cucurbitanes, oléananes). Certains possèdent des propriétés anticancéreuses.</span></p><p><br></p><p><strong style=\\\"color: rgb(74, 61, 54);\\\">Indications</strong></p><p>Peut être utilisé pour prévenir et traiter les maladies suivantes : </p><ul><li>Fatigue générale ; </li><li>Renforce la sphère hépatique ; </li><li>Apporte une aide face aux hépatites ; </li><li>à la cirrhose et aux digestions difficiles.</li></ul>\"}}, \"product_type_id\": 2}}', NULL, '2023-10-07 13:13:33', '2023-10-07 13:13:33'),
(672, 'lunar', 'updated', 'Lunar\\Models\\Product', 6, 'updated', NULL, NULL, '{\"old\": {\"id\": null, \"views\": null, \"status\": null, \"brand_id\": null, \"created_at\": null, \"deleted_at\": null, \"attribute_data\": null, \"product_type_id\": null}, \"attributes\": {\"id\": 6, \"views\": 52, \"status\": \"published\", \"brand_id\": 1, \"created_at\": \"2023-08-02T17:24:49.000000Z\", \"deleted_at\": null, \"attribute_data\": {\"name\": {\"en\": \"Ganderma\", \"fr\": \"Ganoderma\"}, \"composition\": {\"en\": \"<p>Composed of Ganoderma Lucidium, amino acids, tritterpene</p>\", \"fr\": \"<p><span style=\\\"color: rgb(74, 61, 54);\\\">Composé de Ganoderma Lucidium, acides aminés, tritterpène</span></p>\"}, \"description\": {\"en\": \"<p>Nutritional supplement preserved in a bottle of 60 soft capsules of 300 mg</p>\", \"fr\": \"<p><span style=\\\"color: rgb(74, 61, 54);\\\">Complément nutritionnel conservé dans un flacon de 60 gélules molles de 300 mg</span></p>\"}, \"other_details\": {\"en\": \"<p><strong>Pharmacological properties</strong></p><p><strong>Ganoderma Lucidium</strong> is a fungus that grows naturally in the woods. It enhances, regulates and activates the body\'s immune system, increases self-defense capacities against tumors and cancers. Promotes the proper functioning of the body, and effectively strengthens the immune system. It is an anticancer and antioxidant.</p><p><strong>Amino acids </strong>are molecules that bind together to form proteins, macronutrients essential for the proper functioning of the body. It is also used to support certain functions such as immunity. Taurine, for example, is one of the amino acids known for its energizing properties.</p><p><strong>Triterpenes</strong> have hormonal and immumodulating potentialities (especially lanostanes, cucurbitanes, oleananes). Some have anti-cancer properties.</p><p><strong>Directions</strong></p><p>Can be used to prevent and treat the following diseases:</p><ul><li>General tiredness;</li><li>Strengthens the hepatic sphere;</li><li>Helps with hepatitis;</li><li>to cirrhosis and difficult digestions.</li></ul>\", \"fr\": \"<p><strong style=\\\"color: rgb(74, 61, 54);\\\">Propriétés pharmacologiques</strong></p><p><strong style=\\\"color: rgb(54, 54, 54);\\\">Le Ganoderma Lucidium</strong><span style=\\\"color: rgb(74, 61, 54);\\\">&nbsp;est un champignon qui pousse naturellement dans les bois. Il rehausse, régularise et active le système immunitaire du corps, accroît les capacités d’autodéfenses contre les tumeurs et les cancers. Favorise le bon fonctionnement de l’organisme, et renforce efficacement le système immunitaire. C’est un anticancéreux et antioxydant.</span></p><p><br></p><p><strong style=\\\"color: rgb(54, 54, 54);\\\">Les Acides aminés&nbsp;</strong><span style=\\\"color: rgb(74, 61, 54);\\\">sont des molécules qui se lient ensemble pour former les protéines, des macronutriments indispensables au bon fonctionnement de l’organisme. Il est également employé pour soutenir certaines fonctions comme l’immunité. La taurine par exemple est une des acides aminés réputée pour ses propriétés énergisantes.</span></p><p><br></p><p><strong style=\\\"color: rgb(54, 54, 54);\\\">Les triterpènes&nbsp;</strong><span style=\\\"color: rgb(74, 61, 54);\\\">sont dotés de potentialités hormonales et immumodulantes (surtout les lanostanes, cucurbitanes, oléananes). Certains possèdent des propriétés anticancéreuses.</span></p><p><br></p><p><strong style=\\\"color: rgb(74, 61, 54);\\\">Indications</strong></p><p>Peut être utilisé pour prévenir et traiter les maladies suivantes : </p><ul><li>Fatigue générale ; </li><li>Renforce la sphère hépatique ; </li><li>Apporte une aide face aux hépatites ; </li><li>à la cirrhose et aux digestions difficiles.</li></ul>\"}}, \"product_type_id\": 2}}', NULL, '2023-10-07 13:13:33', '2023-10-07 13:13:33'),
(673, 'lunar', 'updated', 'Lunar\\Models\\Product', 5, 'updated', NULL, NULL, '{\"old\": {\"id\": 5, \"views\": 57, \"status\": \"published\", \"brand_id\": 1, \"created_at\": \"2023-08-02T17:14:13.000000Z\", \"deleted_at\": null, \"attribute_data\": {\"name\": {\"en\": \"Bio Booster\", \"fr\": \"Bio Booster\"}, \"composition\": {\"en\": \"<p>Composed mainly of turmeric, graviola, ganoderma lucidium and certain medicinal plants</p>\", \"fr\": \"<p>Composé principalement de curcuma, de graviola, de ganoderma lucidium et de certaines plantes médicinales</p>\"}, \"description\": {\"en\": \"<p><span style=\\\"color: rgb(74, 61, 54);\\\">Nutritional supplement preserved in a bottle of 60 capsules of 350 mg.</span></p>\", \"fr\": \"<p>Complément alimentaire conservé dans un flacon de 60 gélules de 350 mg.</p>\"}, \"other_details\": {\"en\": \"<p><strong style=\\\"color: rgb(54, 54, 54);\\\">Pharmacological properties</strong></p><p><strong style=\\\"color: rgb(54, 54, 54);\\\">Turmeric</strong><span style=\\\"color: rgb(74, 61, 54);\\\">&nbsp;is recognized in traditional Indian and Chinese medicine and in the West for its antioxidant properties. It helps the body to fight against stress and maintain the effectiveness of natural defenses. It has also been used for a very long time as an anti-inflammatory by Indian Ayurvedic medicine.</span></p><p><strong>Graviola or soursop diuretic, galactologist</strong> (promotes lactation.), antipyretic (fight against fever) antidiarrheal and antiparasitic, antiarthritic... The infusions and decoctions of its leaves, flowers, roots and bark, are reputed to be calming, fighting against insomnia , hypertension, cancer, diabetes and asthma. It is also used to purify the faith.</p><p><strong>Ganoderma Lucidium</strong> is a fungus that grows naturally in the woods. It enhances, regulates and activates the body\'s immune system, increases self-defense capacities against tumors and cancers. Promotes the proper functioning of the body, and effectively strengthens the immune system. It is an anticancer and antioxidant.</p><p><strong>Directions</strong></p><p>Can be used to prevent and treat the following diseases:</p><p><span style=\\\"color: rgb(74, 61, 54);\\\">- Blood pressure&nbsp;</span></p><p><span style=\\\"color: rgb(74, 61, 54);\\\">- Diabetes&nbsp;</span></p><p><span style=\\\"color: rgb(74, 61, 54);\\\">- Ulcers and chronic inflammations&nbsp;</span></p><p><span style=\\\"color: rgb(74, 61, 54);\\\">- Hepatitis B and C, liver cirrhosis and jaundice&nbsp;</span></p><p><span style=\\\"color: rgb(74, 61, 54);\\\">- Chronic constipation, digestive pain.&nbsp;</span></p><p><span style=\\\"color: rgb(74, 61, 54);\\\">- Stress&nbsp;</span></p><p><span style=\\\"color: rgb(74, 61, 54);\\\">- Venous obstruction</span></p>\", \"fr\": \"<p><strong>Propriétés pharmacologiques</strong></p><p><strong>Le curcuma</strong> est reconnu dans la médecine traditionnelle indienne et chinoise et en Occident pour ses propriétés antioxydantes. Il aide l\'organisme à lutter contre le stress et à maintenir l\'efficacité des défenses naturelles. Il est également utilisé depuis très longtemps comme anti-inflammatoire par la médecine ayurvédique indienne.</p><p><strong style=\\\"color: rgb(54, 54, 54);\\\">Graviola or soursop diuretic, galactologist</strong><span style=\\\"color: rgb(74, 61, 54);\\\">(favorise la lactation.), antipyrétique (lutte contre la fièvre) antidiarrhéique et antiparasitaire, antiarthritique... Les infusions et décoctions de ses feuilles, fleurs, racines et écorce, sont réputées calmantes, luttant contre les insomnies, l’hypertension, le cancer, le diabète et l’asthme. Il est aussi utilisé pour purifier le foi.</span></p><p><strong style=\\\"color: rgb(54, 54, 54);\\\">Le Ganoderma Lucidium&nbsp;</strong><span style=\\\"color: rgb(74, 61, 54);\\\">est un champignon qui pousse naturellement dans les bois. Il rehausse, régularise et active le système immunitaire du corps, accroit les capacités d’autodéfenses contre les tumeurs et les cancers. Favorise le bon fonctionnement de l’organisme, et renforce efficacement le système immunitaire. C’est un anticancéreux et antioxydant.</span></p><p><strong style=\\\"color: rgb(54, 54, 54);\\\">Indications</strong></p><p><span style=\\\"color: rgb(74, 61, 54);\\\">Peut être utilisé pour prévenir et traiter les maladies suivantes :&nbsp;</span></p><p><span class=\\\"ql-cursor\\\">﻿</span>- Pression artérielle</p><p>- Diabète</p><p>- Ulcères et inflammations chroniques</p><p>- Hépatite B et C, cirrhose du foie et ictère</p><p>- Constipation chronique, douleurs digestives.</p><p>- Stress</p><p>- Obstruction veineuse</p>\"}}, \"product_type_id\": 2}, \"attributes\": {\"id\": 5, \"views\": 58, \"status\": \"published\", \"brand_id\": 1, \"created_at\": \"2023-08-02T17:14:13.000000Z\", \"deleted_at\": null, \"attribute_data\": {\"name\": {\"en\": \"Bio Booster\", \"fr\": \"Bio Booster\"}, \"composition\": {\"en\": \"<p>Composed mainly of turmeric, graviola, ganoderma lucidium and certain medicinal plants</p>\", \"fr\": \"<p>Composé principalement de curcuma, de graviola, de ganoderma lucidium et de certaines plantes médicinales</p>\"}, \"description\": {\"en\": \"<p><span style=\\\"color: rgb(74, 61, 54);\\\">Nutritional supplement preserved in a bottle of 60 capsules of 350 mg.</span></p>\", \"fr\": \"<p>Complément alimentaire conservé dans un flacon de 60 gélules de 350 mg.</p>\"}, \"other_details\": {\"en\": \"<p><strong style=\\\"color: rgb(54, 54, 54);\\\">Pharmacological properties</strong></p><p><strong style=\\\"color: rgb(54, 54, 54);\\\">Turmeric</strong><span style=\\\"color: rgb(74, 61, 54);\\\">&nbsp;is recognized in traditional Indian and Chinese medicine and in the West for its antioxidant properties. It helps the body to fight against stress and maintain the effectiveness of natural defenses. It has also been used for a very long time as an anti-inflammatory by Indian Ayurvedic medicine.</span></p><p><strong>Graviola or soursop diuretic, galactologist</strong> (promotes lactation.), antipyretic (fight against fever) antidiarrheal and antiparasitic, antiarthritic... The infusions and decoctions of its leaves, flowers, roots and bark, are reputed to be calming, fighting against insomnia , hypertension, cancer, diabetes and asthma. It is also used to purify the faith.</p><p><strong>Ganoderma Lucidium</strong> is a fungus that grows naturally in the woods. It enhances, regulates and activates the body\'s immune system, increases self-defense capacities against tumors and cancers. Promotes the proper functioning of the body, and effectively strengthens the immune system. It is an anticancer and antioxidant.</p><p><strong>Directions</strong></p><p>Can be used to prevent and treat the following diseases:</p><p><span style=\\\"color: rgb(74, 61, 54);\\\">- Blood pressure&nbsp;</span></p><p><span style=\\\"color: rgb(74, 61, 54);\\\">- Diabetes&nbsp;</span></p><p><span style=\\\"color: rgb(74, 61, 54);\\\">- Ulcers and chronic inflammations&nbsp;</span></p><p><span style=\\\"color: rgb(74, 61, 54);\\\">- Hepatitis B and C, liver cirrhosis and jaundice&nbsp;</span></p><p><span style=\\\"color: rgb(74, 61, 54);\\\">- Chronic constipation, digestive pain.&nbsp;</span></p><p><span style=\\\"color: rgb(74, 61, 54);\\\">- Stress&nbsp;</span></p><p><span style=\\\"color: rgb(74, 61, 54);\\\">- Venous obstruction</span></p>\", \"fr\": \"<p><strong>Propriétés pharmacologiques</strong></p><p><strong>Le curcuma</strong> est reconnu dans la médecine traditionnelle indienne et chinoise et en Occident pour ses propriétés antioxydantes. Il aide l\'organisme à lutter contre le stress et à maintenir l\'efficacité des défenses naturelles. Il est également utilisé depuis très longtemps comme anti-inflammatoire par la médecine ayurvédique indienne.</p><p><strong style=\\\"color: rgb(54, 54, 54);\\\">Graviola or soursop diuretic, galactologist</strong><span style=\\\"color: rgb(74, 61, 54);\\\">(favorise la lactation.), antipyrétique (lutte contre la fièvre) antidiarrhéique et antiparasitaire, antiarthritique... Les infusions et décoctions de ses feuilles, fleurs, racines et écorce, sont réputées calmantes, luttant contre les insomnies, l’hypertension, le cancer, le diabète et l’asthme. Il est aussi utilisé pour purifier le foi.</span></p><p><strong style=\\\"color: rgb(54, 54, 54);\\\">Le Ganoderma Lucidium&nbsp;</strong><span style=\\\"color: rgb(74, 61, 54);\\\">est un champignon qui pousse naturellement dans les bois. Il rehausse, régularise et active le système immunitaire du corps, accroit les capacités d’autodéfenses contre les tumeurs et les cancers. Favorise le bon fonctionnement de l’organisme, et renforce efficacement le système immunitaire. C’est un anticancéreux et antioxydant.</span></p><p><strong style=\\\"color: rgb(54, 54, 54);\\\">Indications</strong></p><p><span style=\\\"color: rgb(74, 61, 54);\\\">Peut être utilisé pour prévenir et traiter les maladies suivantes :&nbsp;</span></p><p><span class=\\\"ql-cursor\\\">﻿</span>- Pression artérielle</p><p>- Diabète</p><p>- Ulcères et inflammations chroniques</p><p>- Hépatite B et C, cirrhose du foie et ictère</p><p>- Constipation chronique, douleurs digestives.</p><p>- Stress</p><p>- Obstruction veineuse</p>\"}}, \"product_type_id\": 2}}', NULL, '2023-10-07 13:22:03', '2023-10-07 13:22:03'),
(674, 'lunar', 'updated', 'Lunar\\Models\\Product', 5, 'updated', NULL, NULL, '{\"old\": {\"id\": null, \"views\": null, \"status\": null, \"brand_id\": null, \"created_at\": null, \"deleted_at\": null, \"attribute_data\": null, \"product_type_id\": null}, \"attributes\": {\"id\": 5, \"views\": 58, \"status\": \"published\", \"brand_id\": 1, \"created_at\": \"2023-08-02T17:14:13.000000Z\", \"deleted_at\": null, \"attribute_data\": {\"name\": {\"en\": \"Bio Booster\", \"fr\": \"Bio Booster\"}, \"composition\": {\"en\": \"<p>Composed mainly of turmeric, graviola, ganoderma lucidium and certain medicinal plants</p>\", \"fr\": \"<p>Composé principalement de curcuma, de graviola, de ganoderma lucidium et de certaines plantes médicinales</p>\"}, \"description\": {\"en\": \"<p><span style=\\\"color: rgb(74, 61, 54);\\\">Nutritional supplement preserved in a bottle of 60 capsules of 350 mg.</span></p>\", \"fr\": \"<p>Complément alimentaire conservé dans un flacon de 60 gélules de 350 mg.</p>\"}, \"other_details\": {\"en\": \"<p><strong style=\\\"color: rgb(54, 54, 54);\\\">Pharmacological properties</strong></p><p><strong style=\\\"color: rgb(54, 54, 54);\\\">Turmeric</strong><span style=\\\"color: rgb(74, 61, 54);\\\">&nbsp;is recognized in traditional Indian and Chinese medicine and in the West for its antioxidant properties. It helps the body to fight against stress and maintain the effectiveness of natural defenses. It has also been used for a very long time as an anti-inflammatory by Indian Ayurvedic medicine.</span></p><p><strong>Graviola or soursop diuretic, galactologist</strong> (promotes lactation.), antipyretic (fight against fever) antidiarrheal and antiparasitic, antiarthritic... The infusions and decoctions of its leaves, flowers, roots and bark, are reputed to be calming, fighting against insomnia , hypertension, cancer, diabetes and asthma. It is also used to purify the faith.</p><p><strong>Ganoderma Lucidium</strong> is a fungus that grows naturally in the woods. It enhances, regulates and activates the body\'s immune system, increases self-defense capacities against tumors and cancers. Promotes the proper functioning of the body, and effectively strengthens the immune system. It is an anticancer and antioxidant.</p><p><strong>Directions</strong></p><p>Can be used to prevent and treat the following diseases:</p><p><span style=\\\"color: rgb(74, 61, 54);\\\">- Blood pressure&nbsp;</span></p><p><span style=\\\"color: rgb(74, 61, 54);\\\">- Diabetes&nbsp;</span></p><p><span style=\\\"color: rgb(74, 61, 54);\\\">- Ulcers and chronic inflammations&nbsp;</span></p><p><span style=\\\"color: rgb(74, 61, 54);\\\">- Hepatitis B and C, liver cirrhosis and jaundice&nbsp;</span></p><p><span style=\\\"color: rgb(74, 61, 54);\\\">- Chronic constipation, digestive pain.&nbsp;</span></p><p><span style=\\\"color: rgb(74, 61, 54);\\\">- Stress&nbsp;</span></p><p><span style=\\\"color: rgb(74, 61, 54);\\\">- Venous obstruction</span></p>\", \"fr\": \"<p><strong>Propriétés pharmacologiques</strong></p><p><strong>Le curcuma</strong> est reconnu dans la médecine traditionnelle indienne et chinoise et en Occident pour ses propriétés antioxydantes. Il aide l\'organisme à lutter contre le stress et à maintenir l\'efficacité des défenses naturelles. Il est également utilisé depuis très longtemps comme anti-inflammatoire par la médecine ayurvédique indienne.</p><p><strong style=\\\"color: rgb(54, 54, 54);\\\">Graviola or soursop diuretic, galactologist</strong><span style=\\\"color: rgb(74, 61, 54);\\\">(favorise la lactation.), antipyrétique (lutte contre la fièvre) antidiarrhéique et antiparasitaire, antiarthritique... Les infusions et décoctions de ses feuilles, fleurs, racines et écorce, sont réputées calmantes, luttant contre les insomnies, l’hypertension, le cancer, le diabète et l’asthme. Il est aussi utilisé pour purifier le foi.</span></p><p><strong style=\\\"color: rgb(54, 54, 54);\\\">Le Ganoderma Lucidium&nbsp;</strong><span style=\\\"color: rgb(74, 61, 54);\\\">est un champignon qui pousse naturellement dans les bois. Il rehausse, régularise et active le système immunitaire du corps, accroit les capacités d’autodéfenses contre les tumeurs et les cancers. Favorise le bon fonctionnement de l’organisme, et renforce efficacement le système immunitaire. C’est un anticancéreux et antioxydant.</span></p><p><strong style=\\\"color: rgb(54, 54, 54);\\\">Indications</strong></p><p><span style=\\\"color: rgb(74, 61, 54);\\\">Peut être utilisé pour prévenir et traiter les maladies suivantes :&nbsp;</span></p><p><span class=\\\"ql-cursor\\\">﻿</span>- Pression artérielle</p><p>- Diabète</p><p>- Ulcères et inflammations chroniques</p><p>- Hépatite B et C, cirrhose du foie et ictère</p><p>- Constipation chronique, douleurs digestives.</p><p>- Stress</p><p>- Obstruction veineuse</p>\"}}, \"product_type_id\": 2}}', NULL, '2023-10-07 13:22:03', '2023-10-07 13:22:03'),
(675, 'lunar', 'updated', 'Lunar\\Models\\Product', 2, 'updated', NULL, NULL, '{\"old\": {\"id\": 2, \"views\": 68, \"status\": \"published\", \"brand_id\": 1, \"created_at\": \"2023-08-02T16:52:40.000000Z\", \"deleted_at\": null, \"attribute_data\": {\"name\": {\"en\": \"Bio-wum\", \"fr\": \"Bio-wum\"}, \"composition\": {\"en\": \"<p><span style=\\\"color: rgb(74, 61, 54);\\\">Composed mainly of sterospermun, Kun thiamine, combretum cassia and certain Beninese medicinal plants.&nbsp;</span></p>\", \"fr\": \"<p>Composé principalement de sterospermun, de Kun thiamine, de combretum cassia et de certaines plantes médicinales béninoises.</p>\"}, \"description\": {\"en\": \"<p><span style=\\\"color: rgb(74, 61, 54);\\\">Nutritional supplement preserved in a bottle of 60 capsules of 350mg&nbsp;</span></p>\", \"fr\": \"<p>Complément nutritionnel conservé dans un flacon de 60 gélules de 350mg</p>\"}, \"other_details\": {\"en\": \"<p><strong style=\\\"color: rgb(54, 54, 54);\\\">Pharmacological properties</strong></p><ul><li>Sterospermun is a powerful diuretic.</li><li>Kun thiamine Thiamine is actually known to help strengthen the body\'s ability to fight against stress. It would also&nbsp;<strong style=\\\"color: rgb(54, 54, 54);\\\">reduce anxiety and depression and improve mood.</strong></li><li><strong style=\\\"color: rgb(54, 54, 54);\\\">Combretum cassia or&nbsp;&nbsp;</strong>&nbsp;kinkéliba, It is known under the scientific name of Combretum micrathum. It has invigorating properties which makes it strongly recommended for the faster&nbsp;<strong style=\\\"color: rgb(54, 54, 54);\\\">.&nbsp;</strong>It is an anti-inflammatory and an anti-bacterial which accelerates the healing of wounds and fights against infectious diarrhoea. It also has choleretic and Cholagogue properties</li></ul><p><strong style=\\\"color: rgb(54, 54, 54);\\\">Indication</strong></p><p>Only women can use this product in the following cases:&nbsp;</p><ul><li>Uterine fibroid or myoma&nbsp;</li><li>Ovarian Cyst&nbsp;</li></ul>\", \"fr\": \"<p><strong>Propriétés pharmacologiques</strong></p><ul><li>Sterospermun est un puissant diurétique.</li><li>Kun thiamine La thiamine est en effet connue pour aider à renforcer la capacité de l\'organisme à lutter contre le stress. Cela réduirait également l\'anxiété et la dépression et améliorerait l\'humeur.</li><li>Combretum cassia ou kinkéliba, Il est connu sous le nom scientifique de Combretum micrathum. Il possède des propriétés tonifiantes qui le rendent fortement recommandé pour les plus rapides. C\'est un anti-inflammatoire et un antibactérien qui accélère la cicatrisation des plaies et lutte contre les diarrhées infectieuses. Il possède également des propriétés cholérétiques et cholagogues</li></ul><p><strong>Indication</strong></p><p>Seules les femmes peuvent utiliser ce produit dans les cas suivants :</p><ul><li>Fibrome utérin ou myome</li><li>Kyste de l\'ovaire</li></ul>\"}}, \"product_type_id\": 2}, \"attributes\": {\"id\": 2, \"views\": 69, \"status\": \"published\", \"brand_id\": 1, \"created_at\": \"2023-08-02T16:52:40.000000Z\", \"deleted_at\": null, \"attribute_data\": {\"name\": {\"en\": \"Bio-wum\", \"fr\": \"Bio-wum\"}, \"composition\": {\"en\": \"<p><span style=\\\"color: rgb(74, 61, 54);\\\">Composed mainly of sterospermun, Kun thiamine, combretum cassia and certain Beninese medicinal plants.&nbsp;</span></p>\", \"fr\": \"<p>Composé principalement de sterospermun, de Kun thiamine, de combretum cassia et de certaines plantes médicinales béninoises.</p>\"}, \"description\": {\"en\": \"<p><span style=\\\"color: rgb(74, 61, 54);\\\">Nutritional supplement preserved in a bottle of 60 capsules of 350mg&nbsp;</span></p>\", \"fr\": \"<p>Complément nutritionnel conservé dans un flacon de 60 gélules de 350mg</p>\"}, \"other_details\": {\"en\": \"<p><strong style=\\\"color: rgb(54, 54, 54);\\\">Pharmacological properties</strong></p><ul><li>Sterospermun is a powerful diuretic.</li><li>Kun thiamine Thiamine is actually known to help strengthen the body\'s ability to fight against stress. It would also&nbsp;<strong style=\\\"color: rgb(54, 54, 54);\\\">reduce anxiety and depression and improve mood.</strong></li><li><strong style=\\\"color: rgb(54, 54, 54);\\\">Combretum cassia or&nbsp;&nbsp;</strong>&nbsp;kinkéliba, It is known under the scientific name of Combretum micrathum. It has invigorating properties which makes it strongly recommended for the faster&nbsp;<strong style=\\\"color: rgb(54, 54, 54);\\\">.&nbsp;</strong>It is an anti-inflammatory and an anti-bacterial which accelerates the healing of wounds and fights against infectious diarrhoea. It also has choleretic and Cholagogue properties</li></ul><p><strong style=\\\"color: rgb(54, 54, 54);\\\">Indication</strong></p><p>Only women can use this product in the following cases:&nbsp;</p><ul><li>Uterine fibroid or myoma&nbsp;</li><li>Ovarian Cyst&nbsp;</li></ul>\", \"fr\": \"<p><strong>Propriétés pharmacologiques</strong></p><ul><li>Sterospermun est un puissant diurétique.</li><li>Kun thiamine La thiamine est en effet connue pour aider à renforcer la capacité de l\'organisme à lutter contre le stress. Cela réduirait également l\'anxiété et la dépression et améliorerait l\'humeur.</li><li>Combretum cassia ou kinkéliba, Il est connu sous le nom scientifique de Combretum micrathum. Il possède des propriétés tonifiantes qui le rendent fortement recommandé pour les plus rapides. C\'est un anti-inflammatoire et un antibactérien qui accélère la cicatrisation des plaies et lutte contre les diarrhées infectieuses. Il possède également des propriétés cholérétiques et cholagogues</li></ul><p><strong>Indication</strong></p><p>Seules les femmes peuvent utiliser ce produit dans les cas suivants :</p><ul><li>Fibrome utérin ou myome</li><li>Kyste de l\'ovaire</li></ul>\"}}, \"product_type_id\": 2}}', NULL, '2023-10-07 13:22:42', '2023-10-07 13:22:42'),
(676, 'lunar', 'updated', 'Lunar\\Models\\Product', 2, 'updated', NULL, NULL, '{\"old\": {\"id\": null, \"views\": null, \"status\": null, \"brand_id\": null, \"created_at\": null, \"deleted_at\": null, \"attribute_data\": null, \"product_type_id\": null}, \"attributes\": {\"id\": 2, \"views\": 69, \"status\": \"published\", \"brand_id\": 1, \"created_at\": \"2023-08-02T16:52:40.000000Z\", \"deleted_at\": null, \"attribute_data\": {\"name\": {\"en\": \"Bio-wum\", \"fr\": \"Bio-wum\"}, \"composition\": {\"en\": \"<p><span style=\\\"color: rgb(74, 61, 54);\\\">Composed mainly of sterospermun, Kun thiamine, combretum cassia and certain Beninese medicinal plants.&nbsp;</span></p>\", \"fr\": \"<p>Composé principalement de sterospermun, de Kun thiamine, de combretum cassia et de certaines plantes médicinales béninoises.</p>\"}, \"description\": {\"en\": \"<p><span style=\\\"color: rgb(74, 61, 54);\\\">Nutritional supplement preserved in a bottle of 60 capsules of 350mg&nbsp;</span></p>\", \"fr\": \"<p>Complément nutritionnel conservé dans un flacon de 60 gélules de 350mg</p>\"}, \"other_details\": {\"en\": \"<p><strong style=\\\"color: rgb(54, 54, 54);\\\">Pharmacological properties</strong></p><ul><li>Sterospermun is a powerful diuretic.</li><li>Kun thiamine Thiamine is actually known to help strengthen the body\'s ability to fight against stress. It would also&nbsp;<strong style=\\\"color: rgb(54, 54, 54);\\\">reduce anxiety and depression and improve mood.</strong></li><li><strong style=\\\"color: rgb(54, 54, 54);\\\">Combretum cassia or&nbsp;&nbsp;</strong>&nbsp;kinkéliba, It is known under the scientific name of Combretum micrathum. It has invigorating properties which makes it strongly recommended for the faster&nbsp;<strong style=\\\"color: rgb(54, 54, 54);\\\">.&nbsp;</strong>It is an anti-inflammatory and an anti-bacterial which accelerates the healing of wounds and fights against infectious diarrhoea. It also has choleretic and Cholagogue properties</li></ul><p><strong style=\\\"color: rgb(54, 54, 54);\\\">Indication</strong></p><p>Only women can use this product in the following cases:&nbsp;</p><ul><li>Uterine fibroid or myoma&nbsp;</li><li>Ovarian Cyst&nbsp;</li></ul>\", \"fr\": \"<p><strong>Propriétés pharmacologiques</strong></p><ul><li>Sterospermun est un puissant diurétique.</li><li>Kun thiamine La thiamine est en effet connue pour aider à renforcer la capacité de l\'organisme à lutter contre le stress. Cela réduirait également l\'anxiété et la dépression et améliorerait l\'humeur.</li><li>Combretum cassia ou kinkéliba, Il est connu sous le nom scientifique de Combretum micrathum. Il possède des propriétés tonifiantes qui le rendent fortement recommandé pour les plus rapides. C\'est un anti-inflammatoire et un antibactérien qui accélère la cicatrisation des plaies et lutte contre les diarrhées infectieuses. Il possède également des propriétés cholérétiques et cholagogues</li></ul><p><strong>Indication</strong></p><p>Seules les femmes peuvent utiliser ce produit dans les cas suivants :</p><ul><li>Fibrome utérin ou myome</li><li>Kyste de l\'ovaire</li></ul>\"}}, \"product_type_id\": 2}}', NULL, '2023-10-07 13:22:42', '2023-10-07 13:22:42'),
(677, 'lunar', 'updated', 'Lunar\\Models\\Product', 4, 'updated', NULL, NULL, '{\"old\": {\"id\": 4, \"views\": 54, \"status\": \"published\", \"brand_id\": 1, \"created_at\": \"2023-08-02T17:07:28.000000Z\", \"deleted_at\": null, \"attribute_data\": {\"name\": {\"en\": \"Depura\", \"fr\": \"Depura\"}, \"composition\": {\"en\": \"<p>Gambian Tea, Curcumin, Zingibaraceae</p>\", \"fr\": \"<p><span style=\\\"color: rgb(74, 61, 54);\\\">Thé de Gambie, Curcumine, Zingibaraceae</span></p>\"}, \"description\": {\"en\": \"<p>Nutritional supplement preserved in a bottle of 60 capsules of 500 mg.</p>\", \"fr\": \"<p><span style=\\\"color: rgb(74, 61, 54);\\\">Complément nutritionnel conservé dans un flacon de 60 gélules de 500 mg.</span></p>\"}, \"other_details\": {\"en\": \"<p><strong>Pharmacological properties</strong></p><p><strong>Gambian tea</strong>: diuretic properties and used in case of liver failure</p><p><strong>Curcumin</strong> has different properties which are mainly: the antioxidant effect which suggests a protective effect against diseases related to oxidative stress (such as cardiovascular disease and Alzheimer\'s disease)5.</p><p>And the anti-inflammatory effect and could participate in the prevention of cancer at several stages of its development. Zingibaraceae is recognized in traditional Indian and Chinese medicine and in the West for its antioxidant properties.</p><p><strong>Directions</strong></p><ul><li>Thoroughly cleanses the digestive tract without damaging the intestinal flora. - Detoxifies the colon of fats and crames. </li><li>Treats abdominal obesity.</li></ul>\", \"fr\": \"<p><strong style=\\\"color: rgb(54, 54, 54);\\\">Propriétés pharmacologiques</strong></p><p><strong style=\\\"color: rgb(54, 54, 54);\\\">Thé de Gambie :</strong><span style=\\\"color: rgb(74, 61, 54);\\\">&nbsp;propriétés diurétique et utilisée en cas d’insuffisance hépatique</span></p><p><strong style=\\\"color: rgb(54, 54, 54);\\\">La curcumine</strong><span style=\\\"color: rgb(74, 61, 54);\\\">&nbsp;présente différentes propriétés qui sont principalement : l’effet antioxydant qui laisse entrevoir un effet protecteur contre les maladies reliées au stress oxydatif (telles les maladies cardiovasculaires et la maladie d’Alzheimer)5.&nbsp;</span></p><p><span style=\\\"color: rgb(74, 61, 54);\\\">Et l’effet anti-inflammatoires et pourrait participer à la prévention du cancer à plusieurs étapes de son développement. Le Zingibaraceae est reconnu dans les médecines traditionnelles indiennes et chinoises et en Occident pour ses propriétés antioxydantes.&nbsp;</span></p><p><strong>Indications</strong></p><ul><li>Nettoie en profondeur le tube digestif sans endommager la flore intestinale. - Détoxifie le côlon des graisses et des crames.</li><li>Traite l\'obésité abdominale.</li></ul>\"}}, \"product_type_id\": 2}, \"attributes\": {\"id\": 4, \"views\": 55, \"status\": \"published\", \"brand_id\": 1, \"created_at\": \"2023-08-02T17:07:28.000000Z\", \"deleted_at\": null, \"attribute_data\": {\"name\": {\"en\": \"Depura\", \"fr\": \"Depura\"}, \"composition\": {\"en\": \"<p>Gambian Tea, Curcumin, Zingibaraceae</p>\", \"fr\": \"<p><span style=\\\"color: rgb(74, 61, 54);\\\">Thé de Gambie, Curcumine, Zingibaraceae</span></p>\"}, \"description\": {\"en\": \"<p>Nutritional supplement preserved in a bottle of 60 capsules of 500 mg.</p>\", \"fr\": \"<p><span style=\\\"color: rgb(74, 61, 54);\\\">Complément nutritionnel conservé dans un flacon de 60 gélules de 500 mg.</span></p>\"}, \"other_details\": {\"en\": \"<p><strong>Pharmacological properties</strong></p><p><strong>Gambian tea</strong>: diuretic properties and used in case of liver failure</p><p><strong>Curcumin</strong> has different properties which are mainly: the antioxidant effect which suggests a protective effect against diseases related to oxidative stress (such as cardiovascular disease and Alzheimer\'s disease)5.</p><p>And the anti-inflammatory effect and could participate in the prevention of cancer at several stages of its development. Zingibaraceae is recognized in traditional Indian and Chinese medicine and in the West for its antioxidant properties.</p><p><strong>Directions</strong></p><ul><li>Thoroughly cleanses the digestive tract without damaging the intestinal flora. - Detoxifies the colon of fats and crames. </li><li>Treats abdominal obesity.</li></ul>\", \"fr\": \"<p><strong style=\\\"color: rgb(54, 54, 54);\\\">Propriétés pharmacologiques</strong></p><p><strong style=\\\"color: rgb(54, 54, 54);\\\">Thé de Gambie :</strong><span style=\\\"color: rgb(74, 61, 54);\\\">&nbsp;propriétés diurétique et utilisée en cas d’insuffisance hépatique</span></p><p><strong style=\\\"color: rgb(54, 54, 54);\\\">La curcumine</strong><span style=\\\"color: rgb(74, 61, 54);\\\">&nbsp;présente différentes propriétés qui sont principalement : l’effet antioxydant qui laisse entrevoir un effet protecteur contre les maladies reliées au stress oxydatif (telles les maladies cardiovasculaires et la maladie d’Alzheimer)5.&nbsp;</span></p><p><span style=\\\"color: rgb(74, 61, 54);\\\">Et l’effet anti-inflammatoires et pourrait participer à la prévention du cancer à plusieurs étapes de son développement. Le Zingibaraceae est reconnu dans les médecines traditionnelles indiennes et chinoises et en Occident pour ses propriétés antioxydantes.&nbsp;</span></p><p><strong>Indications</strong></p><ul><li>Nettoie en profondeur le tube digestif sans endommager la flore intestinale. - Détoxifie le côlon des graisses et des crames.</li><li>Traite l\'obésité abdominale.</li></ul>\"}}, \"product_type_id\": 2}}', NULL, '2023-10-07 14:25:39', '2023-10-07 14:25:39'),
(678, 'lunar', 'updated', 'Lunar\\Models\\Product', 4, 'updated', NULL, NULL, '{\"old\": {\"id\": null, \"views\": null, \"status\": null, \"brand_id\": null, \"created_at\": null, \"deleted_at\": null, \"attribute_data\": null, \"product_type_id\": null}, \"attributes\": {\"id\": 4, \"views\": 55, \"status\": \"published\", \"brand_id\": 1, \"created_at\": \"2023-08-02T17:07:28.000000Z\", \"deleted_at\": null, \"attribute_data\": {\"name\": {\"en\": \"Depura\", \"fr\": \"Depura\"}, \"composition\": {\"en\": \"<p>Gambian Tea, Curcumin, Zingibaraceae</p>\", \"fr\": \"<p><span style=\\\"color: rgb(74, 61, 54);\\\">Thé de Gambie, Curcumine, Zingibaraceae</span></p>\"}, \"description\": {\"en\": \"<p>Nutritional supplement preserved in a bottle of 60 capsules of 500 mg.</p>\", \"fr\": \"<p><span style=\\\"color: rgb(74, 61, 54);\\\">Complément nutritionnel conservé dans un flacon de 60 gélules de 500 mg.</span></p>\"}, \"other_details\": {\"en\": \"<p><strong>Pharmacological properties</strong></p><p><strong>Gambian tea</strong>: diuretic properties and used in case of liver failure</p><p><strong>Curcumin</strong> has different properties which are mainly: the antioxidant effect which suggests a protective effect against diseases related to oxidative stress (such as cardiovascular disease and Alzheimer\'s disease)5.</p><p>And the anti-inflammatory effect and could participate in the prevention of cancer at several stages of its development. Zingibaraceae is recognized in traditional Indian and Chinese medicine and in the West for its antioxidant properties.</p><p><strong>Directions</strong></p><ul><li>Thoroughly cleanses the digestive tract without damaging the intestinal flora. - Detoxifies the colon of fats and crames. </li><li>Treats abdominal obesity.</li></ul>\", \"fr\": \"<p><strong style=\\\"color: rgb(54, 54, 54);\\\">Propriétés pharmacologiques</strong></p><p><strong style=\\\"color: rgb(54, 54, 54);\\\">Thé de Gambie :</strong><span style=\\\"color: rgb(74, 61, 54);\\\">&nbsp;propriétés diurétique et utilisée en cas d’insuffisance hépatique</span></p><p><strong style=\\\"color: rgb(54, 54, 54);\\\">La curcumine</strong><span style=\\\"color: rgb(74, 61, 54);\\\">&nbsp;présente différentes propriétés qui sont principalement : l’effet antioxydant qui laisse entrevoir un effet protecteur contre les maladies reliées au stress oxydatif (telles les maladies cardiovasculaires et la maladie d’Alzheimer)5.&nbsp;</span></p><p><span style=\\\"color: rgb(74, 61, 54);\\\">Et l’effet anti-inflammatoires et pourrait participer à la prévention du cancer à plusieurs étapes de son développement. Le Zingibaraceae est reconnu dans les médecines traditionnelles indiennes et chinoises et en Occident pour ses propriétés antioxydantes.&nbsp;</span></p><p><strong>Indications</strong></p><ul><li>Nettoie en profondeur le tube digestif sans endommager la flore intestinale. - Détoxifie le côlon des graisses et des crames.</li><li>Traite l\'obésité abdominale.</li></ul>\"}}, \"product_type_id\": 2}}', NULL, '2023-10-07 14:25:39', '2023-10-07 14:25:39');
INSERT INTO `activity_log` (`id`, `log_name`, `description`, `subject_type`, `subject_id`, `event`, `causer_type`, `causer_id`, `properties`, `batch_uuid`, `created_at`, `updated_at`) VALUES
(679, 'lunar', 'updated', 'Lunar\\Models\\Product', 5, 'updated', NULL, NULL, '{\"old\": {\"id\": 5, \"views\": 58, \"status\": \"published\", \"brand_id\": 1, \"created_at\": \"2023-08-02T17:14:13.000000Z\", \"deleted_at\": null, \"attribute_data\": {\"name\": {\"en\": \"Bio Booster\", \"fr\": \"Bio Booster\"}, \"composition\": {\"en\": \"<p>Composed mainly of turmeric, graviola, ganoderma lucidium and certain medicinal plants</p>\", \"fr\": \"<p>Composé principalement de curcuma, de graviola, de ganoderma lucidium et de certaines plantes médicinales</p>\"}, \"description\": {\"en\": \"<p><span style=\\\"color: rgb(74, 61, 54);\\\">Nutritional supplement preserved in a bottle of 60 capsules of 350 mg.</span></p>\", \"fr\": \"<p>Complément alimentaire conservé dans un flacon de 60 gélules de 350 mg.</p>\"}, \"other_details\": {\"en\": \"<p><strong style=\\\"color: rgb(54, 54, 54);\\\">Pharmacological properties</strong></p><p><strong style=\\\"color: rgb(54, 54, 54);\\\">Turmeric</strong><span style=\\\"color: rgb(74, 61, 54);\\\">&nbsp;is recognized in traditional Indian and Chinese medicine and in the West for its antioxidant properties. It helps the body to fight against stress and maintain the effectiveness of natural defenses. It has also been used for a very long time as an anti-inflammatory by Indian Ayurvedic medicine.</span></p><p><strong>Graviola or soursop diuretic, galactologist</strong> (promotes lactation.), antipyretic (fight against fever) antidiarrheal and antiparasitic, antiarthritic... The infusions and decoctions of its leaves, flowers, roots and bark, are reputed to be calming, fighting against insomnia , hypertension, cancer, diabetes and asthma. It is also used to purify the faith.</p><p><strong>Ganoderma Lucidium</strong> is a fungus that grows naturally in the woods. It enhances, regulates and activates the body\'s immune system, increases self-defense capacities against tumors and cancers. Promotes the proper functioning of the body, and effectively strengthens the immune system. It is an anticancer and antioxidant.</p><p><strong>Directions</strong></p><p>Can be used to prevent and treat the following diseases:</p><p><span style=\\\"color: rgb(74, 61, 54);\\\">- Blood pressure&nbsp;</span></p><p><span style=\\\"color: rgb(74, 61, 54);\\\">- Diabetes&nbsp;</span></p><p><span style=\\\"color: rgb(74, 61, 54);\\\">- Ulcers and chronic inflammations&nbsp;</span></p><p><span style=\\\"color: rgb(74, 61, 54);\\\">- Hepatitis B and C, liver cirrhosis and jaundice&nbsp;</span></p><p><span style=\\\"color: rgb(74, 61, 54);\\\">- Chronic constipation, digestive pain.&nbsp;</span></p><p><span style=\\\"color: rgb(74, 61, 54);\\\">- Stress&nbsp;</span></p><p><span style=\\\"color: rgb(74, 61, 54);\\\">- Venous obstruction</span></p>\", \"fr\": \"<p><strong>Propriétés pharmacologiques</strong></p><p><strong>Le curcuma</strong> est reconnu dans la médecine traditionnelle indienne et chinoise et en Occident pour ses propriétés antioxydantes. Il aide l\'organisme à lutter contre le stress et à maintenir l\'efficacité des défenses naturelles. Il est également utilisé depuis très longtemps comme anti-inflammatoire par la médecine ayurvédique indienne.</p><p><strong style=\\\"color: rgb(54, 54, 54);\\\">Graviola or soursop diuretic, galactologist</strong><span style=\\\"color: rgb(74, 61, 54);\\\">(favorise la lactation.), antipyrétique (lutte contre la fièvre) antidiarrhéique et antiparasitaire, antiarthritique... Les infusions et décoctions de ses feuilles, fleurs, racines et écorce, sont réputées calmantes, luttant contre les insomnies, l’hypertension, le cancer, le diabète et l’asthme. Il est aussi utilisé pour purifier le foi.</span></p><p><strong style=\\\"color: rgb(54, 54, 54);\\\">Le Ganoderma Lucidium&nbsp;</strong><span style=\\\"color: rgb(74, 61, 54);\\\">est un champignon qui pousse naturellement dans les bois. Il rehausse, régularise et active le système immunitaire du corps, accroit les capacités d’autodéfenses contre les tumeurs et les cancers. Favorise le bon fonctionnement de l’organisme, et renforce efficacement le système immunitaire. C’est un anticancéreux et antioxydant.</span></p><p><strong style=\\\"color: rgb(54, 54, 54);\\\">Indications</strong></p><p><span style=\\\"color: rgb(74, 61, 54);\\\">Peut être utilisé pour prévenir et traiter les maladies suivantes :&nbsp;</span></p><p><span class=\\\"ql-cursor\\\">﻿</span>- Pression artérielle</p><p>- Diabète</p><p>- Ulcères et inflammations chroniques</p><p>- Hépatite B et C, cirrhose du foie et ictère</p><p>- Constipation chronique, douleurs digestives.</p><p>- Stress</p><p>- Obstruction veineuse</p>\"}}, \"product_type_id\": 2}, \"attributes\": {\"id\": 5, \"views\": 59, \"status\": \"published\", \"brand_id\": 1, \"created_at\": \"2023-08-02T17:14:13.000000Z\", \"deleted_at\": null, \"attribute_data\": {\"name\": {\"en\": \"Bio Booster\", \"fr\": \"Bio Booster\"}, \"composition\": {\"en\": \"<p>Composed mainly of turmeric, graviola, ganoderma lucidium and certain medicinal plants</p>\", \"fr\": \"<p>Composé principalement de curcuma, de graviola, de ganoderma lucidium et de certaines plantes médicinales</p>\"}, \"description\": {\"en\": \"<p><span style=\\\"color: rgb(74, 61, 54);\\\">Nutritional supplement preserved in a bottle of 60 capsules of 350 mg.</span></p>\", \"fr\": \"<p>Complément alimentaire conservé dans un flacon de 60 gélules de 350 mg.</p>\"}, \"other_details\": {\"en\": \"<p><strong style=\\\"color: rgb(54, 54, 54);\\\">Pharmacological properties</strong></p><p><strong style=\\\"color: rgb(54, 54, 54);\\\">Turmeric</strong><span style=\\\"color: rgb(74, 61, 54);\\\">&nbsp;is recognized in traditional Indian and Chinese medicine and in the West for its antioxidant properties. It helps the body to fight against stress and maintain the effectiveness of natural defenses. It has also been used for a very long time as an anti-inflammatory by Indian Ayurvedic medicine.</span></p><p><strong>Graviola or soursop diuretic, galactologist</strong> (promotes lactation.), antipyretic (fight against fever) antidiarrheal and antiparasitic, antiarthritic... The infusions and decoctions of its leaves, flowers, roots and bark, are reputed to be calming, fighting against insomnia , hypertension, cancer, diabetes and asthma. It is also used to purify the faith.</p><p><strong>Ganoderma Lucidium</strong> is a fungus that grows naturally in the woods. It enhances, regulates and activates the body\'s immune system, increases self-defense capacities against tumors and cancers. Promotes the proper functioning of the body, and effectively strengthens the immune system. It is an anticancer and antioxidant.</p><p><strong>Directions</strong></p><p>Can be used to prevent and treat the following diseases:</p><p><span style=\\\"color: rgb(74, 61, 54);\\\">- Blood pressure&nbsp;</span></p><p><span style=\\\"color: rgb(74, 61, 54);\\\">- Diabetes&nbsp;</span></p><p><span style=\\\"color: rgb(74, 61, 54);\\\">- Ulcers and chronic inflammations&nbsp;</span></p><p><span style=\\\"color: rgb(74, 61, 54);\\\">- Hepatitis B and C, liver cirrhosis and jaundice&nbsp;</span></p><p><span style=\\\"color: rgb(74, 61, 54);\\\">- Chronic constipation, digestive pain.&nbsp;</span></p><p><span style=\\\"color: rgb(74, 61, 54);\\\">- Stress&nbsp;</span></p><p><span style=\\\"color: rgb(74, 61, 54);\\\">- Venous obstruction</span></p>\", \"fr\": \"<p><strong>Propriétés pharmacologiques</strong></p><p><strong>Le curcuma</strong> est reconnu dans la médecine traditionnelle indienne et chinoise et en Occident pour ses propriétés antioxydantes. Il aide l\'organisme à lutter contre le stress et à maintenir l\'efficacité des défenses naturelles. Il est également utilisé depuis très longtemps comme anti-inflammatoire par la médecine ayurvédique indienne.</p><p><strong style=\\\"color: rgb(54, 54, 54);\\\">Graviola or soursop diuretic, galactologist</strong><span style=\\\"color: rgb(74, 61, 54);\\\">(favorise la lactation.), antipyrétique (lutte contre la fièvre) antidiarrhéique et antiparasitaire, antiarthritique... Les infusions et décoctions de ses feuilles, fleurs, racines et écorce, sont réputées calmantes, luttant contre les insomnies, l’hypertension, le cancer, le diabète et l’asthme. Il est aussi utilisé pour purifier le foi.</span></p><p><strong style=\\\"color: rgb(54, 54, 54);\\\">Le Ganoderma Lucidium&nbsp;</strong><span style=\\\"color: rgb(74, 61, 54);\\\">est un champignon qui pousse naturellement dans les bois. Il rehausse, régularise et active le système immunitaire du corps, accroit les capacités d’autodéfenses contre les tumeurs et les cancers. Favorise le bon fonctionnement de l’organisme, et renforce efficacement le système immunitaire. C’est un anticancéreux et antioxydant.</span></p><p><strong style=\\\"color: rgb(54, 54, 54);\\\">Indications</strong></p><p><span style=\\\"color: rgb(74, 61, 54);\\\">Peut être utilisé pour prévenir et traiter les maladies suivantes :&nbsp;</span></p><p><span class=\\\"ql-cursor\\\">﻿</span>- Pression artérielle</p><p>- Diabète</p><p>- Ulcères et inflammations chroniques</p><p>- Hépatite B et C, cirrhose du foie et ictère</p><p>- Constipation chronique, douleurs digestives.</p><p>- Stress</p><p>- Obstruction veineuse</p>\"}}, \"product_type_id\": 2}}', NULL, '2023-10-07 15:21:39', '2023-10-07 15:21:39'),
(680, 'lunar', 'updated', 'Lunar\\Models\\Product', 5, 'updated', NULL, NULL, '{\"old\": {\"id\": null, \"views\": null, \"status\": null, \"brand_id\": null, \"created_at\": null, \"deleted_at\": null, \"attribute_data\": null, \"product_type_id\": null}, \"attributes\": {\"id\": 5, \"views\": 59, \"status\": \"published\", \"brand_id\": 1, \"created_at\": \"2023-08-02T17:14:13.000000Z\", \"deleted_at\": null, \"attribute_data\": {\"name\": {\"en\": \"Bio Booster\", \"fr\": \"Bio Booster\"}, \"composition\": {\"en\": \"<p>Composed mainly of turmeric, graviola, ganoderma lucidium and certain medicinal plants</p>\", \"fr\": \"<p>Composé principalement de curcuma, de graviola, de ganoderma lucidium et de certaines plantes médicinales</p>\"}, \"description\": {\"en\": \"<p><span style=\\\"color: rgb(74, 61, 54);\\\">Nutritional supplement preserved in a bottle of 60 capsules of 350 mg.</span></p>\", \"fr\": \"<p>Complément alimentaire conservé dans un flacon de 60 gélules de 350 mg.</p>\"}, \"other_details\": {\"en\": \"<p><strong style=\\\"color: rgb(54, 54, 54);\\\">Pharmacological properties</strong></p><p><strong style=\\\"color: rgb(54, 54, 54);\\\">Turmeric</strong><span style=\\\"color: rgb(74, 61, 54);\\\">&nbsp;is recognized in traditional Indian and Chinese medicine and in the West for its antioxidant properties. It helps the body to fight against stress and maintain the effectiveness of natural defenses. It has also been used for a very long time as an anti-inflammatory by Indian Ayurvedic medicine.</span></p><p><strong>Graviola or soursop diuretic, galactologist</strong> (promotes lactation.), antipyretic (fight against fever) antidiarrheal and antiparasitic, antiarthritic... The infusions and decoctions of its leaves, flowers, roots and bark, are reputed to be calming, fighting against insomnia , hypertension, cancer, diabetes and asthma. It is also used to purify the faith.</p><p><strong>Ganoderma Lucidium</strong> is a fungus that grows naturally in the woods. It enhances, regulates and activates the body\'s immune system, increases self-defense capacities against tumors and cancers. Promotes the proper functioning of the body, and effectively strengthens the immune system. It is an anticancer and antioxidant.</p><p><strong>Directions</strong></p><p>Can be used to prevent and treat the following diseases:</p><p><span style=\\\"color: rgb(74, 61, 54);\\\">- Blood pressure&nbsp;</span></p><p><span style=\\\"color: rgb(74, 61, 54);\\\">- Diabetes&nbsp;</span></p><p><span style=\\\"color: rgb(74, 61, 54);\\\">- Ulcers and chronic inflammations&nbsp;</span></p><p><span style=\\\"color: rgb(74, 61, 54);\\\">- Hepatitis B and C, liver cirrhosis and jaundice&nbsp;</span></p><p><span style=\\\"color: rgb(74, 61, 54);\\\">- Chronic constipation, digestive pain.&nbsp;</span></p><p><span style=\\\"color: rgb(74, 61, 54);\\\">- Stress&nbsp;</span></p><p><span style=\\\"color: rgb(74, 61, 54);\\\">- Venous obstruction</span></p>\", \"fr\": \"<p><strong>Propriétés pharmacologiques</strong></p><p><strong>Le curcuma</strong> est reconnu dans la médecine traditionnelle indienne et chinoise et en Occident pour ses propriétés antioxydantes. Il aide l\'organisme à lutter contre le stress et à maintenir l\'efficacité des défenses naturelles. Il est également utilisé depuis très longtemps comme anti-inflammatoire par la médecine ayurvédique indienne.</p><p><strong style=\\\"color: rgb(54, 54, 54);\\\">Graviola or soursop diuretic, galactologist</strong><span style=\\\"color: rgb(74, 61, 54);\\\">(favorise la lactation.), antipyrétique (lutte contre la fièvre) antidiarrhéique et antiparasitaire, antiarthritique... Les infusions et décoctions de ses feuilles, fleurs, racines et écorce, sont réputées calmantes, luttant contre les insomnies, l’hypertension, le cancer, le diabète et l’asthme. Il est aussi utilisé pour purifier le foi.</span></p><p><strong style=\\\"color: rgb(54, 54, 54);\\\">Le Ganoderma Lucidium&nbsp;</strong><span style=\\\"color: rgb(74, 61, 54);\\\">est un champignon qui pousse naturellement dans les bois. Il rehausse, régularise et active le système immunitaire du corps, accroit les capacités d’autodéfenses contre les tumeurs et les cancers. Favorise le bon fonctionnement de l’organisme, et renforce efficacement le système immunitaire. C’est un anticancéreux et antioxydant.</span></p><p><strong style=\\\"color: rgb(54, 54, 54);\\\">Indications</strong></p><p><span style=\\\"color: rgb(74, 61, 54);\\\">Peut être utilisé pour prévenir et traiter les maladies suivantes :&nbsp;</span></p><p><span class=\\\"ql-cursor\\\">﻿</span>- Pression artérielle</p><p>- Diabète</p><p>- Ulcères et inflammations chroniques</p><p>- Hépatite B et C, cirrhose du foie et ictère</p><p>- Constipation chronique, douleurs digestives.</p><p>- Stress</p><p>- Obstruction veineuse</p>\"}}, \"product_type_id\": 2}}', NULL, '2023-10-07 15:21:39', '2023-10-07 15:21:39'),
(681, 'lunar', 'updated', 'Lunar\\Models\\Product', 4, 'updated', NULL, NULL, '{\"old\": {\"id\": 4, \"views\": 55, \"status\": \"published\", \"brand_id\": 1, \"created_at\": \"2023-08-02T17:07:28.000000Z\", \"deleted_at\": null, \"attribute_data\": {\"name\": {\"en\": \"Depura\", \"fr\": \"Depura\"}, \"composition\": {\"en\": \"<p>Gambian Tea, Curcumin, Zingibaraceae</p>\", \"fr\": \"<p><span style=\\\"color: rgb(74, 61, 54);\\\">Thé de Gambie, Curcumine, Zingibaraceae</span></p>\"}, \"description\": {\"en\": \"<p>Nutritional supplement preserved in a bottle of 60 capsules of 500 mg.</p>\", \"fr\": \"<p><span style=\\\"color: rgb(74, 61, 54);\\\">Complément nutritionnel conservé dans un flacon de 60 gélules de 500 mg.</span></p>\"}, \"other_details\": {\"en\": \"<p><strong>Pharmacological properties</strong></p><p><strong>Gambian tea</strong>: diuretic properties and used in case of liver failure</p><p><strong>Curcumin</strong> has different properties which are mainly: the antioxidant effect which suggests a protective effect against diseases related to oxidative stress (such as cardiovascular disease and Alzheimer\'s disease)5.</p><p>And the anti-inflammatory effect and could participate in the prevention of cancer at several stages of its development. Zingibaraceae is recognized in traditional Indian and Chinese medicine and in the West for its antioxidant properties.</p><p><strong>Directions</strong></p><ul><li>Thoroughly cleanses the digestive tract without damaging the intestinal flora. - Detoxifies the colon of fats and crames. </li><li>Treats abdominal obesity.</li></ul>\", \"fr\": \"<p><strong style=\\\"color: rgb(54, 54, 54);\\\">Propriétés pharmacologiques</strong></p><p><strong style=\\\"color: rgb(54, 54, 54);\\\">Thé de Gambie :</strong><span style=\\\"color: rgb(74, 61, 54);\\\">&nbsp;propriétés diurétique et utilisée en cas d’insuffisance hépatique</span></p><p><strong style=\\\"color: rgb(54, 54, 54);\\\">La curcumine</strong><span style=\\\"color: rgb(74, 61, 54);\\\">&nbsp;présente différentes propriétés qui sont principalement : l’effet antioxydant qui laisse entrevoir un effet protecteur contre les maladies reliées au stress oxydatif (telles les maladies cardiovasculaires et la maladie d’Alzheimer)5.&nbsp;</span></p><p><span style=\\\"color: rgb(74, 61, 54);\\\">Et l’effet anti-inflammatoires et pourrait participer à la prévention du cancer à plusieurs étapes de son développement. Le Zingibaraceae est reconnu dans les médecines traditionnelles indiennes et chinoises et en Occident pour ses propriétés antioxydantes.&nbsp;</span></p><p><strong>Indications</strong></p><ul><li>Nettoie en profondeur le tube digestif sans endommager la flore intestinale. - Détoxifie le côlon des graisses et des crames.</li><li>Traite l\'obésité abdominale.</li></ul>\"}}, \"product_type_id\": 2}, \"attributes\": {\"id\": 4, \"views\": 56, \"status\": \"published\", \"brand_id\": 1, \"created_at\": \"2023-08-02T17:07:28.000000Z\", \"deleted_at\": null, \"attribute_data\": {\"name\": {\"en\": \"Depura\", \"fr\": \"Depura\"}, \"composition\": {\"en\": \"<p>Gambian Tea, Curcumin, Zingibaraceae</p>\", \"fr\": \"<p><span style=\\\"color: rgb(74, 61, 54);\\\">Thé de Gambie, Curcumine, Zingibaraceae</span></p>\"}, \"description\": {\"en\": \"<p>Nutritional supplement preserved in a bottle of 60 capsules of 500 mg.</p>\", \"fr\": \"<p><span style=\\\"color: rgb(74, 61, 54);\\\">Complément nutritionnel conservé dans un flacon de 60 gélules de 500 mg.</span></p>\"}, \"other_details\": {\"en\": \"<p><strong>Pharmacological properties</strong></p><p><strong>Gambian tea</strong>: diuretic properties and used in case of liver failure</p><p><strong>Curcumin</strong> has different properties which are mainly: the antioxidant effect which suggests a protective effect against diseases related to oxidative stress (such as cardiovascular disease and Alzheimer\'s disease)5.</p><p>And the anti-inflammatory effect and could participate in the prevention of cancer at several stages of its development. Zingibaraceae is recognized in traditional Indian and Chinese medicine and in the West for its antioxidant properties.</p><p><strong>Directions</strong></p><ul><li>Thoroughly cleanses the digestive tract without damaging the intestinal flora. - Detoxifies the colon of fats and crames. </li><li>Treats abdominal obesity.</li></ul>\", \"fr\": \"<p><strong style=\\\"color: rgb(54, 54, 54);\\\">Propriétés pharmacologiques</strong></p><p><strong style=\\\"color: rgb(54, 54, 54);\\\">Thé de Gambie :</strong><span style=\\\"color: rgb(74, 61, 54);\\\">&nbsp;propriétés diurétique et utilisée en cas d’insuffisance hépatique</span></p><p><strong style=\\\"color: rgb(54, 54, 54);\\\">La curcumine</strong><span style=\\\"color: rgb(74, 61, 54);\\\">&nbsp;présente différentes propriétés qui sont principalement : l’effet antioxydant qui laisse entrevoir un effet protecteur contre les maladies reliées au stress oxydatif (telles les maladies cardiovasculaires et la maladie d’Alzheimer)5.&nbsp;</span></p><p><span style=\\\"color: rgb(74, 61, 54);\\\">Et l’effet anti-inflammatoires et pourrait participer à la prévention du cancer à plusieurs étapes de son développement. Le Zingibaraceae est reconnu dans les médecines traditionnelles indiennes et chinoises et en Occident pour ses propriétés antioxydantes.&nbsp;</span></p><p><strong>Indications</strong></p><ul><li>Nettoie en profondeur le tube digestif sans endommager la flore intestinale. - Détoxifie le côlon des graisses et des crames.</li><li>Traite l\'obésité abdominale.</li></ul>\"}}, \"product_type_id\": 2}}', NULL, '2023-10-07 16:56:58', '2023-10-07 16:56:58'),
(682, 'lunar', 'updated', 'Lunar\\Models\\Product', 4, 'updated', NULL, NULL, '{\"old\": {\"id\": null, \"views\": null, \"status\": null, \"brand_id\": null, \"created_at\": null, \"deleted_at\": null, \"attribute_data\": null, \"product_type_id\": null}, \"attributes\": {\"id\": 4, \"views\": 56, \"status\": \"published\", \"brand_id\": 1, \"created_at\": \"2023-08-02T17:07:28.000000Z\", \"deleted_at\": null, \"attribute_data\": {\"name\": {\"en\": \"Depura\", \"fr\": \"Depura\"}, \"composition\": {\"en\": \"<p>Gambian Tea, Curcumin, Zingibaraceae</p>\", \"fr\": \"<p><span style=\\\"color: rgb(74, 61, 54);\\\">Thé de Gambie, Curcumine, Zingibaraceae</span></p>\"}, \"description\": {\"en\": \"<p>Nutritional supplement preserved in a bottle of 60 capsules of 500 mg.</p>\", \"fr\": \"<p><span style=\\\"color: rgb(74, 61, 54);\\\">Complément nutritionnel conservé dans un flacon de 60 gélules de 500 mg.</span></p>\"}, \"other_details\": {\"en\": \"<p><strong>Pharmacological properties</strong></p><p><strong>Gambian tea</strong>: diuretic properties and used in case of liver failure</p><p><strong>Curcumin</strong> has different properties which are mainly: the antioxidant effect which suggests a protective effect against diseases related to oxidative stress (such as cardiovascular disease and Alzheimer\'s disease)5.</p><p>And the anti-inflammatory effect and could participate in the prevention of cancer at several stages of its development. Zingibaraceae is recognized in traditional Indian and Chinese medicine and in the West for its antioxidant properties.</p><p><strong>Directions</strong></p><ul><li>Thoroughly cleanses the digestive tract without damaging the intestinal flora. - Detoxifies the colon of fats and crames. </li><li>Treats abdominal obesity.</li></ul>\", \"fr\": \"<p><strong style=\\\"color: rgb(54, 54, 54);\\\">Propriétés pharmacologiques</strong></p><p><strong style=\\\"color: rgb(54, 54, 54);\\\">Thé de Gambie :</strong><span style=\\\"color: rgb(74, 61, 54);\\\">&nbsp;propriétés diurétique et utilisée en cas d’insuffisance hépatique</span></p><p><strong style=\\\"color: rgb(54, 54, 54);\\\">La curcumine</strong><span style=\\\"color: rgb(74, 61, 54);\\\">&nbsp;présente différentes propriétés qui sont principalement : l’effet antioxydant qui laisse entrevoir un effet protecteur contre les maladies reliées au stress oxydatif (telles les maladies cardiovasculaires et la maladie d’Alzheimer)5.&nbsp;</span></p><p><span style=\\\"color: rgb(74, 61, 54);\\\">Et l’effet anti-inflammatoires et pourrait participer à la prévention du cancer à plusieurs étapes de son développement. Le Zingibaraceae est reconnu dans les médecines traditionnelles indiennes et chinoises et en Occident pour ses propriétés antioxydantes.&nbsp;</span></p><p><strong>Indications</strong></p><ul><li>Nettoie en profondeur le tube digestif sans endommager la flore intestinale. - Détoxifie le côlon des graisses et des crames.</li><li>Traite l\'obésité abdominale.</li></ul>\"}}, \"product_type_id\": 2}}', NULL, '2023-10-07 16:56:58', '2023-10-07 16:56:58'),
(683, 'lunar', 'updated', 'Lunar\\Models\\Transaction', 27, 'updated', 'App\\Models\\User', 69, '{\"old\": {\"id\": 27, \"meta\": [], \"type\": \"capture\", \"notes\": \"Paiement de votre commande\", \"amount\": {\"value\": 1, \"unitQty\": 1, \"currency\": {\"id\": 1, \"code\": \"USD\", \"name\": \"US Dollar\", \"default\": 1, \"enabled\": 1, \"created_at\": \"2023-07-31T12:03:14.000000Z\", \"updated_at\": \"2023-08-01T20:45:48.000000Z\", \"exchange_rate\": \"1.0000\", \"decimal_places\": 0}}, \"driver\": \"fedapay\", \"status\": \"pending\", \"success\": 0, \"user_id\": 69, \"order_id\": null, \"card_type\": \"94627857\", \"last_four\": null, \"reference\": \"trx_5Vc_1696715143156\", \"created_at\": \"2023-10-07T21:45:43.000000Z\", \"approved_at\": null, \"canceled_at\": null, \"captured_at\": null, \"declined_at\": null, \"transferred_at\": null, \"driver_transaction_id\": \"94627857\", \"parent_transaction_id\": null}, \"attributes\": {\"id\": 27, \"meta\": [], \"type\": \"capture\", \"notes\": \"Paiement de votre commande\", \"amount\": {\"value\": 1, \"unitQty\": 1, \"currency\": {\"id\": 1, \"code\": \"USD\", \"name\": \"US Dollar\", \"default\": 1, \"enabled\": 1, \"created_at\": \"2023-07-31T12:03:14.000000Z\", \"updated_at\": \"2023-08-01T20:45:48.000000Z\", \"exchange_rate\": \"1.0000\", \"decimal_places\": 0}}, \"driver\": \"fedapay\", \"status\": \"pending\", \"success\": 0, \"user_id\": 69, \"order_id\": null, \"card_type\": \"94627857\", \"last_four\": null, \"reference\": \"trx_5Vc_1696715143156\", \"created_at\": \"2023-10-07T21:45:43.000000Z\", \"approved_at\": null, \"canceled_at\": null, \"captured_at\": null, \"declined_at\": \"2023-10-07 21:46:31\", \"transferred_at\": null, \"driver_transaction_id\": \"94627857\", \"parent_transaction_id\": null}}', NULL, '2023-10-07 21:46:31', '2023-10-07 21:46:31'),
(684, 'lunar', 'updated', 'Lunar\\Models\\Transaction', 28, 'updated', 'App\\Models\\User', 69, '{\"old\": {\"id\": 28, \"meta\": [], \"type\": \"capture\", \"notes\": \"Paiement de votre commande\", \"amount\": {\"value\": 1, \"unitQty\": 1, \"currency\": {\"id\": 1, \"code\": \"USD\", \"name\": \"US Dollar\", \"default\": 1, \"enabled\": 1, \"created_at\": \"2023-07-31T12:03:14.000000Z\", \"updated_at\": \"2023-08-01T20:45:48.000000Z\", \"exchange_rate\": \"1.0000\", \"decimal_places\": 0}}, \"driver\": \"fedapay\", \"status\": \"pending\", \"success\": 0, \"user_id\": 69, \"order_id\": null, \"card_type\": \"94627869\", \"last_four\": null, \"reference\": \"trx_ff0_1696715213670\", \"created_at\": \"2023-10-07T21:46:54.000000Z\", \"approved_at\": null, \"canceled_at\": null, \"captured_at\": null, \"declined_at\": null, \"transferred_at\": null, \"driver_transaction_id\": \"94627869\", \"parent_transaction_id\": null}, \"attributes\": {\"id\": 28, \"meta\": [], \"type\": \"capture\", \"notes\": \"Paiement de votre commande\", \"amount\": {\"value\": 1, \"unitQty\": 1, \"currency\": {\"id\": 1, \"code\": \"USD\", \"name\": \"US Dollar\", \"default\": 1, \"enabled\": 1, \"created_at\": \"2023-07-31T12:03:14.000000Z\", \"updated_at\": \"2023-08-01T20:45:48.000000Z\", \"exchange_rate\": \"1.0000\", \"decimal_places\": 0}}, \"driver\": \"fedapay\", \"status\": \"pending\", \"success\": 0, \"user_id\": 69, \"order_id\": null, \"card_type\": \"94627869\", \"last_four\": null, \"reference\": \"trx_ff0_1696715213670\", \"created_at\": \"2023-10-07T21:46:54.000000Z\", \"approved_at\": null, \"canceled_at\": null, \"captured_at\": null, \"declined_at\": \"2023-10-07 21:46:58\", \"transferred_at\": null, \"driver_transaction_id\": \"94627869\", \"parent_transaction_id\": null}}', NULL, '2023-10-07 21:46:59', '2023-10-07 21:46:59'),
(685, 'lunar', 'updated', 'Lunar\\Models\\Transaction', 29, 'updated', 'App\\Models\\User', 69, '{\"old\": {\"id\": 29, \"meta\": [], \"type\": \"capture\", \"notes\": \"Paiement de votre commande\", \"amount\": {\"value\": 1, \"unitQty\": 1, \"currency\": {\"id\": 1, \"code\": \"USD\", \"name\": \"US Dollar\", \"default\": 1, \"enabled\": 1, \"created_at\": \"2023-07-31T12:03:14.000000Z\", \"updated_at\": \"2023-08-01T20:45:48.000000Z\", \"exchange_rate\": \"1.0000\", \"decimal_places\": 0}}, \"driver\": \"fedapay\", \"status\": \"pending\", \"success\": 0, \"user_id\": 69, \"order_id\": null, \"card_type\": \"94627871\", \"last_four\": null, \"reference\": \"trx_OPg_1696715235863\", \"created_at\": \"2023-10-07T21:47:16.000000Z\", \"approved_at\": null, \"canceled_at\": null, \"captured_at\": null, \"declined_at\": null, \"transferred_at\": null, \"driver_transaction_id\": \"94627871\", \"parent_transaction_id\": null}, \"attributes\": {\"id\": 29, \"meta\": {\"paid_customer\": {\"id\": 2207175, \"email\": \"louisboffan@gmail.com\", \"lastname\": \"VIP\", \"firstname\": \"Dist\", \"account_id\": 31678, \"created_at\": \"2023-10-07T23:45:43.147+02:00\", \"deleted_at\": null, \"updated_at\": \"2023-10-07T23:45:43.147+02:00\", \"phone_number_id\": 95515013}, \"transfer_schedule_jobid\": \"a2048dc3d52c14b351a52e53\"}, \"type\": \"capture\", \"notes\": \"Paiement de votre commande\", \"amount\": {\"value\": 1, \"unitQty\": 1, \"currency\": {\"id\": 1, \"code\": \"USD\", \"name\": \"US Dollar\", \"default\": 1, \"enabled\": 1, \"created_at\": \"2023-07-31T12:03:14.000000Z\", \"updated_at\": \"2023-08-01T20:45:48.000000Z\", \"exchange_rate\": \"1.0000\", \"decimal_places\": 0}}, \"driver\": \"fedapay\", \"status\": \"approved\", \"success\": 1, \"user_id\": 69, \"order_id\": null, \"card_type\": \"mtn\", \"last_four\": null, \"reference\": \"trx_OPg_1696715235863\", \"created_at\": \"2023-10-07T21:47:16.000000Z\", \"approved_at\": \"2023-10-07 21:47:59\", \"canceled_at\": null, \"captured_at\": \"2023-10-07 21:47:59\", \"declined_at\": null, \"transferred_at\": null, \"driver_transaction_id\": \"94627871\", \"parent_transaction_id\": null}}', NULL, '2023-10-07 21:48:03', '2023-10-07 21:48:03');

-- --------------------------------------------------------

--
-- Structure de la table `bonus_memberships`
--

CREATE TABLE `bonus_memberships` (
  `id` bigint UNSIGNED NOT NULL,
  `amount` int NOT NULL COMMENT 'Montant du bonus',
  `pack_id` bigint UNSIGNED DEFAULT NULL,
  `created_at` timestamp NULL DEFAULT NULL,
  `updated_at` timestamp NULL DEFAULT NULL
) ENGINE=InnoDB DEFAULT CHARSET=utf8mb4 COLLATE=utf8mb4_unicode_ci;

--
-- Déchargement des données de la table `bonus_memberships`
--

INSERT INTO `bonus_memberships` (`id`, `amount`, `pack_id`, `created_at`, `updated_at`) VALUES
(4, 40, 1, '2023-08-10 18:19:05', '2023-08-10 18:19:05'),
(5, 80, 2, '2023-08-10 18:19:05', '2023-08-10 18:19:05'),
(6, 200, 3, '2023-08-10 18:19:05', '2023-08-10 18:19:05');

-- --------------------------------------------------------

--
-- Structure de la table `bonus_membership_users`
--

CREATE TABLE `bonus_membership_users` (
  `id` bigint UNSIGNED NOT NULL,
  `amount` int NOT NULL COMMENT 'Montant du bonus',
  `user_id` bigint UNSIGNED NOT NULL,
  `bonus_membership_id` bigint UNSIGNED NOT NULL,
  `source_id` bigint UNSIGNED NOT NULL COMMENT 'Id du fileul',
  `created_at` timestamp NULL DEFAULT NULL,
  `updated_at` timestamp NULL DEFAULT NULL
) ENGINE=InnoDB DEFAULT CHARSET=utf8mb4 COLLATE=utf8mb4_unicode_ci;

--
-- Déchargement des données de la table `bonus_membership_users`
--

INSERT INTO `bonus_membership_users` (`id`, `amount`, `user_id`, `bonus_membership_id`, `source_id`, `created_at`, `updated_at`) VALUES
(1, 40, 17, 4, 31, '2023-09-09 06:19:51', '2023-09-09 06:19:51'),
(2, 40, 31, 4, 65, '2023-10-05 16:37:00', '2023-10-05 16:37:00'),
(3, 40, 31, 4, 66, '2023-10-05 16:49:12', '2023-10-05 16:49:12'),
(4, 40, 31, 4, 67, '2023-10-05 17:01:56', '2023-10-05 17:01:56'),
(5, 200, 10, 6, 69, '2023-10-07 21:48:03', '2023-10-07 21:48:03');

-- --------------------------------------------------------

--
-- Structure de la table `failed_jobs`
--

CREATE TABLE `failed_jobs` (
  `id` bigint UNSIGNED NOT NULL,
  `uuid` varchar(255) CHARACTER SET utf8mb4 COLLATE utf8mb4_unicode_ci NOT NULL,
  `connection` text CHARACTER SET utf8mb4 COLLATE utf8mb4_unicode_ci NOT NULL,
  `queue` text CHARACTER SET utf8mb4 COLLATE utf8mb4_unicode_ci NOT NULL,
  `payload` longtext CHARACTER SET utf8mb4 COLLATE utf8mb4_unicode_ci NOT NULL,
  `exception` longtext CHARACTER SET utf8mb4 COLLATE utf8mb4_unicode_ci NOT NULL,
  `failed_at` timestamp NOT NULL DEFAULT CURRENT_TIMESTAMP
) ENGINE=InnoDB DEFAULT CHARSET=utf8mb4 COLLATE=utf8mb4_unicode_ci;

-- --------------------------------------------------------

--
-- Structure de la table `fortune_addresses`
--

CREATE TABLE `fortune_addresses` (
  `id` bigint UNSIGNED NOT NULL,
  `customer_id` bigint UNSIGNED DEFAULT NULL,
  `country_id` bigint UNSIGNED DEFAULT NULL,
  `title` varchar(255) CHARACTER SET utf8mb4 COLLATE utf8mb4_unicode_ci DEFAULT NULL,
  `first_name` varchar(255) CHARACTER SET utf8mb4 COLLATE utf8mb4_unicode_ci NOT NULL,
  `last_name` varchar(255) CHARACTER SET utf8mb4 COLLATE utf8mb4_unicode_ci NOT NULL,
  `company_name` varchar(255) CHARACTER SET utf8mb4 COLLATE utf8mb4_unicode_ci DEFAULT NULL,
  `line_one` varchar(255) CHARACTER SET utf8mb4 COLLATE utf8mb4_unicode_ci NOT NULL,
  `line_two` varchar(255) CHARACTER SET utf8mb4 COLLATE utf8mb4_unicode_ci DEFAULT NULL,
  `line_three` varchar(255) CHARACTER SET utf8mb4 COLLATE utf8mb4_unicode_ci DEFAULT NULL,
  `city` varchar(255) CHARACTER SET utf8mb4 COLLATE utf8mb4_unicode_ci NOT NULL,
  `state` varchar(255) CHARACTER SET utf8mb4 COLLATE utf8mb4_unicode_ci DEFAULT NULL,
  `postcode` varchar(255) CHARACTER SET utf8mb4 COLLATE utf8mb4_unicode_ci DEFAULT NULL,
  `delivery_instructions` varchar(255) CHARACTER SET utf8mb4 COLLATE utf8mb4_unicode_ci DEFAULT NULL,
  `contact_email` varchar(255) CHARACTER SET utf8mb4 COLLATE utf8mb4_unicode_ci DEFAULT NULL,
  `contact_phone` varchar(255) CHARACTER SET utf8mb4 COLLATE utf8mb4_unicode_ci DEFAULT NULL,
  `meta` json DEFAULT NULL,
  `shipping_default` tinyint(1) NOT NULL DEFAULT '0',
  `billing_default` tinyint(1) NOT NULL DEFAULT '0',
  `deleted_at` timestamp NULL DEFAULT NULL,
  `created_at` timestamp NULL DEFAULT NULL,
  `updated_at` timestamp NULL DEFAULT NULL
) ENGINE=InnoDB DEFAULT CHARSET=utf8mb4 COLLATE=utf8mb4_unicode_ci;

--
-- Déchargement des données de la table `fortune_addresses`
--

INSERT INTO `fortune_addresses` (`id`, `customer_id`, `country_id`, `title`, `first_name`, `last_name`, `company_name`, `line_one`, `line_two`, `line_three`, `city`, `state`, `postcode`, `delivery_instructions`, `contact_email`, `contact_phone`, `meta`, `shipping_default`, `billing_default`, `deleted_at`, `created_at`, `updated_at`) VALUES
(1, 2, 24, 'home', 'Ulrich', 'GBEDEDJI', NULL, 'zogbdjè, Petit Portail', NULL, NULL, 'Calavi', NULL, '0000', NULL, NULL, NULL, NULL, 1, 0, NULL, NULL, NULL),
(2, NULL, 24, NULL, 'Louis', 'BOFFAN', NULL, 'Abomey-Calavi', NULL, NULL, 'Abomey-Calavi', NULL, '0', NULL, NULL, NULL, NULL, 0, 0, NULL, '2023-08-10 18:25:23', '2023-08-11 14:02:43'),
(3, NULL, 24, NULL, 'Louis', 'BOFFAN', NULL, 'Abomey-Calavi', NULL, NULL, 'Abomey-Calavi', NULL, '0', NULL, NULL, NULL, NULL, 0, 0, NULL, '2023-08-10 18:25:23', '2023-08-11 14:02:43'),
(4, 1, 1, NULL, 'Elvire', 'AHONONGA', NULL, 'Abomey-Calavi', NULL, NULL, 'Abomey-Calavi', NULL, '0', NULL, NULL, NULL, NULL, 0, 0, NULL, '2023-08-11 14:02:43', '2023-08-11 14:59:29'),
(5, 1, 1, NULL, 'Elvire', 'AHONONGA', NULL, 'Abomey-Calavi', NULL, NULL, 'Abomey-Calavi', NULL, '0', NULL, NULL, NULL, NULL, 0, 0, NULL, '2023-08-11 14:02:43', '2023-08-11 14:59:29'),
(6, 12, 24, NULL, 'Séhoué Fulbert', 'SOSSA', NULL, 'Djakotomey', NULL, NULL, 'Tankpè / Abomey-calavi /Bénin', NULL, '0', NULL, NULL, NULL, NULL, 1, 0, NULL, '2023-08-11 14:30:23', '2023-08-11 14:30:23'),
(7, 12, 24, NULL, 'Séhoué Fulbert', 'SOSSA', NULL, 'Abomey-calavi/Godomey/Tankpè', NULL, NULL, 'BP: 1858 Abomey-calavi', NULL, '0', NULL, NULL, NULL, NULL, 0, 1, NULL, '2023-08-11 14:30:23', '2023-08-11 14:30:23'),
(8, 1, 1, NULL, 'Elvire', 'AHONONGA', NULL, 'Abomey-Calavi', NULL, NULL, 'Abomey-Calavi', NULL, '0', NULL, NULL, NULL, NULL, 0, 0, NULL, '2023-08-11 14:59:28', '2023-08-11 15:00:45'),
(9, 1, 1, NULL, 'Elvire', 'AHONONGA', NULL, 'Abomey-Calavi', NULL, NULL, 'Abomey-Calavi', NULL, '0', NULL, NULL, NULL, NULL, 0, 0, NULL, '2023-08-11 14:59:28', '2023-08-11 15:00:45'),
(10, 1, 1, NULL, 'Elvire', 'AHONONGA', NULL, 'Abomey-Calavi', NULL, NULL, 'Abomey-Calavi', NULL, '0', NULL, NULL, NULL, NULL, 1, 0, NULL, '2023-08-11 15:00:45', '2023-08-11 15:00:45'),
(11, 1, 1, NULL, 'Elvire', 'AHONONGA', NULL, 'Abomey-Calavi', NULL, NULL, 'Abomey-Calavi', NULL, '0', NULL, NULL, NULL, NULL, 0, 1, NULL, '2023-08-11 15:00:45', '2023-08-11 15:00:45'),
(12, 13, 24, NULL, 'Louis', 'BOFFAN', NULL, 'Abomey-Calavi', NULL, NULL, 'Abomey-Calavi', NULL, '0', NULL, NULL, NULL, NULL, 1, 0, NULL, '2023-08-11 15:02:14', '2023-08-11 15:02:14'),
(13, 13, 24, NULL, 'Louis', 'BOFFAN', NULL, 'Abomey-Calavi', NULL, NULL, 'Abomey-Calavi', NULL, '0', NULL, NULL, NULL, NULL, 0, 1, NULL, '2023-08-11 15:02:14', '2023-08-11 15:02:14'),
(14, 10, 24, NULL, 'Louis', 'BOFFAN', NULL, 'Abomey-Calavi', NULL, NULL, 'Abomey-Calavi', NULL, '0', NULL, NULL, NULL, NULL, 1, 0, NULL, '2023-08-25 07:14:22', '2023-08-25 07:14:22'),
(15, 10, 24, NULL, 'Louis', 'BOFFAN', NULL, 'Abomey-Calavi', NULL, NULL, 'Abomey-Calavi', NULL, '0', NULL, NULL, NULL, NULL, 0, 1, NULL, '2023-08-25 07:14:22', '2023-08-25 07:14:22'),
(16, 24, 24, NULL, 'claude', 'claude', NULL, 'calavi arconville', NULL, NULL, 'calavi', NULL, '0', NULL, NULL, NULL, NULL, 1, 0, NULL, '2023-08-25 07:18:24', '2023-08-25 07:18:25'),
(17, 24, 24, NULL, 'claude', 'claude', NULL, 'calavi arconville', NULL, NULL, 'calavi', NULL, '0', NULL, NULL, NULL, NULL, 0, 1, NULL, '2023-08-25 07:18:24', '2023-08-25 07:18:25'),
(18, 17, 24, NULL, 'Claude', 'AMOUSSOU', NULL, 'calavi', NULL, NULL, 'calavi', NULL, '0', NULL, NULL, NULL, NULL, 0, 0, NULL, '2023-08-25 15:54:09', '2023-09-03 06:02:03'),
(19, 17, 24, NULL, 'Claude', 'AMOUSSOU', NULL, 'calavi', NULL, NULL, 'calavi', NULL, '0', NULL, NULL, NULL, NULL, 0, 0, NULL, '2023-08-25 15:54:09', '2023-09-03 06:02:04'),
(20, 20, 24, NULL, 'Mohamed Aminou', 'AKOGO', NULL, 'Mon agence Cotonou', NULL, NULL, 'Cotonou', NULL, '0', NULL, NULL, NULL, NULL, 1, 0, NULL, '2023-08-31 20:34:46', '2023-08-31 20:34:47'),
(21, 20, 24, NULL, 'Mohamed Aminou', 'AKOGO', NULL, 'Mon agence Cotonou', NULL, NULL, 'Cotonou', NULL, '0', NULL, NULL, NULL, NULL, 0, 1, NULL, '2023-08-31 20:34:46', '2023-08-31 20:34:47'),
(22, 17, 24, NULL, 'Claude', 'AMOUSSOU', NULL, 'Abomey-Calavi', NULL, NULL, 'Abomey-Calavi', NULL, '0', NULL, NULL, NULL, NULL, 0, 0, NULL, '2023-09-03 06:02:03', '2023-09-23 18:09:49'),
(23, 17, 24, NULL, 'Claude', 'AMOUSSOU', NULL, 'Abomey-Calavi', NULL, NULL, 'Abomey-Calavi', NULL, '0', NULL, NULL, NULL, NULL, 0, 0, NULL, '2023-09-03 06:02:03', '2023-09-23 18:09:50'),
(24, 31, 24, NULL, 'Louis', 'BOFFAN', NULL, 'Abomey-Calavi', NULL, NULL, 'Abomey-Calavi', NULL, '0', NULL, NULL, NULL, NULL, 1, 0, NULL, '2023-09-09 06:16:04', '2023-09-09 06:16:04'),
(25, 31, 24, NULL, 'Louis', 'BOFFAN', NULL, 'Abomey-Calavi', NULL, NULL, 'Abomey-Calavi', NULL, '0', NULL, NULL, NULL, NULL, 0, 1, NULL, '2023-09-09 06:16:04', '2023-09-09 06:16:04'),
(26, 17, 24, NULL, 'MEVI  claude', 'AMOUSSOU', NULL, 'Abomey-Calavi', NULL, NULL, 'Benin', NULL, '0', NULL, NULL, NULL, NULL, 0, 0, NULL, '2023-09-23 18:09:49', '2023-09-23 19:29:10'),
(27, 17, 24, NULL, 'MEVI  claude', 'AMOUSSOU', NULL, 'tes', NULL, NULL, 'Benin', NULL, '0', NULL, NULL, NULL, NULL, 0, 0, NULL, '2023-09-23 18:09:49', '2023-09-23 19:29:10'),
(28, 17, 24, NULL, 'MEVI  claude', 'AMOUSSOU', NULL, 'Abomey-Calavi', NULL, NULL, 'Abomey-Calavi', NULL, '0', NULL, NULL, NULL, NULL, 0, 0, NULL, '2023-09-23 19:29:09', '2023-09-25 10:47:22'),
(29, 17, 24, NULL, 'MEVI  claude', 'AMOUSSOU', NULL, 'Abomey-Calavi', NULL, NULL, 'Abomey-Calavi', NULL, '0', NULL, NULL, NULL, NULL, 0, 0, NULL, '2023-09-23 19:29:09', '2023-09-25 10:47:22'),
(30, 17, 24, NULL, 'MEVI  claude', 'AMOUSSOU', NULL, 'Abomey-Calavi', NULL, NULL, 'Abomey-Calavi', NULL, '0', NULL, NULL, NULL, NULL, 1, 0, NULL, '2023-09-25 10:47:22', '2023-09-25 10:47:22'),
(31, 17, 24, NULL, 'MEVI  claude', 'AMOUSSOU', NULL, 'Abomey-Calavi', NULL, NULL, 'Abomey-Calavi', NULL, '0', NULL, NULL, NULL, NULL, 0, 1, NULL, '2023-09-25 10:47:22', '2023-09-25 10:47:22'),
(32, 34, 223, NULL, 'warra', 'BATASCOME', NULL, 'Togo', NULL, NULL, 'Togo', NULL, '0', NULL, NULL, NULL, NULL, 0, 0, NULL, '2023-10-03 13:02:20', '2023-10-03 14:35:04'),
(33, 34, 223, NULL, 'warra', 'BATASCOME', NULL, 'Lomé', NULL, NULL, 'Togo', NULL, '0', NULL, NULL, NULL, NULL, 0, 0, NULL, '2023-10-03 13:02:20', '2023-10-03 14:35:04'),
(34, 34, 223, NULL, 'warra', 'BATASCOME', NULL, 'Lomé', NULL, NULL, 'Togo', NULL, '0', NULL, NULL, NULL, NULL, 1, 0, NULL, '2023-10-03 14:35:03', '2023-10-03 14:35:04'),
(35, 34, 223, NULL, 'warra', 'BATASCOME', NULL, 'Lomé', NULL, NULL, 'Togo', NULL, '0', NULL, NULL, NULL, NULL, 0, 1, NULL, '2023-10-03 14:35:03', '2023-10-03 14:35:04'),
(36, 68, 24, NULL, 'Prudencia', 'LOKO', NULL, 'Godomey97081012', NULL, NULL, 'Cotonou', NULL, '0', NULL, NULL, NULL, NULL, 1, 0, NULL, '2023-10-05 17:35:33', '2023-10-05 17:35:33'),
(37, 68, 24, NULL, 'Prudencia', 'LOKO', NULL, 'Godomey97081012', NULL, NULL, 'Cotonou', NULL, '0', NULL, NULL, NULL, NULL, 0, 1, NULL, '2023-10-05 17:35:33', '2023-10-05 17:35:33');

-- --------------------------------------------------------

--
-- Structure de la table `fortune_assets`
--

CREATE TABLE `fortune_assets` (
  `id` bigint UNSIGNED NOT NULL,
  `created_at` timestamp NULL DEFAULT NULL,
  `updated_at` timestamp NULL DEFAULT NULL
) ENGINE=InnoDB DEFAULT CHARSET=utf8mb4 COLLATE=utf8mb4_unicode_ci;

-- --------------------------------------------------------

--
-- Structure de la table `fortune_attributables`
--

CREATE TABLE `fortune_attributables` (
  `id` bigint UNSIGNED NOT NULL,
  `attributable_type` varchar(255) CHARACTER SET utf8mb4 COLLATE utf8mb4_unicode_ci NOT NULL,
  `attributable_id` bigint UNSIGNED NOT NULL,
  `attribute_id` bigint UNSIGNED NOT NULL,
  `created_at` timestamp NULL DEFAULT NULL,
  `updated_at` timestamp NULL DEFAULT NULL
) ENGINE=InnoDB DEFAULT CHARSET=utf8mb4 COLLATE=utf8mb4_unicode_ci;

--
-- Déchargement des données de la table `fortune_attributables`
--

INSERT INTO `fortune_attributables` (`id`, `attributable_type`, `attributable_id`, `attribute_id`, `created_at`, `updated_at`) VALUES
(1, 'Lunar\\Models\\ProductType', 1, 3, '2023-07-31 12:03:14', '2023-07-31 12:03:14'),
(2, 'Lunar\\Models\\ProductType', 1, 1, '2023-07-31 12:03:14', '2023-07-31 12:03:14'),
(3, 'Lunar\\Models\\ProductType', 2, 1, '2023-07-31 13:49:11', '2023-07-31 13:49:11'),
(4, 'Lunar\\Models\\ProductType', 2, 5, '2023-07-31 13:49:11', '2023-07-31 13:49:11'),
(5, 'Lunar\\Models\\ProductType', 2, 3, '2023-07-31 13:49:11', '2023-07-31 13:49:11'),
(6, 'Lunar\\Models\\ProductType', 2, 6, '2023-07-31 13:50:37', '2023-07-31 13:50:37'),
(7, 'Lunar\\Models\\ProductType', 3, 1, '2023-08-02 16:35:35', '2023-08-02 16:35:35'),
(8, 'Lunar\\Models\\ProductType', 3, 5, '2023-08-02 16:35:35', '2023-08-02 16:35:35'),
(9, 'Lunar\\Models\\ProductType', 3, 3, '2023-08-02 16:35:35', '2023-08-02 16:35:35'),
(10, 'Lunar\\Models\\ProductType', 3, 6, '2023-08-02 16:35:35', '2023-08-02 16:35:35'),
(11, 'Lunar\\Models\\ProductType', 4, 1, '2023-08-02 16:36:02', '2023-08-02 16:36:02'),
(12, 'Lunar\\Models\\ProductType', 4, 5, '2023-08-02 16:36:02', '2023-08-02 16:36:02'),
(13, 'Lunar\\Models\\ProductType', 4, 3, '2023-08-02 16:36:02', '2023-08-02 16:36:02'),
(14, 'Lunar\\Models\\ProductType', 4, 6, '2023-08-02 16:36:02', '2023-08-02 16:36:02'),
(15, 'Lunar\\Models\\ProductType', 5, 1, '2023-08-02 16:36:12', '2023-08-02 16:36:12'),
(16, 'Lunar\\Models\\ProductType', 5, 5, '2023-08-02 16:36:12', '2023-08-02 16:36:12'),
(17, 'Lunar\\Models\\ProductType', 5, 3, '2023-08-02 16:36:12', '2023-08-02 16:36:12'),
(18, 'Lunar\\Models\\ProductType', 5, 6, '2023-08-02 16:36:12', '2023-08-02 16:36:12'),
(19, 'Lunar\\Models\\ProductType', 6, 1, '2023-08-02 18:05:08', '2023-08-02 18:05:08'),
(20, 'Lunar\\Models\\ProductType', 6, 5, '2023-08-02 18:05:08', '2023-08-02 18:05:08'),
(21, 'Lunar\\Models\\ProductType', 6, 3, '2023-08-02 18:05:08', '2023-08-02 18:05:08'),
(22, 'Lunar\\Models\\ProductType', 6, 6, '2023-08-02 18:05:08', '2023-08-02 18:05:08'),
(23, 'Lunar\\Models\\ProductType', 7, 1, '2023-08-16 17:07:54', '2023-08-16 17:07:54'),
(24, 'Lunar\\Models\\ProductType', 8, 1, '2023-09-04 13:18:47', '2023-09-04 13:18:47'),
(25, 'Lunar\\Models\\ProductType', 8, 3, '2023-09-04 13:18:47', '2023-09-04 13:18:47'),
(26, 'Lunar\\Models\\ProductType', 9, 1, '2023-09-04 13:19:22', '2023-09-04 13:19:22'),
(27, 'Lunar\\Models\\ProductType', 9, 3, '2023-09-04 13:19:22', '2023-09-04 13:19:22'),
(28, 'Lunar\\Models\\ProductType', 10, 1, '2023-09-04 13:19:35', '2023-09-04 13:19:35'),
(29, 'Lunar\\Models\\ProductType', 10, 3, '2023-09-04 13:19:35', '2023-09-04 13:19:35'),
(30, 'Lunar\\Models\\ProductType', 11, 1, '2023-09-04 13:19:53', '2023-09-04 13:19:53'),
(31, 'Lunar\\Models\\ProductType', 11, 3, '2023-09-04 13:19:53', '2023-09-04 13:19:53'),
(32, 'Lunar\\Models\\ProductType', 12, 1, '2023-09-04 13:20:13', '2023-09-04 13:20:13'),
(33, 'Lunar\\Models\\ProductType', 12, 3, '2023-09-04 13:20:21', '2023-09-04 13:20:21'),
(34, 'Lunar\\Models\\ProductType', 13, 1, '2023-09-04 13:20:36', '2023-09-04 13:20:36'),
(35, 'Lunar\\Models\\ProductType', 13, 3, '2023-09-04 13:20:36', '2023-09-04 13:20:36');

-- --------------------------------------------------------

--
-- Structure de la table `fortune_attributes`
--

CREATE TABLE `fortune_attributes` (
  `id` bigint UNSIGNED NOT NULL,
  `attribute_type` varchar(255) CHARACTER SET utf8mb4 COLLATE utf8mb4_unicode_ci NOT NULL,
  `attribute_group_id` bigint UNSIGNED NOT NULL,
  `position` int NOT NULL,
  `name` json NOT NULL,
  `handle` varchar(255) CHARACTER SET utf8mb4 COLLATE utf8mb4_unicode_ci NOT NULL,
  `section` varchar(255) CHARACTER SET utf8mb4 COLLATE utf8mb4_unicode_ci NOT NULL,
  `type` varchar(255) CHARACTER SET utf8mb4 COLLATE utf8mb4_unicode_ci NOT NULL,
  `required` tinyint(1) NOT NULL,
  `default_value` varchar(255) CHARACTER SET utf8mb4 COLLATE utf8mb4_unicode_ci DEFAULT NULL,
  `configuration` json NOT NULL,
  `system` tinyint(1) NOT NULL,
  `validation_rules` varchar(255) CHARACTER SET utf8mb4 COLLATE utf8mb4_unicode_ci DEFAULT NULL,
  `filterable` tinyint(1) NOT NULL DEFAULT '0',
  `searchable` tinyint(1) NOT NULL DEFAULT '1',
  `created_at` timestamp NULL DEFAULT NULL,
  `updated_at` timestamp NULL DEFAULT NULL
) ENGINE=InnoDB DEFAULT CHARSET=utf8mb4 COLLATE=utf8mb4_unicode_ci;

--
-- Déchargement des données de la table `fortune_attributes`
--

INSERT INTO `fortune_attributes` (`id`, `attribute_type`, `attribute_group_id`, `position`, `name`, `handle`, `section`, `type`, `required`, `default_value`, `configuration`, `system`, `validation_rules`, `filterable`, `searchable`, `created_at`, `updated_at`) VALUES
(1, 'Lunar\\Models\\Product', 1, 1, '{\"en\": \"Name\"}', 'name', 'main', 'Lunar\\FieldTypes\\TranslatedText', 1, NULL, '{\"richtext\": false}', 1, NULL, 0, 1, '2023-07-31 12:03:14', '2023-07-31 12:03:14'),
(2, 'Lunar\\Models\\Collection', 2, 1, '{\"en\": \"Name\"}', 'name', 'main', 'Lunar\\FieldTypes\\TranslatedText', 1, NULL, '{\"richtext\": false}', 1, NULL, 0, 1, '2023-07-31 12:03:14', '2023-07-31 12:03:14'),
(3, 'Lunar\\Models\\Product', 1, 2, '{\"en\": \"Description\"}', 'description', 'main', 'Lunar\\FieldTypes\\TranslatedText', 0, NULL, '{\"richtext\": true}', 0, NULL, 0, 1, '2023-07-31 12:03:14', '2023-07-31 12:03:14'),
(4, 'Lunar\\Models\\Collection', 2, 2, '{\"en\": \"Description\"}', 'description', 'main', 'Lunar\\FieldTypes\\TranslatedText', 0, NULL, '{\"richtext\": true}', 0, NULL, 0, 1, '2023-07-31 12:03:14', '2023-07-31 12:03:14'),
(5, 'Lunar\\Models\\Product', 1, 3, '{\"en\": \"composition\"}', 'composition', 'main', 'Lunar\\FieldTypes\\TranslatedText', 1, NULL, '{\"options\": null, \"richtext\": true}', 0, NULL, 0, 1, '2023-07-31 13:48:18', '2023-07-31 13:48:18'),
(6, 'Lunar\\Models\\Product', 1, 4, '{\"en\": \"other_details\"}', 'other_details', 'main', 'Lunar\\FieldTypes\\TranslatedText', 1, NULL, '{\"options\": null, \"richtext\": true}', 0, '', 0, 1, '2023-07-31 13:50:13', '2023-07-31 13:50:13');

-- --------------------------------------------------------

--
-- Structure de la table `fortune_attribute_groups`
--

CREATE TABLE `fortune_attribute_groups` (
  `id` bigint UNSIGNED NOT NULL,
  `attributable_type` varchar(255) CHARACTER SET utf8mb4 COLLATE utf8mb4_unicode_ci NOT NULL,
  `name` json NOT NULL,
  `handle` varchar(255) CHARACTER SET utf8mb4 COLLATE utf8mb4_unicode_ci NOT NULL,
  `position` int NOT NULL,
  `created_at` timestamp NULL DEFAULT NULL,
  `updated_at` timestamp NULL DEFAULT NULL
) ENGINE=InnoDB DEFAULT CHARSET=utf8mb4 COLLATE=utf8mb4_unicode_ci;

--
-- Déchargement des données de la table `fortune_attribute_groups`
--

INSERT INTO `fortune_attribute_groups` (`id`, `attributable_type`, `name`, `handle`, `position`, `created_at`, `updated_at`) VALUES
(1, 'Lunar\\Models\\Product', '{\"en\": \"Details\"}', 'details', 1, '2023-07-31 12:03:14', '2023-07-31 12:03:14'),
(2, 'Lunar\\Models\\Collection', '{\"en\": \"Details\"}', 'collection_details', 1, '2023-07-31 12:03:14', '2023-07-31 12:03:14');

-- --------------------------------------------------------

--
-- Structure de la table `fortune_brands`
--

CREATE TABLE `fortune_brands` (
  `id` bigint UNSIGNED NOT NULL,
  `name` varchar(255) CHARACTER SET utf8mb4 COLLATE utf8mb4_unicode_ci NOT NULL,
  `created_at` timestamp NULL DEFAULT NULL,
  `updated_at` timestamp NULL DEFAULT NULL
) ENGINE=InnoDB DEFAULT CHARSET=utf8mb4 COLLATE=utf8mb4_unicode_ci;

--
-- Déchargement des données de la table `fortune_brands`
--

INSERT INTO `fortune_brands` (`id`, `name`, `created_at`, `updated_at`) VALUES
(1, 'bio-world', '2023-08-01 20:30:13', '2023-08-01 20:30:13'),
(2, 'AGRO-ALIMENTAIRE', '2023-08-16 17:01:07', '2023-08-16 17:01:07');

-- --------------------------------------------------------

--
-- Structure de la table `fortune_brand_discount`
--

CREATE TABLE `fortune_brand_discount` (
  `id` bigint UNSIGNED NOT NULL,
  `brand_id` bigint UNSIGNED NOT NULL,
  `discount_id` bigint UNSIGNED NOT NULL,
  `created_at` timestamp NULL DEFAULT NULL,
  `updated_at` timestamp NULL DEFAULT NULL
) ENGINE=InnoDB DEFAULT CHARSET=utf8mb4 COLLATE=utf8mb4_unicode_ci;

-- --------------------------------------------------------

--
-- Structure de la table `fortune_carts`
--

CREATE TABLE `fortune_carts` (
  `id` bigint UNSIGNED NOT NULL,
  `user_id` bigint UNSIGNED DEFAULT NULL,
  `customer_id` bigint UNSIGNED DEFAULT NULL,
  `merged_id` bigint UNSIGNED DEFAULT NULL,
  `currency_id` bigint UNSIGNED NOT NULL,
  `channel_id` bigint UNSIGNED NOT NULL,
  `order_id` bigint UNSIGNED DEFAULT NULL,
  `coupon_code` varchar(255) CHARACTER SET utf8mb4 COLLATE utf8mb4_unicode_ci DEFAULT NULL,
  `completed_at` datetime DEFAULT NULL,
  `meta` json DEFAULT NULL,
  `created_at` timestamp NULL DEFAULT NULL,
  `updated_at` timestamp NULL DEFAULT NULL
) ENGINE=InnoDB DEFAULT CHARSET=utf8mb4 COLLATE=utf8mb4_unicode_ci;

--
-- Déchargement des données de la table `fortune_carts`
--

INSERT INTO `fortune_carts` (`id`, `user_id`, `customer_id`, `merged_id`, `currency_id`, `channel_id`, `order_id`, `coupon_code`, `completed_at`, `meta`, `created_at`, `updated_at`) VALUES
(1, NULL, NULL, NULL, 1, 1, NULL, NULL, NULL, NULL, '2023-08-14 19:55:24', '2023-08-14 19:55:24'),
(2, NULL, NULL, NULL, 1, 1, NULL, NULL, NULL, NULL, '2023-08-15 19:01:18', '2023-08-15 19:01:18'),
(3, NULL, NULL, NULL, 1, 1, NULL, NULL, NULL, NULL, '2023-08-22 20:15:42', '2023-08-22 20:15:42'),
(4, 20, NULL, NULL, 1, 1, NULL, NULL, NULL, NULL, '2023-08-23 16:34:55', '2023-08-23 16:34:55'),
(5, 23, NULL, NULL, 1, 1, NULL, NULL, NULL, NULL, '2023-08-24 10:19:02', '2023-08-24 10:19:02'),
(6, 19, NULL, NULL, 1, 1, NULL, NULL, NULL, NULL, '2023-08-24 11:32:38', '2023-08-24 11:32:38'),
(7, 10, NULL, NULL, 1, 1, NULL, NULL, NULL, NULL, '2023-08-25 07:13:24', '2023-08-25 07:13:24'),
(8, NULL, NULL, NULL, 1, 1, NULL, NULL, NULL, NULL, '2023-08-25 07:15:09', '2023-08-25 07:15:09'),
(9, 17, NULL, NULL, 1, 1, NULL, NULL, NULL, NULL, '2023-08-25 15:52:41', '2023-08-25 15:52:41'),
(10, 31, NULL, NULL, 1, 1, NULL, NULL, NULL, NULL, '2023-09-09 06:15:09', '2023-09-09 06:15:09'),
(11, 34, NULL, NULL, 1, 1, NULL, NULL, NULL, NULL, '2023-09-13 22:58:14', '2023-09-13 22:58:14'),
(12, 17, NULL, NULL, 1, 1, NULL, NULL, NULL, NULL, '2023-09-23 19:25:58', '2023-09-23 19:25:58'),
(13, 17, NULL, 9, 1, 1, NULL, NULL, NULL, NULL, '2023-09-25 10:00:58', '2023-09-25 10:50:16'),
(14, 17, NULL, 9, 1, 1, NULL, NULL, NULL, NULL, '2023-09-25 10:01:12', '2023-09-25 10:46:40'),
(15, NULL, NULL, NULL, 1, 1, NULL, NULL, NULL, NULL, '2023-09-25 12:53:19', '2023-09-25 12:53:19'),
(16, NULL, NULL, NULL, 1, 1, NULL, NULL, NULL, NULL, '2023-09-26 15:49:31', '2023-09-26 15:49:31'),
(17, NULL, NULL, NULL, 1, 1, NULL, NULL, NULL, NULL, '2023-09-28 07:12:54', '2023-09-28 07:12:54'),
(18, NULL, NULL, NULL, 1, 1, NULL, NULL, NULL, NULL, '2023-10-05 12:11:41', '2023-10-05 12:11:41'),
(19, NULL, NULL, NULL, 1, 1, NULL, NULL, NULL, NULL, '2023-10-05 17:35:11', '2023-10-05 17:35:11'),
(20, NULL, NULL, NULL, 1, 1, NULL, NULL, NULL, NULL, '2023-10-05 17:36:23', '2023-10-05 17:36:23');

-- --------------------------------------------------------

--
-- Structure de la table `fortune_cart_addresses`
--

CREATE TABLE `fortune_cart_addresses` (
  `id` bigint UNSIGNED NOT NULL,
  `cart_id` bigint UNSIGNED NOT NULL,
  `country_id` bigint UNSIGNED DEFAULT NULL,
  `title` varchar(255) CHARACTER SET utf8mb4 COLLATE utf8mb4_unicode_ci DEFAULT NULL,
  `first_name` varchar(255) CHARACTER SET utf8mb4 COLLATE utf8mb4_unicode_ci DEFAULT NULL,
  `last_name` varchar(255) CHARACTER SET utf8mb4 COLLATE utf8mb4_unicode_ci DEFAULT NULL,
  `company_name` varchar(255) CHARACTER SET utf8mb4 COLLATE utf8mb4_unicode_ci DEFAULT NULL,
  `line_one` varchar(255) CHARACTER SET utf8mb4 COLLATE utf8mb4_unicode_ci DEFAULT NULL,
  `line_two` varchar(255) CHARACTER SET utf8mb4 COLLATE utf8mb4_unicode_ci DEFAULT NULL,
  `line_three` varchar(255) CHARACTER SET utf8mb4 COLLATE utf8mb4_unicode_ci DEFAULT NULL,
  `city` varchar(255) CHARACTER SET utf8mb4 COLLATE utf8mb4_unicode_ci DEFAULT NULL,
  `state` varchar(255) CHARACTER SET utf8mb4 COLLATE utf8mb4_unicode_ci DEFAULT NULL,
  `postcode` varchar(255) CHARACTER SET utf8mb4 COLLATE utf8mb4_unicode_ci DEFAULT NULL,
  `delivery_instructions` varchar(255) CHARACTER SET utf8mb4 COLLATE utf8mb4_unicode_ci DEFAULT NULL,
  `contact_email` varchar(255) CHARACTER SET utf8mb4 COLLATE utf8mb4_unicode_ci DEFAULT NULL,
  `contact_phone` varchar(255) CHARACTER SET utf8mb4 COLLATE utf8mb4_unicode_ci DEFAULT NULL,
  `type` varchar(255) CHARACTER SET utf8mb4 COLLATE utf8mb4_unicode_ci NOT NULL DEFAULT 'shipping',
  `shipping_option` varchar(255) CHARACTER SET utf8mb4 COLLATE utf8mb4_unicode_ci DEFAULT NULL,
  `meta` json DEFAULT NULL,
  `created_at` timestamp NULL DEFAULT NULL,
  `updated_at` timestamp NULL DEFAULT NULL
) ENGINE=InnoDB DEFAULT CHARSET=utf8mb4 COLLATE=utf8mb4_unicode_ci;

--
-- Déchargement des données de la table `fortune_cart_addresses`
--

INSERT INTO `fortune_cart_addresses` (`id`, `cart_id`, `country_id`, `title`, `first_name`, `last_name`, `company_name`, `line_one`, `line_two`, `line_three`, `city`, `state`, `postcode`, `delivery_instructions`, `contact_email`, `contact_phone`, `type`, `shipping_option`, `meta`, `created_at`, `updated_at`) VALUES
(1, 7, 24, NULL, 'Louis', 'BOFFAN', NULL, 'Abomey-Calavi', NULL, NULL, 'Abomey-Calavi', NULL, '0', NULL, NULL, NULL, 'shipping', 'LIVRA', NULL, '2023-08-25 07:14:22', '2023-08-25 07:14:22'),
(2, 7, 24, NULL, 'Louis', 'BOFFAN', NULL, 'Abomey-Calavi', NULL, NULL, 'Abomey-Calavi', NULL, '0', NULL, NULL, NULL, 'billing', NULL, NULL, '2023-08-25 07:14:22', '2023-08-25 07:14:22'),
(3, 8, 24, NULL, 'claude', 'claude', NULL, 'calavi arconville', NULL, NULL, 'calavi', NULL, '0', NULL, NULL, NULL, 'shipping', 'LIVDOM', NULL, '2023-08-25 07:18:24', '2023-08-25 07:18:24'),
(4, 8, 24, NULL, 'claude', 'claude', NULL, 'calavi arconville', NULL, NULL, 'calavi', NULL, '0', NULL, NULL, NULL, 'billing', NULL, NULL, '2023-08-25 07:18:24', '2023-08-25 07:18:24'),
(7, 4, 24, NULL, 'Mohamed Aminou', 'AKOGO', NULL, 'Mon agence Cotonou', NULL, NULL, 'Cotonou', NULL, '0', NULL, NULL, NULL, 'shipping', 'LIVRA', 'null', '2023-08-31 20:34:46', '2023-08-31 20:34:47'),
(8, 4, 24, NULL, 'Mohamed Aminou', 'AKOGO', NULL, 'Mon agence Cotonou', NULL, NULL, 'Cotonou', NULL, '0', NULL, NULL, NULL, 'billing', NULL, 'null', '2023-08-31 20:34:46', '2023-08-31 20:34:46'),
(11, 10, 24, NULL, 'Louis', 'BOFFAN', NULL, 'Abomey-Calavi', NULL, NULL, 'Abomey-Calavi', NULL, '0', NULL, NULL, NULL, 'shipping', 'LIVRA', 'null', '2023-09-09 06:16:04', '2023-09-09 06:16:04'),
(12, 10, 24, NULL, 'Louis', 'BOFFAN', NULL, 'Abomey-Calavi', NULL, NULL, 'Abomey-Calavi', NULL, '0', NULL, NULL, NULL, 'billing', NULL, 'null', '2023-09-09 06:16:04', '2023-09-09 06:16:04'),
(15, 12, 24, NULL, 'MEVI  claude', 'AMOUSSOU', NULL, 'Abomey-Calavi', NULL, NULL, 'Abomey-Calavi', NULL, '0', NULL, NULL, NULL, 'shipping', 'LIVRA', 'null', '2023-09-23 19:29:09', '2023-09-23 19:29:09'),
(16, 12, 24, NULL, 'MEVI  claude', 'AMOUSSOU', NULL, 'Abomey-Calavi', NULL, NULL, 'Abomey-Calavi', NULL, '0', NULL, NULL, NULL, 'billing', NULL, 'null', '2023-09-23 19:29:09', '2023-09-23 19:29:09'),
(17, 9, 24, NULL, 'MEVI  claude', 'AMOUSSOU', NULL, 'Abomey-Calavi', NULL, NULL, 'Abomey-Calavi', NULL, '0', NULL, NULL, NULL, 'shipping', 'LIVDOM', 'null', '2023-09-25 10:47:22', '2023-09-25 10:47:22'),
(18, 9, 24, NULL, 'MEVI  claude', 'AMOUSSOU', NULL, 'Abomey-Calavi', NULL, NULL, 'Abomey-Calavi', NULL, '0', NULL, NULL, NULL, 'billing', NULL, 'null', '2023-09-25 10:47:22', '2023-09-25 10:47:22'),
(21, 11, 223, NULL, 'warra', 'BATASCOME', NULL, 'Lomé', NULL, NULL, 'Togo', NULL, '0', NULL, NULL, NULL, 'shipping', 'LIVRA', 'null', '2023-10-03 14:35:03', '2023-10-03 14:35:03'),
(22, 11, 223, NULL, 'warra', 'BATASCOME', NULL, 'Lomé', NULL, NULL, 'Togo', NULL, '0', NULL, NULL, NULL, 'billing', NULL, 'null', '2023-10-03 14:35:03', '2023-10-03 14:35:03'),
(23, 19, 24, NULL, 'Prudencia', 'LOKO', NULL, 'Godomey97081012', NULL, NULL, 'Cotonou', NULL, '0', NULL, NULL, NULL, 'shipping', 'LIVDOM', 'null', '2023-10-05 17:35:33', '2023-10-05 17:35:33'),
(24, 19, 24, NULL, 'Prudencia', 'LOKO', NULL, 'Godomey97081012', NULL, NULL, 'Cotonou', NULL, '0', NULL, NULL, NULL, 'billing', NULL, 'null', '2023-10-05 17:35:33', '2023-10-05 17:35:33');

-- --------------------------------------------------------

--
-- Structure de la table `fortune_cart_lines`
--

CREATE TABLE `fortune_cart_lines` (
  `id` bigint UNSIGNED NOT NULL,
  `cart_id` bigint UNSIGNED NOT NULL,
  `purchasable_type` varchar(255) CHARACTER SET utf8mb4 COLLATE utf8mb4_unicode_ci NOT NULL,
  `purchasable_id` bigint UNSIGNED NOT NULL,
  `quantity` int UNSIGNED NOT NULL,
  `meta` json DEFAULT NULL,
  `created_at` timestamp NULL DEFAULT NULL,
  `updated_at` timestamp NULL DEFAULT NULL
) ENGINE=InnoDB DEFAULT CHARSET=utf8mb4 COLLATE=utf8mb4_unicode_ci;

--
-- Déchargement des données de la table `fortune_cart_lines`
--

INSERT INTO `fortune_cart_lines` (`id`, `cart_id`, `purchasable_type`, `purchasable_id`, `quantity`, `meta`, `created_at`, `updated_at`) VALUES
(1, 1, 'Lunar\\Models\\ProductVariant', 1, 4, '[]', '2023-08-14 19:55:24', '2023-08-14 19:55:33'),
(2, 2, 'Lunar\\Models\\ProductVariant', 3, 34, '[]', '2023-08-15 19:01:18', '2023-08-15 19:02:09'),
(3, 3, 'Lunar\\Models\\ProductVariant', 12, 1, '[]', '2023-08-22 20:15:42', '2023-08-22 20:15:42'),
(30, 5, 'Lunar\\Models\\ProductVariant', 2, 8, '[]', '2023-08-24 10:39:42', '2023-08-24 10:39:42'),
(31, 5, 'Lunar\\Models\\ProductVariant', 12, 2, '[]', '2023-08-24 10:39:52', '2023-08-24 10:55:32'),
(32, 5, 'Lunar\\Models\\ProductVariant', 1, 2, '[]', '2023-08-24 10:40:13', '2023-08-24 10:55:21'),
(33, 6, 'Lunar\\Models\\ProductVariant', 3, 1, '[]', '2023-08-24 11:32:38', '2023-08-25 15:15:24'),
(34, 6, 'Lunar\\Models\\ProductVariant', 5, 1, '[]', '2023-08-24 11:32:52', '2023-08-25 15:15:24'),
(37, 8, 'Lunar\\Models\\ProductVariant', 13, 1, '[]', '2023-08-25 07:15:09', '2023-08-25 07:15:09'),
(38, 6, 'Lunar\\Models\\ProductVariant', 13, 1, '[]', '2023-08-25 15:18:11', '2023-08-25 15:18:11'),
(42, 4, 'Lunar\\Models\\ProductVariant', 13, 1, '[]', '2023-08-31 20:33:11', '2023-08-31 20:33:29'),
(44, 10, 'Lunar\\Models\\ProductVariant', 1, 1, '[]', '2023-09-09 06:15:09', '2023-09-09 06:15:46'),
(45, 10, 'Lunar\\Models\\ProductVariant', 2, 1, '[]', '2023-09-09 06:15:11', '2023-09-09 06:15:46'),
(46, 10, 'Lunar\\Models\\ProductVariant', 3, 1, '[]', '2023-09-09 06:15:14', '2023-09-09 06:15:46'),
(47, 10, 'Lunar\\Models\\ProductVariant', 4, 5, '[]', '2023-09-09 06:15:14', '2023-09-09 06:15:46'),
(48, 10, 'Lunar\\Models\\ProductVariant', 5, 6, '[]', '2023-09-09 06:15:16', '2023-09-09 06:15:46'),
(49, 10, 'Lunar\\Models\\ProductVariant', 6, 9, '[]', '2023-09-09 06:15:17', '2023-09-09 06:15:46'),
(54, 12, 'Lunar\\Models\\ProductVariant', 3, 3, '[]', '2023-09-23 19:28:18', '2023-09-23 19:28:21'),
(55, 13, 'Lunar\\Models\\ProductVariant', 2, 2, '[]', '2023-09-25 10:00:58', '2023-09-25 10:01:00'),
(56, 14, 'Lunar\\Models\\ProductVariant', 2, 1, '[]', '2023-09-25 10:01:12', '2023-09-25 10:01:12'),
(57, 14, 'Lunar\\Models\\ProductVariant', 1, 1, '[]', '2023-09-25 10:01:44', '2023-09-25 10:01:44'),
(60, 15, 'Lunar\\Models\\ProductVariant', 1, 1, '[]', '2023-09-25 12:53:19', '2023-09-25 12:53:19'),
(61, 16, 'Lunar\\Models\\ProductVariant', 5, 4, '[]', '2023-09-26 15:49:31', '2023-09-26 15:49:35'),
(66, 4, 'Lunar\\Models\\ProductVariant', 1, 1, '[]', '2023-10-02 20:18:01', '2023-10-02 20:18:01'),
(74, 11, 'Lunar\\Models\\ProductVariant', 5, 1, '[]', '2023-10-03 14:29:50', '2023-10-03 14:34:06'),
(75, 11, 'Lunar\\Models\\ProductVariant', 1, 1, '[]', '2023-10-03 14:32:46', '2023-10-03 14:34:06'),
(76, 11, 'Lunar\\Models\\ProductVariant', 11, 1, '[]', '2023-10-03 14:34:02', '2023-10-03 14:34:06'),
(78, 19, 'Lunar\\Models\\ProductVariant', 1, 1, '[]', '2023-10-05 17:35:11', '2023-10-05 17:35:11');

-- --------------------------------------------------------

--
-- Structure de la table `fortune_cart_line_discount`
--

CREATE TABLE `fortune_cart_line_discount` (
  `id` bigint UNSIGNED NOT NULL,
  `cart_line_id` bigint UNSIGNED NOT NULL,
  `discount_id` bigint UNSIGNED NOT NULL,
  `created_at` timestamp NULL DEFAULT NULL,
  `updated_at` timestamp NULL DEFAULT NULL
) ENGINE=InnoDB DEFAULT CHARSET=utf8mb4 COLLATE=utf8mb4_unicode_ci;

-- --------------------------------------------------------

--
-- Structure de la table `fortune_channelables`
--

CREATE TABLE `fortune_channelables` (
  `id` bigint UNSIGNED NOT NULL,
  `channel_id` bigint UNSIGNED NOT NULL,
  `channelable_type` varchar(255) CHARACTER SET utf8mb4 COLLATE utf8mb4_unicode_ci NOT NULL,
  `channelable_id` bigint UNSIGNED NOT NULL,
  `enabled` tinyint(1) NOT NULL DEFAULT '0',
  `starts_at` datetime DEFAULT NULL,
  `ends_at` datetime DEFAULT NULL,
  `created_at` timestamp NULL DEFAULT NULL,
  `updated_at` timestamp NULL DEFAULT NULL
) ENGINE=InnoDB DEFAULT CHARSET=utf8mb4 COLLATE=utf8mb4_unicode_ci;

--
-- Déchargement des données de la table `fortune_channelables`
--

INSERT INTO `fortune_channelables` (`id`, `channel_id`, `channelable_type`, `channelable_id`, `enabled`, `starts_at`, `ends_at`, `created_at`, `updated_at`) VALUES
(1, 1, 'Lunar\\Models\\Product', 1, 0, NULL, NULL, '2023-08-01 20:30:13', '2023-08-01 21:05:05'),
(2, 1, 'Lunar\\Models\\Collection', 1, 0, NULL, NULL, '2023-08-01 20:30:44', '2023-08-01 20:30:44'),
(3, 1, 'Lunar\\Models\\Collection', 2, 0, NULL, NULL, '2023-08-01 20:30:53', '2023-08-01 20:30:53'),
(4, 1, 'Lunar\\Models\\Collection', 3, 0, NULL, NULL, '2023-08-02 16:45:21', '2023-08-02 16:45:21'),
(5, 1, 'Lunar\\Models\\Collection', 4, 0, NULL, NULL, '2023-08-02 16:45:35', '2023-08-02 16:45:35'),
(6, 1, 'Lunar\\Models\\Collection', 5, 0, NULL, NULL, '2023-08-02 16:45:51', '2023-08-02 16:45:51'),
(7, 1, 'Lunar\\Models\\Collection', 6, 0, NULL, NULL, '2023-08-02 16:46:07', '2023-08-02 16:46:07'),
(8, 1, 'Lunar\\Models\\Collection', 7, 0, NULL, NULL, '2023-08-02 16:46:15', '2023-08-02 16:46:15'),
(9, 1, 'Lunar\\Models\\Collection', 8, 0, NULL, NULL, '2023-08-02 16:46:24', '2023-08-02 16:46:24'),
(10, 1, 'Lunar\\Models\\Collection', 9, 0, NULL, NULL, '2023-08-02 16:46:36', '2023-08-02 16:46:36'),
(11, 1, 'Lunar\\Models\\Product', 2, 0, NULL, NULL, '2023-08-02 16:52:40', '2023-08-02 17:00:23'),
(12, 1, 'Lunar\\Models\\Product', 3, 0, NULL, NULL, '2023-08-02 16:59:57', '2023-08-02 16:59:58'),
(13, 1, 'Lunar\\Models\\Product', 4, 0, NULL, NULL, '2023-08-02 17:07:28', '2023-08-02 17:07:40'),
(14, 1, 'Lunar\\Models\\Product', 5, 0, NULL, NULL, '2023-08-02 17:14:13', '2023-08-02 17:14:14'),
(15, 1, 'Lunar\\Models\\Product', 6, 0, NULL, NULL, '2023-08-02 17:24:49', '2023-08-02 17:25:29'),
(16, 1, 'Lunar\\Models\\Product', 7, 0, NULL, NULL, '2023-08-02 17:30:16', '2023-08-02 17:30:54'),
(17, 1, 'Lunar\\Models\\Product', 8, 0, NULL, NULL, '2023-08-02 17:34:02', '2023-08-02 17:34:37'),
(18, 1, 'Lunar\\Models\\Product', 9, 0, NULL, NULL, '2023-08-02 17:41:00', '2023-08-02 17:41:01'),
(19, 1, 'Lunar\\Models\\Product', 10, 0, NULL, NULL, '2023-08-02 17:48:40', '2023-08-02 17:49:20'),
(20, 1, 'Lunar\\Models\\Product', 11, 0, NULL, NULL, '2023-08-02 17:54:13', '2023-08-02 17:54:14'),
(21, 1, 'Lunar\\Models\\Product', 12, 0, NULL, NULL, '2023-08-02 17:57:20', '2023-08-02 18:03:41'),
(22, 1, 'Lunar\\Models\\Product', 13, 0, NULL, NULL, '2023-08-02 18:03:19', '2023-08-02 18:03:20'),
(23, 1, 'Lunar\\Models\\Product', 14, 0, NULL, NULL, '2023-08-02 18:10:11', '2023-08-02 18:11:43');

-- --------------------------------------------------------

--
-- Structure de la table `fortune_channels`
--

CREATE TABLE `fortune_channels` (
  `id` bigint UNSIGNED NOT NULL,
  `name` varchar(255) CHARACTER SET utf8mb4 COLLATE utf8mb4_unicode_ci NOT NULL,
  `handle` varchar(255) CHARACTER SET utf8mb4 COLLATE utf8mb4_unicode_ci NOT NULL,
  `default` tinyint(1) NOT NULL DEFAULT '0',
  `url` varchar(255) CHARACTER SET utf8mb4 COLLATE utf8mb4_unicode_ci DEFAULT NULL,
  `created_at` timestamp NULL DEFAULT NULL,
  `updated_at` timestamp NULL DEFAULT NULL,
  `deleted_at` timestamp NULL DEFAULT NULL
) ENGINE=InnoDB DEFAULT CHARSET=utf8mb4 COLLATE=utf8mb4_unicode_ci;

--
-- Déchargement des données de la table `fortune_channels`
--

INSERT INTO `fortune_channels` (`id`, `name`, `handle`, `default`, `url`, `created_at`, `updated_at`, `deleted_at`) VALUES
(1, 'Webstore', 'webstore', 1, 'https://f.bio-worldcorporation.com', '2023-07-31 12:03:14', '2023-07-31 12:03:14', NULL);

-- --------------------------------------------------------

--
-- Structure de la table `fortune_collections`
--

CREATE TABLE `fortune_collections` (
  `id` bigint UNSIGNED NOT NULL,
  `collection_group_id` bigint UNSIGNED NOT NULL,
  `_lft` int UNSIGNED NOT NULL DEFAULT '0',
  `_rgt` int UNSIGNED NOT NULL DEFAULT '0',
  `parent_id` int UNSIGNED DEFAULT NULL,
  `type` varchar(255) CHARACTER SET utf8mb4 COLLATE utf8mb4_unicode_ci NOT NULL DEFAULT 'static',
  `attribute_data` json NOT NULL,
  `sort` varchar(255) CHARACTER SET utf8mb4 COLLATE utf8mb4_unicode_ci NOT NULL DEFAULT 'custom',
  `created_at` timestamp NULL DEFAULT NULL,
  `updated_at` timestamp NULL DEFAULT NULL,
  `deleted_at` timestamp NULL DEFAULT NULL
) ENGINE=InnoDB DEFAULT CHARSET=utf8mb4 COLLATE=utf8mb4_unicode_ci;

--
-- Déchargement des données de la table `fortune_collections`
--

INSERT INTO `fortune_collections` (`id`, `collection_group_id`, `_lft`, `_rgt`, `parent_id`, `type`, `attribute_data`, `sort`, `created_at`, `updated_at`, `deleted_at`) VALUES
(1, 1, 1, 2, NULL, 'static', '{\"name\": {\"value\": {\"en\": \"Système immunitaire\"}, \"field_type\": \"Lunar\\\\FieldTypes\\\\TranslatedText\"}}', 'custom', '2023-08-01 20:30:44', '2023-08-01 20:30:44', NULL),
(2, 1, 3, 4, NULL, 'static', '{\"name\": {\"value\": {\"en\": \"Fibrôme\"}, \"field_type\": \"Lunar\\\\FieldTypes\\\\TranslatedText\"}}', 'custom', '2023-08-01 20:30:53', '2023-08-01 20:30:53', NULL),
(3, 1, 5, 6, NULL, 'static', '{\"name\": {\"value\": {\"en\": \"Selles dures\"}, \"field_type\": \"Lunar\\\\FieldTypes\\\\TranslatedText\"}}', 'custom', '2023-08-02 16:45:21', '2023-08-02 16:45:21', NULL),
(4, 1, 7, 8, NULL, 'static', '{\"name\": {\"value\": {\"en\": \"Douleur articulaire\"}, \"field_type\": \"Lunar\\\\FieldTypes\\\\TranslatedText\"}}', 'custom', '2023-08-02 16:45:35', '2023-08-02 16:45:35', NULL),
(5, 1, 9, 10, NULL, 'static', '{\"name\": {\"value\": {\"en\": \"Anti-âge\"}, \"field_type\": \"Lunar\\\\FieldTypes\\\\TranslatedText\"}}', 'custom', '2023-08-02 16:45:51', '2023-08-02 16:45:51', NULL),
(6, 1, 11, 12, NULL, 'static', '{\"name\": {\"value\": {\"en\": \"Faiblesse sexuelle\"}, \"field_type\": \"Lunar\\\\FieldTypes\\\\TranslatedText\"}}', 'custom', '2023-08-02 16:46:07', '2023-08-02 16:46:07', NULL),
(7, 1, 13, 14, NULL, 'static', '{\"name\": {\"value\": {\"en\": \"Infections\"}, \"field_type\": \"Lunar\\\\FieldTypes\\\\TranslatedText\"}}', 'custom', '2023-08-02 16:46:15', '2023-08-02 16:46:15', NULL),
(8, 1, 15, 16, NULL, 'static', '{\"name\": {\"value\": {\"en\": \"Amincissant\"}, \"field_type\": \"Lunar\\\\FieldTypes\\\\TranslatedText\"}}', 'custom', '2023-08-02 16:46:24', '2023-08-02 16:46:24', NULL),
(9, 1, 17, 18, NULL, 'static', '{\"name\": {\"value\": {\"en\": \"Prostate\"}, \"field_type\": \"Lunar\\\\FieldTypes\\\\TranslatedText\"}}', 'custom', '2023-08-02 16:46:36', '2023-08-02 16:46:36', NULL);

-- --------------------------------------------------------

--
-- Structure de la table `fortune_collection_customer_group`
--

CREATE TABLE `fortune_collection_customer_group` (
  `id` bigint UNSIGNED NOT NULL,
  `collection_id` bigint UNSIGNED NOT NULL,
  `customer_group_id` bigint UNSIGNED NOT NULL,
  `enabled` tinyint(1) NOT NULL DEFAULT '0',
  `starts_at` timestamp NULL DEFAULT NULL,
  `ends_at` timestamp NULL DEFAULT NULL,
  `visible` tinyint(1) NOT NULL DEFAULT '1',
  `created_at` timestamp NULL DEFAULT NULL,
  `updated_at` timestamp NULL DEFAULT NULL
) ENGINE=InnoDB DEFAULT CHARSET=utf8mb4 COLLATE=utf8mb4_unicode_ci;

-- --------------------------------------------------------

--
-- Structure de la table `fortune_collection_discount`
--

CREATE TABLE `fortune_collection_discount` (
  `id` bigint UNSIGNED NOT NULL,
  `discount_id` bigint UNSIGNED NOT NULL,
  `collection_id` bigint UNSIGNED NOT NULL,
  `created_at` timestamp NULL DEFAULT NULL,
  `updated_at` timestamp NULL DEFAULT NULL
) ENGINE=InnoDB DEFAULT CHARSET=utf8mb4 COLLATE=utf8mb4_unicode_ci;

-- --------------------------------------------------------

--
-- Structure de la table `fortune_collection_groups`
--

CREATE TABLE `fortune_collection_groups` (
  `id` bigint UNSIGNED NOT NULL,
  `name` varchar(255) CHARACTER SET utf8mb4 COLLATE utf8mb4_unicode_ci NOT NULL,
  `handle` varchar(255) CHARACTER SET utf8mb4 COLLATE utf8mb4_unicode_ci NOT NULL,
  `created_at` timestamp NULL DEFAULT NULL,
  `updated_at` timestamp NULL DEFAULT NULL
) ENGINE=InnoDB DEFAULT CHARSET=utf8mb4 COLLATE=utf8mb4_unicode_ci;

--
-- Déchargement des données de la table `fortune_collection_groups`
--

INSERT INTO `fortune_collection_groups` (`id`, `name`, `handle`, `created_at`, `updated_at`) VALUES
(1, 'Main', 'main', '2023-07-31 12:03:14', '2023-07-31 12:03:14');

-- --------------------------------------------------------

--
-- Structure de la table `fortune_collection_product`
--

CREATE TABLE `fortune_collection_product` (
  `id` bigint UNSIGNED NOT NULL,
  `collection_id` bigint UNSIGNED NOT NULL,
  `product_id` bigint UNSIGNED NOT NULL,
  `position` int NOT NULL DEFAULT '1',
  `created_at` timestamp NULL DEFAULT NULL,
  `updated_at` timestamp NULL DEFAULT NULL
) ENGINE=InnoDB DEFAULT CHARSET=utf8mb4 COLLATE=utf8mb4_unicode_ci;

--
-- Déchargement des données de la table `fortune_collection_product`
--

INSERT INTO `fortune_collection_product` (`id`, `collection_id`, `product_id`, `position`, `created_at`, `updated_at`) VALUES
(1, 1, 1, 1, '2023-08-01 20:35:10', '2023-08-01 20:35:10'),
(2, 2, 2, 1, '2023-08-02 16:52:42', '2023-08-02 16:52:42'),
(3, 1, 3, 1, '2023-08-02 16:59:58', '2023-08-02 16:59:58'),
(4, 3, 4, 1, '2023-08-02 17:07:29', '2023-08-02 17:07:29'),
(5, 1, 5, 1, '2023-08-02 17:14:14', '2023-08-02 17:14:14'),
(6, 1, 6, 1, '2023-08-02 17:24:49', '2023-08-02 17:24:49'),
(7, 5, 7, 1, '2023-08-02 17:30:16', '2023-08-02 17:30:16'),
(8, 1, 8, 1, '2023-08-02 17:34:02', '2023-08-02 17:34:02'),
(9, 2, 9, 1, '2023-08-02 17:41:01', '2023-08-02 17:41:01'),
(10, 6, 10, 1, '2023-08-02 17:48:40', '2023-08-02 17:48:40'),
(11, 7, 11, 1, '2023-08-02 17:54:14', '2023-08-02 17:54:14'),
(12, 8, 12, 1, '2023-08-02 17:57:21', '2023-08-02 17:57:21'),
(13, 1, 13, 1, '2023-08-02 18:03:20', '2023-08-02 18:03:20'),
(14, 1, 14, 1, '2023-08-02 18:10:11', '2023-08-02 18:10:11');

-- --------------------------------------------------------

--
-- Structure de la table `fortune_countries`
--

